502
CXUS53 KGRR 031330 RRA
CLSBTL
WRKCLSBTL 000
TTAA00 GRR 021842
CLIMATE REPORT
NATIONAL WEATHER SERVICE GRAND RAPIDS, MICHIGAN
121 PM EST WED DEC 02 2020
...................................
...THE BATTLE CREEK CLIMATE SUMMARY FOR THE SEASON, FROM
9/1/2020 TO 11/30/2020...
CLIMATE NORMAL PERIOD: 1981 TO 2010
CLIMATE RECORD PERIOD: 1895 TO 2020
WEATHER OBSERVED NORMAL DEPART LAST YEAR`S
VALUE DATE(S) VALUE FROM VALUE DATE(S)
NORMAL
................................................................
TEMPERATURE (F)
HIGHEST 84 09/03 MM MM 90 09/11
LOWEST 23 11/14 MM MM 8 11/13
11/17
11/18
AVG. MAXIMUM 61.6 60.8 0.8 59.2
AVG. MINIMUM 42.2 39.9 2.3 42.9
MEAN 51.9 50.3 1.6 51.0
DAYS MAX >= 90 0 0.2 -0.2 1
DAYS MAX <= 32 0 1.6 -1.6 3
DAYS MIN <= 32 17 25.3 -8.3 23
DAYS MIN <= 0 0 0.0 0.0 0
PRECIPITATION (INCHES)
TOTALS 6.86 9.62 -2.76 11.54
DAILY AVG. 0.08 0.11 -0.03 0.13
DAYS >= .01 19 33.1 -14.1 35
DAYS >= .10 11 18.5 -7.5 21
DAYS >= .50 1 6.2 -5.2 9
DAYS >= 1.00 0 2.5 -2.5 2
GREATEST
24 HR. TOTAL 1.35 09/08 TO 09/08
DEGREE DAYS
HEATING TOTAL 1212 1396 -184 1378
SINCE 7/1 1215 1437 -222 1385
COOLING TOTAL 44 60 -16 126
SINCE 1/1 882 578 304 783
FREEZE DATES
EARLIEST 10/16
LATEST 06/12
................................................................
WIND (MPH)
AVERAGE WIND SPEED 9.0
RESULTANT WIND SPEED/DIRECTION 4/230
HIGHEST WIND SPEED/DIRECTION 41/250 DATE 11/15
HIGHEST GUST SPEED/DIRECTION 56/240 DATE 11/15
SKY COVER
POSSIBLE SUNSHINE (PERCENT) MM
AVERAGE SKY COVER 0.42
NUMBER OF DAYS FAIR 26
NUMBER OF DAYS PC 20
NUMBER OF DAYS CLOUDY 15
AVERAGE RH (PERCENT) 71
WEATHER CONDITIONS. NUMBER OF DAYS WITH
THUNDERSTORM 9 MIXED PRECIP 0
HEAVY RAIN 6 RAIN 14
LIGHT RAIN 38 FREEZING RAIN 0
LT FREEZING RAIN 0 HAIL 0
HEAVY SNOW 1 SNOW 2
LIGHT SNOW 6 SLEET 0
FOG 32 FOG W/VIS <= 1/4 MILE 4
HAZE 3
- INDICATES NEGATIVE NUMBERS.
R INDICATES RECORD WAS SET OR TIED.
MM INDICATES DATA IS MISSING.
T INDICATES TRACE AMOUNT.
$$