000
CXUS51 KBUF 010905
CF6BUF
PRELIMINARY LOCAL CLIMATOLOGICAL DATA (WS FORM: F-6)
STATION: BUFFALO NY
MONTH: FEBRUARY
YEAR: 2021
LATITUDE: 42 55 N
LONGITUDE: 78 44 W
TEMPERATURE IN F: :PCPN: SNOW: WIND :SUNSHINE: SKY :PK WND
================================================================================
1 2 3 4 5 6A 6B 7 8 9 10 11 12 13 14 15 16 17 18
12Z AVG MX 2MIN
DY MAX MIN AVG DEP HDD CDD WTR SNW DPTH SPD SPD DIR MIN PSBL S-S WX SPD DR
================================================================================
1 27 22 25 0 40 0 0.11 1.1 3 13.7 21 40 M M 10 18 26 50
2 31 18 25 0 40 0 0.19 1.4 4 10.2 20 340 M M 9 18 24 330
3 34 21 28 3 37 0 0.00 0.0 5 12.3 21 340 M M 3 29 330
4 39 19 29 4 36 0 0.00 0.0 5 8.5 17 230 M M 4 23 220
5 40 24 32 7 33 0 0.14 1.1 4 22.0 37 240 M M 9 1289 47 240
6 27 14 21 -4 44 0 0.17 6.4 6 16.0 33 230 M M 8 129 43 240
7 23 8 16 -9 49 0 0.04 1.6 8 10.1 22 260 M M 6 1 27 270
8 21 7 14 -11 51 0 0.01 0.6 6 5.4 15 270 M M 6 1 19 260
9 26 16 21 -4 44 0 0.05 2.1 8 6.1 15 280 M M 9 18 19 290
10 22 7 15 -10 50 0 0.00 0.0 8 6.0 16 230 M M 6 20 220
11 26 12 19 -7 46 0 T T 8 5.5 15 350 M M 7 17 350
12 21 10 16 -10 49 0 T T 8 9.7 16 60 M M 8 22 70
13 20 10 15 -11 50 0 0.02 0.3 8 12.0 22 60 M M 10 1 25 70
14 24 16 20 -6 45 0 T T 8 5.1 15 250 M M 8 16 17 240
15 28 15 22 -4 43 0 0.29 3.4 7 5.7 21 50 M M 10 128 26 50
16 25 12 19 -7 46 0 0.44 3.4 11 13.4 25 60 M M 9 16 32 70
17 24 6 15 -11 50 0 T T 11 6.1 16 240 M M 6 20 240
18 27 19 23 -4 42 0 0.02 0.3 10 10.0 18 100 M M 10 23 100
19 30 21 26 -1 39 0 0.03 0.7 11 7.3 20 250 M M 9 1 25 250
20 26 20 23 -4 42 0 0.02 0.7 10 11.7 21 250 M M 8 128 25 260
21 31 16 24 -3 41 0 0.00 0.0 10 6.7 15 210 M M 4 8 18 220
22 38 29 34 7 31 0 0.21 3.1 10 20.0 31 250 M M 10 1 48 230
23 36 30 33 5 32 0 0.05 1.2 10 15.5 29 240 M M 9 18 35 240
24 53 33 43 15 22 0 T 0.0 9 16.1 32 240 M M 7 45 240
25 35 28 32 4 33 0 0.00 0.0 6 12.8 22 220 M M 6 27 290
26 41 22 32 4 33 0 T 0.1 6 6.2 14 60 M M 4 18 16 60
27 42 31 37 8 28 0 0.24 0.0 5 13.1 26 240 M M 8 18 33 230
28 49 32 41 12 24 0 0.03 0.0 4 9.1 20 180 M M 9 1 26 200
================================================================================
SM 866 518 1120 0 2.06 27.5 296.3 M 212
================================================================================
AV 30.9 18.5 10.6 FASTST M M 8 MAX(MPH)
MISC ----> 37 240 48 230
================================================================================
NOTES:
# LAST OF SEVERAL OCCURRENCES
COLUMN 17 PEAK WIND IN M.P.H.
PRELIMINARY LOCAL CLIMATOLOGICAL DATA (WS FORM: F-6) , PAGE 2
STATION: BUFFALO NY
MONTH: FEBRUARY
YEAR: 2021
LATITUDE: 42 55 N
LONGITUDE: 78 44 W
[TEMPERATURE DATA] [PRECIPITATION DATA] SYMBOLS USED IN COLUMN 16
AVERAGE MONTHLY: 24.7 TOTAL FOR MONTH: 2.06 1 = FOG OR MIST
DPTR FM NORMAL: -1.6 DPTR FM NORMAL: -0.43 2 = FOG REDUCING VISIBILITY
HIGHEST: 53 ON 24 GRTST 24HR 0.57 ON 15-16 TO 1/4 MILE OR LESS
LOWEST: 6 ON 17 3 = THUNDER
SNOW, ICE PELLETS, HAIL 4 = ICE PELLETS
TOTAL MONTH: 27.5 INCHES 5 = HAIL
GRTST 24HR 6.4 ON 6- 6 6 = FREEZING RAIN OR DRIZZLE
GRTST DEPTH: 11 ON 19,17 7 = DUSTSTORM OR SANDSTORM:
VSBY 1/2 MILE OR LESS
8 = SMOKE OR HAZE
[NO. OF DAYS WITH] [WEATHER - DAYS WITH] 9 = BLOWING SNOW
X = TORNADO
MAX 32 OR BELOW: 18 0.01 INCH OR MORE: 17
MAX 90 OR ABOVE: 0 0.10 INCH OR MORE: 8
MIN 32 OR BELOW: 27 0.50 INCH OR MORE: 0
MIN 0 OR BELOW: 0 1.00 INCH OR MORE: 0
[HDD (BASE 65) ]
TOTAL THIS MO. 1120 CLEAR (SCALE 0-3) 1
DPTR FM NORMAL 35 PTCLDY (SCALE 4-7) 12
TOTAL FM JUL 1 4240 CLOUDY (SCALE 8-10) 15
DPTR FM NORMAL -503
[CDD (BASE 65) ]
TOTAL THIS MO. 0
DPTR FM NORMAL 0 [PRESSURE DATA]
TOTAL FM JAN 1 0 HIGHEST SLP 30.56 ON 21
DPTR FM NORMAL 0 LOWEST SLP 29.37 ON 5
[REMARKS]
#FINAL-02-21#