000
CXUS56 KLOX 011155
CF6BUR
PRELIMINARY LOCAL CLIMATOLOGICAL DATA (WS FORM: F-6)
STATION: HOLLYWOOD/BURBANK AIRPORT CA
MONTH: APRIL
YEAR: 2023
LATITUDE: 34 12 N
LONGITUDE: 118 22 W
TEMPERATURE IN F: :PCPN: SNOW: WIND :SUNSHINE: SKY :PK WND
================================================================================
1 2 3 4 5 6A 6B 7 8 9 10 11 12 13 14 15 16 17 18
12Z AVG MX 2MIN
DY MAX MIN AVG DEP HDD CDD WTR SNW DPTH SPD SPD DIR MIN PSBL S-S WX SPD DR
================================================================================
1 71 43 57 -3 8 0 0.00 M M 4.6 13 180 M M 0 16 190
2 66 46 56 -5 9 0 0.00 M M 5.8 14 160 M M 1 18 180
3 60 49 55 -6 10 0 T M M 14.4 33 360 M M 5 42 10
4 62 46 54 -7 11 0 0.00 M M 12.6 21 350 M M 0 31 320
5 67 43 55 -6 10 0 0.00 M M 3.8 14 210 M M 0 19 210
6 73 46 60 -1 5 0 0.00 M M 4.4 15 180 M M 0 18 180
7 72 53 63 2 2 0 0.00 M M 4.0 14 180 M M 0 17 140
8 70 50 60 -1 5 0 0.00 M M 4.5 13 140 M M 0 19 180
9 83 51 67 6 0 2 0.00 M M 3.9 10 160 M M 1 128 15 110
10 81 54 68 6 0 3 0.00 M M 5.3 15 130 M M 0 18 23 110
11 73 52 63 1 2 0 0.00 M M 6.7 13 180 M M 4 128 19 100
12 60 53 57 -5 8 0 T M M 4.5 10 170 M M 10 18 13 160
13 57 50 54 -8 11 0 0.19 M M 6.6 15 100 M M 10 1 22 120
14 63 50 57 -5 8 0 T M M 4.3 13 220 M M 9 19 100
15 73 47 60 -2 5 0 0.00 M M 4.4 13 170 M M 0 8 17 160
16 68 50 59 -3 6 0 0.00 M M 6.2 13 180 M M 1 18 18 170
17 65 52 59 -3 6 0 0.00 M M 5.8 13 150 M M 9 18 19 190
18 64 54 59 -4 6 0 0.00 M M 6.0 16 170 M M 8 8 24 190
19 73 48 61 -2 4 0 0.00 M M 5.4 17 150 M M 0 23 270
20 82 49 66 3 0 1 0.00 M M 4.2 13 150 M M 0 18 130
21 88 56 72 9 0 7 0.00 M M 4.3 15 220 M M 0 20 130
22 87 60 74 11 0 9 0.00 M M 4.1 14 160 M M 0 16 160
23 76 57 67 4 0 2 0.00 M M 7.5 15 180 M M 1 18 18 160
24 73 56 65 1 0 0 0.00 M M 6.3 14 180 M M 4 18 17 170
25 72 56 64 0 1 0 0.00 M M 5.9 15 150 M M 4 18 19 150
26 84 53 69 5 0 4 0.00 M M 4.1 13 110 M M 0 18 21 120
27 80 53 67 3 0 2 0.00 M M 6.5 14 110 M M 2 18 19 110
28 77 53 65 1 0 0 0.00 M M 6.0 15 120 M M 2 18 20 120
29 82 54 68 4 0 3 0.00 M M 6.3 16 120 M M 2 18 23 100
30 70 54 62 -2 3 0 0.00 M M 7.3 14 200 M M 6 18 18 180
================================================================================
SM 2172 1538 120 33 0.19 M 175.7 M 79
================================================================================
AV 72.4 51.3 5.9 FASTST M M 3 MAX(MPH)
MISC ----> 33 360 42 10
================================================================================
NOTES:
# LAST OF SEVERAL OCCURRENCES
COLUMN 17 PEAK WIND IN M.P.H.
PRELIMINARY LOCAL CLIMATOLOGICAL DATA (WS FORM: F-6) , PAGE 2
STATION: HOLLYWOOD/BURBANK AIRPORT CA
MONTH: APRIL
YEAR: 2023
LATITUDE: 34 12 N
LONGITUDE: 118 22 W
[TEMPERATURE DATA] [PRECIPITATION DATA] SYMBOLS USED IN COLUMN 16
AVERAGE MONTHLY: 61.8 TOTAL FOR MONTH: 0.19 1 = FOG OR MIST
DPTR FM NORMAL: -0.5 DPTR FM NORMAL: -0.55 2 = FOG REDUCING VISIBILITY
HIGHEST: 88 ON 21 GRTST 24HR 0.19 ON 13-13 TO 1/4 MILE OR LESS
LOWEST: 43 ON 5, 1 3 = THUNDER
SNOW, ICE PELLETS, HAIL 4 = ICE PELLETS
TOTAL MONTH: M 5 = HAIL
GRTST 24HR M ON M 6 = FREEZING RAIN OR DRIZZLE
GRTST DEPTH: M ON M 7 = DUSTSTORM OR SANDSTORM:
VSBY 1/2 MILE OR LESS
8 = SMOKE OR HAZE
[NO. OF DAYS WITH] [WEATHER - DAYS WITH] 9 = BLOWING SNOW
X = TORNADO
MAX 32 OR BELOW: 0 0.01 INCH OR MORE: 1
MAX 90 OR ABOVE: 0 0.10 INCH OR MORE: 1
MIN 32 OR BELOW: 0 0.50 INCH OR MORE: 0
MIN 0 OR BELOW: 0 1.00 INCH OR MORE: 0
[HDD (BASE 65) ]
TOTAL THIS MO. 120 CLEAR (SCALE 0-3) 20
DPTR FM NORMAL -4 PTCLDY (SCALE 4-7) 6
TOTAL FM JUL 1 1662 CLOUDY (SCALE 8-10) 4
DPTR FM NORMAL 322
[CDD (BASE 65) ]
TOTAL THIS MO. 33
DPTR FM NORMAL -10 [PRESSURE DATA]
TOTAL FM JAN 1 33 HIGHEST SLP 30.12 ON 5
DPTR FM NORMAL -38 LOWEST SLP 29.73 ON 23
[REMARKS]
#FINAL-04-23#