000
CXUS56 KLOX 011255
CF6BUR
PRELIMINARY LOCAL CLIMATOLOGICAL DATA (WS FORM: F-6)
STATION: HOLLYWOOD/BURBANK AIRPORT CA
MONTH: NOVEMBER
YEAR: 2023
LATITUDE: 34 12 N
LONGITUDE: 118 22 W
TEMPERATURE IN F: :PCPN: SNOW: WIND :SUNSHINE: SKY :PK WND
================================================================================
1 2 3 4 5 6A 6B 7 8 9 10 11 12 13 14 15 16 17 18
12Z AVG MX 2MIN
DY MAX MIN AVG DEP HDD CDD WTR SNW DPTH SPD SPD DIR MIN PSBL S-S WX SPD DR
================================================================================
1 84 51 68 3 0 3 0.00 M M 2.2 10 200 M M 0 15 230
2 84 51 68 3 0 3 0.00 M M 2.1 10 200 M M 0 20 170
3 84 50 67 3 0 2 0.00 M M 2.0 9 180 M M 0 14 110
4 82 52 67 3 0 2 0.00 M M 2.9 9 180 M M 0 17 90
5 83 52 68 4 0 3 0.00 M M 2.5 10 180 M M 0 14 180
6 76 51 64 0 1 0 0.00 M M 4.0 12 180 M M 0 8 20 170
7 72 58 65 2 0 0 0.00 M M 5.8 17 340 M M 5 23 340
8 76 58 67 4 0 2 0.00 M M 14.7 29 20 M M 0 41 40
9 77 53 65 2 0 0 0.00 M M 8.4 29 40 M M 0 47 40
10 76 47 62 0 3 0 0.00 M M 2.1 10 170 M M 0 19 210
11 80 45 63 1 2 0 0.00 M M 2.3 9 160 M M 0 13 140
12 82 49 66 4 0 1 0.00 M M 2.0 12 310 M M 0 17 310
13 75 50 63 1 2 0 0.00 M M 3.8 14 120 M M 0 20 140
14 78 46 62 1 3 0 0.00 M M 1.3 8 170 M M 0 14 150
15 69 52 61 0 4 0 0.31 M M 4.8 24 170 M M 9 18 34 170
16 70 57 64 3 1 0 T M M 4.1 13 150 M M 5 18 21 120
17 73 50 62 2 3 0 T M M 4.0 16 150 M M 2 1 23 140
18 67 59 63 3 2 0 0.04 M M 5.8 13 210 M M 9 1 20 120
19 70 53 62 2 3 0 0.00 M M 10.5 23 340 M M 2 35 320
20 75 47 61 2 4 0 0.00 M M 4.0 16 160 M M 0 22 120
21 79 47 63 4 2 0 0.00 M M 2.6 12 250 M M 0 14 80
22 79 49 64 5 1 0 0.00 M M 3.8 10 300 M M 0 15 310
23 70 52 61 3 4 0 0.00 M M 5.9 14 120 M M 2 20 200
24 69 51 60 2 5 0 0.00 M M 3.4 14 190 M M 2 18 200
25 67 47 57 -1 8 0 0.00 M M 2.2 10 190 M M 2 14 230
26 67 44 56 -2 9 0 0.00 M M 3.2 13 350 M M 0 18 280
27 70 44 57 0 8 0 0.00 M M 2.2 10 350 M M 0 15 300
28 70 46 58 1 7 0 0.00 M M 3.0 9 200 M M 0 14 150
29 63 45 54 -3 11 0 T M M 2.6 12 200 M M 5 14 200
30 65 47 56 -1 9 0 0.00 M M 3.2 12 300 M M 1 18 290
================================================================================
SM 2232 1503 92 16 0.35 M 121.4 M 44
================================================================================
AV 74.4 50.1 4.0 FASTST M M 1 MAX(MPH)
MISC ----> # 29 20 47 40
================================================================================
NOTES:
# LAST OF SEVERAL OCCURRENCES
COLUMN 17 PEAK WIND IN M.P.H.
PRELIMINARY LOCAL CLIMATOLOGICAL DATA (WS FORM: F-6) , PAGE 2
STATION: HOLLYWOOD/BURBANK AIRPORT CA
MONTH: NOVEMBER
YEAR: 2023
LATITUDE: 34 12 N
LONGITUDE: 118 22 W
[TEMPERATURE DATA] [PRECIPITATION DATA] SYMBOLS USED IN COLUMN 16
AVERAGE MONTHLY: 62.3 TOTAL FOR MONTH: 0.35 1 = FOG OR MIST
DPTR FM NORMAL: 1.5 DPTR FM NORMAL: -0.34 2 = FOG REDUCING VISIBILITY
HIGHEST: 84 ON 3, 2 GRTST 24HR 0.31 ON 15-15 TO 1/4 MILE OR LESS
LOWEST: 44 ON 27,26 3 = THUNDER
SNOW, ICE PELLETS, HAIL 4 = ICE PELLETS
TOTAL MONTH: M 5 = HAIL
GRTST 24HR M ON M 6 = FREEZING RAIN OR DRIZZLE
GRTST DEPTH: M ON M 7 = DUSTSTORM OR SANDSTORM:
VSBY 1/2 MILE OR LESS
8 = SMOKE OR HAZE
[NO. OF DAYS WITH] [WEATHER - DAYS WITH] 9 = BLOWING SNOW
X = TORNADO
MAX 32 OR BELOW: 0 0.01 INCH OR MORE: 2
MAX 90 OR ABOVE: 0 0.10 INCH OR MORE: 1
MIN 32 OR BELOW: 0 0.50 INCH OR MORE: 0
MIN 0 OR BELOW: 0 1.00 INCH OR MORE: 0
[HDD (BASE 65) ]
TOTAL THIS MO. 92 CLEAR (SCALE 0-3) 25
DPTR FM NORMAL -65 PTCLDY (SCALE 4-7) 3
TOTAL FM JUL 1 105 CLOUDY (SCALE 8-10) 2
DPTR FM NORMAL -87
[CDD (BASE 65) ]
TOTAL THIS MO. 16
DPTR FM NORMAL -13 [PRESSURE DATA]
TOTAL FM JAN 1 1319 HIGHEST SLP 30.28 ON 21
DPTR FM NORMAL -160 LOWEST SLP 29.74 ON 23
[REMARKS]
#FINAL-11-23#