000
CXUS54 KLZK 011130
CF6BVX
PRELIMINARY LOCAL CLIMATOLOGICAL DATA (WS FORM: F-6)
STATION: BATESVILLE REGIONAL AIRPORT
MONTH: JULY
YEAR: 2021
LATITUDE: 35 43 N
LONGITUDE: 91 39 W
TEMPERATURE IN F: :PCPN: SNOW: WIND :SUNSHINE: SKY :PK WND
================================================================================
1 2 3 4 5 6A 6B 7 8 9 10 11 12 13 14 15 16 17 18
12Z AVG MX 2MIN
DY MAX MIN AVG DEP HDD CDD WTR SNW DPTH SPD SPD DIR MIN PSBL S-S WX SPD DR
================================================================================
1 88 73 81 1 0 16 1.27 M M 3.2 15 50 M M 6 13 21 50
2 85 63 74 -6 0 9 0.01 M M 4.9 12 30 M M 3 1 16 30
3 84 58 71 -9 0 6 0.00 M M 4.1 9 80 M M 0 17 60
4 86 57 72 -8 0 7 0.00 M M 3.5 8 130 M M 0 M M
5 89 62 76 -4 0 11 0.00 M M 3.1 8 90 M M 2 18 M M
6 92 66 79 -1 0 14 0.00 M M 3.2 8 90 M M 2 18 M M
7 92 68 80 0 0 15 0.71 M M 3.2 9 290 M M 3 138 20 10
8 94 70 82 2 0 17 T M M 3.2 8 230 M M 2 17 320
9 90 72 81 1 0 16 2.42 M M 4.5 39 260 M M 2 13 52 260
10 90 72 81 0 0 16 0.00 M M 7.2 15 230 M M 5 20 220
11 82 68 75 -6 0 10 0.04 M M 6.4 15 260 M M 7 23 250
12 85 66 76 -5 0 11 0.00 M M 3.6 7 270 M M 4 M M
13 89 66 78 -3 0 13 0.07 M M 2.2 7 99 M M 2 8 M M
14 95 65 80 -1 0 15 0.00 M M 3.3 13 200 M M 2 8 16 200
15 93 74 84 3 0 19 T M M 7.5 15 230 M M 1 18 210
16 84 71 78 -3 0 13 0.11 M M 6.6 16 220 M M 4 27 280
17 85 69 77 -4 0 12 0.03 M M 2.8 12 110 M M 3 17 180
18 87 71 79 -2 0 14 0.94 M M 2.6 10 10 M M 6 13 17 10
19 85 69 77 -4 0 12 0.03 M M 3.9 15 90 M M 7 138 M M
20 86 68 77 -4 0 12 0.01 M M 2.1 5 30 M M 3 M M
21 88 66 77 -4 0 12 0.00 M M 3.7 7 60 M M 1 18 M M
22 91 70 81 0 0 16 0.21 M M 4.7 13 110 M M 5 138 M M
23 92 72 82 1 0 17 T M M 2.6 9 270 M M 2 12 M M
24 94 74 84 3 0 19 T M M 2.1 7 230 M M 1 1 M M
25 94 74 84 3 0 19 0.00 M M 2.2 7 270 M M 1 1 M M
26 94 73 84 3 0 19 0.00 M M 2.6 9 90 M M 1 1 M M
27 95 74 85 4 0 20 0.00 M M 2.9 9 50 M M 1 18 M M
28 95 75 85 4 0 20 0.00 M M 2.2 6 170 M M 1 18 M M
29 95 73 84 3 0 19 0.00 M M 1.5 6 200 M M 1 1 M M
30 97 74 86 5 0 21 0.00 M M 2.9 8 260 M M 0 M M
31 98 72 85 4 0 20 M M M 3.8 9 350 M M 0 1 M M
================================================================================
SM 2794 2145 0 460 5.85 M 112.1 M 78
================================================================================
AV 90.1 69.2 3.6 FASTST M M 3 MAX(MPH)
MISC ----> 39 260 52 260
================================================================================
NOTES:
# LAST OF SEVERAL OCCURRENCES
COLUMN 17 PEAK WIND IN M.P.H.
PRELIMINARY LOCAL CLIMATOLOGICAL DATA (WS FORM: F-6) , PAGE 2
STATION: BATESVILLE REGIONAL AIRPORT
MONTH: JULY
YEAR: 2021
LATITUDE: 35 43 N
LONGITUDE: 91 39 W
[TEMPERATURE DATA] [PRECIPITATION DATA] SYMBOLS USED IN COLUMN 16
AVERAGE MONTHLY: 79.7 TOTAL FOR MONTH: 5.85 1 = FOG OR MIST
DPTR FM NORMAL: -1.0 DPTR FM NORMAL: 2.23 2 = FOG REDUCING VISIBILITY
HIGHEST: 98 ON 31 GRTST 24HR 2.46 ON 9-10 TO 1/4 MILE OR LESS
LOWEST: 57 ON 4 3 = THUNDER
SNOW, ICE PELLETS, HAIL 4 = ICE PELLETS
TOTAL MONTH: M 5 = HAIL
GRTST 24HR M ON M 6 = FREEZING RAIN OR DRIZZLE
GRTST DEPTH: M ON M 7 = DUSTSTORM OR SANDSTORM:
VSBY 1/2 MILE OR LESS
8 = SMOKE OR HAZE
[NO. OF DAYS WITH] [WEATHER - DAYS WITH] 9 = BLOWING SNOW
X = TORNADO
MAX 32 OR BELOW: 0 0.01 INCH OR MORE: 12
MAX 90 OR ABOVE: 17 0.10 INCH OR MORE: 6
MIN 32 OR BELOW: 0 0.50 INCH OR MORE: 4
MIN 0 OR BELOW: 0 1.00 INCH OR MORE: 2
[HDD (BASE 65) ]
TOTAL THIS MO. 0 CLEAR (SCALE 0-3) 22
DPTR FM NORMAL 0 PTCLDY (SCALE 4-7) 9
TOTAL FM JUL 1 0 CLOUDY (SCALE 8-10) 0
DPTR FM NORMAL 0
[CDD (BASE 65) ]
TOTAL THIS MO. 460
DPTR FM NORMAL -27 [PRESSURE DATA]
TOTAL FM JAN 1 983 HIGHEST SLP 30.21 ON 14
DPTR FM NORMAL -35 LOWEST SLP 29.80 ON 11
[REMARKS]
#FINAL-07-21#