000
CDUS43 KLMK 220628
CLIBWG


CLIMATE REPORT
NATIONAL WEATHER SERVICE LOUISVILLE KY
128 AM EST THU FEB 22 2018


...................................

...THE BOWLING GREEN KY CLIMATE SUMMARY FOR FEBRUARY 21 2018...

CLIMATE NORMAL PERIOD 1981 TO 2010
CLIMATE RECORD PERIOD 1870 TO 2018


WEATHER ITEM   OBSERVED TIME   RECORD YEAR NORMAL DEPARTURE LAST
                VALUE   (LST)  VALUE       VALUE  FROM      YEAR
                                                  NORMAL
..................................................................
TEMPERATURE (F)
 YESTERDAY
  MAXIMUM         72    101 AM  75    1930  52     20       71
                                      1897
  MINIMUM         48    801 PM  -2    1870  31     17       49
  AVERAGE         60                        41     19       60

PRECIPITATION (IN)
  YESTERDAY        0.88          2.60 1929   0.14   0.74     0.08
  MONTH TO DATE    5.09                      2.99   2.10     2.18
  SINCE DEC 1     10.86                     11.40  -0.54    11.98
  SINCE JAN 1      7.37                      6.60   0.77     6.34

SNOWFALL (IN)
  YESTERDAY        0.0          10.0  1929   0.1   -0.1      0.0
  MONTH TO DATE    0.2                       2.8   -2.6      0.0
  SINCE DEC 1      8.4                       7.3    1.1      0.7
  SINCE JUL 1      8.4                       7.3    1.1      0.7
  SNOW DEPTH       0

DEGREE DAYS
 HEATING
  YESTERDAY        5                        24    -19        5
  MONTH TO DATE  431                       548   -117      392
  SINCE DEC 1   2255                      2277    -22     1827
  SINCE JUL 1   2956                      3040    -84     2313

 COOLING
  YESTERDAY        0                         0      0        0
  MONTH TO DATE   13                         0     13        0
  SINCE DEC 1     13                         1     12        0
  SINCE JAN 1     13                         0     13        0
..................................................................


WIND (MPH)
  HIGHEST WIND SPEED    26   HIGHEST WIND DIRECTION     S (180)
  HIGHEST GUST SPEED    39   HIGHEST GUST DIRECTION     S (180)
  AVERAGE WIND SPEED     9.4


SKY COVER
  POSSIBLE SUNSHINE  MM
  AVERAGE SKY COVER 0.8


WEATHER CONDITIONS
 THE FOLLOWING WEATHER WAS RECORDED YESTERDAY.
  HEAVY RAIN
  RAIN
  LIGHT RAIN
  FOG


RELATIVE HUMIDITY (PERCENT)
 HIGHEST   100          1100 PM
 LOWEST     73          1200 AM
 AVERAGE    87

..........................................................


THE BOWLING GREEN KY CLIMATE NORMALS FOR TODAY
                         NORMAL    RECORD    YEAR
 MAXIMUM TEMPERATURE (F)   52        74      1922
 MINIMUM TEMPERATURE (F)   31         0      1963


SUNRISE AND SUNSET
FEBRUARY 22 2018......SUNRISE   626 AM CST   SUNSET   533 PM CST
FEBRUARY 23 2018......SUNRISE   624 AM CST   SUNSET   534 PM CST


-  INDICATES NEGATIVE NUMBERS.
R  INDICATES RECORD WAS SET OR TIED.
MM INDICATES DATA IS MISSING.
T  INDICATES TRACE AMOUNT.




$$
