000
CDUS43 KLMK 102128 RRD
CLIBWG

CLIMATE REPORT
NATIONAL WEATHER SERVICE LOUISVILLE KY
427 PM EST WED FEB 10 2016


...................................

...THE BOWLING GREEN CLIMATE SUMMARY FOR FEBRUARY 10 2016...
VALID TODAY AS OF 0400 PM LOCAL TIME.

CLIMATE NORMAL PERIOD 1981 TO 2010
CLIMATE RECORD PERIOD 1870 TO 2016


WEATHER ITEM   OBSERVED TIME   RECORD YEAR NORMAL DEPARTURE LAST
                VALUE   (LST)  VALUE       VALUE  FROM      YEAR
                                                  NORMAL
..................................................................
TEMPERATURE (F)
 TODAY
  MAXIMUM         26    300 PM  79    1932  49    -23       44
  MINIMUM         16    745 AM -16    1899  29    -13       25
  AVERAGE         21                        38    -17       35

PRECIPITATION (IN)
  TODAY            T             1.43 1966   0.15  -0.15     0.00
  MONTH TO DATE    1.82                      1.46   0.36     1.00
  SINCE DEC 1      8.86                      9.87  -1.01     4.57
  SINCE JAN 1      3.63                      5.07  -1.44     2.88

SNOWFALL (IN)
  TODAY            0.4           5.0  1986   0.2    0.2      0.0
  MONTH TO DATE    2.0                       1.5    0.5       T
  SINCE DEC 1     16.8                       6.0   10.8      3.4
  SINCE JUL 1     16.8                       6.0   10.8      3.7
  SNOW DEPTH       1

DEGREE DAYS
 HEATING
  TODAY           44                        26     18       30
  MONTH TO DATE  263                       273    -10      258
  SINCE DEC 1   1648                      2002   -354     1906
  SINCE JUL 1   2186                      2765   -579     2803

 COOLING
  TODAY            0                         0      0        0
  MONTH TO DATE    0                         0      0        0
  SINCE DEC 1      2                         1      1        0
  SINCE JAN 1      0                         0      0        0
..................................................................


WIND (MPH)
  HIGHEST WIND SPEED    15   HIGHEST WIND DIRECTION     W (280)
  HIGHEST GUST SPEED    20   HIGHEST GUST DIRECTION     W (280)
  AVERAGE WIND SPEED    10.2


SKY COVER
  POSSIBLE SUNSHINE  MM
  AVERAGE SKY COVER 0.6


WEATHER CONDITIONS
 THE FOLLOWING WEATHER WAS RECORDED TODAY.
  LIGHT SNOW


RELATIVE HUMIDITY (PERCENT)
 HIGHEST    73          1200 AM
 LOWEST     46           200 PM
 AVERAGE    60

..........................................................


THE BOWLING GREEN CLIMATE NORMALS FOR TOMORROW
                         NORMAL    RECORD    YEAR
 MAXIMUM TEMPERATURE (F)   49        72      1999
                                             1938
 MINIMUM TEMPERATURE (F)   29        -4      1885


SUNRISE AND SUNSET
FEBRUARY 10 2016......SUNRISE   640 AM CST   SUNSET   520 PM CST
FEBRUARY 11 2016......SUNRISE   639 AM CST   SUNSET   521 PM CST


-  INDICATES NEGATIVE NUMBERS.
R  INDICATES RECORD WAS SET OR TIED.
MM INDICATES DATA IS MISSING.
T  INDICATES TRACE AMOUNT.




$$
