000
CDUS43 KLMK 132128
CLIBWG


CLIMATE REPORT
NATIONAL WEATHER SERVICE LOUISVILLE KY
428 PM EST SAT JAN 13 2018


...................................

...THE BOWLING GREEN CLIMATE SUMMARY FOR JANUARY 13 2018...
VALID TODAY AS OF 0400 PM LOCAL TIME.

CLIMATE NORMAL PERIOD 1981 TO 2010
CLIMATE RECORD PERIOD 1870 TO 2018


WEATHER ITEM   OBSERVED TIME   RECORD YEAR NORMAL DEPARTURE LAST
                VALUE   (LST)  VALUE       VALUE  FROM      YEAR
                                                  NORMAL
..................................................................
TEMPERATURE (F)
 TODAY
  MAXIMUM         26   1226 AM  73    1911  45    -19       43
                                      1907
  MINIMUM         19    941 AM -12    1918  26     -7       41
  AVERAGE         23                        35    -12       42

PRECIPITATION (IN)
  TODAY            T             2.18 2013   0.12  -0.12     0.15
  MONTH TO DATE    1.09                      1.50  -0.41     2.00
  SINCE DEC 1      4.58                      6.30  -1.72     7.64
  SINCE JAN 1      1.09                      1.50  -0.41     2.00

SNOWFALL (IN)
  TODAY            0.4           4.0  1921   0.1    0.3      0.0
                                      1917
  MONTH TO DATE    3.6                       1.2    2.4      0.7
  SINCE DEC 1      3.6                       2.4    1.2      0.7
  SINCE JUL 1      3.6                       2.4    1.2      0.7
  SNOW DEPTH       3

DEGREE DAYS
 HEATING
  TODAY           42                        30     12       23
  MONTH TO DATE  459                       385     74      335
  SINCE DEC 1   1296                      1206     90     1130
  SINCE JUL 1   1997                      1969     28     1616

 COOLING
  TODAY            0                         0      0        0
  MONTH TO DATE    0                         0      0        0
  SINCE DEC 1      0                         1     -1        0
  SINCE JAN 1      0                         0      0        0
..................................................................


WIND (MPH)
  HIGHEST WIND SPEED    15   HIGHEST WIND DIRECTION    NE (40)
  HIGHEST GUST SPEED    25   HIGHEST GUST DIRECTION     N (360)
  AVERAGE WIND SPEED     8.3


SKY COVER
  POSSIBLE SUNSHINE  MM
  AVERAGE SKY COVER 0.9


WEATHER CONDITIONS
 THE FOLLOWING WEATHER WAS RECORDED TODAY.
  LIGHT SNOW
  FOG


RELATIVE HUMIDITY (PERCENT)
 HIGHEST    88           100 AM
 LOWEST     59           200 PM
 AVERAGE    74

..........................................................


THE BOWLING GREEN CLIMATE NORMALS FOR TOMORROW
                         NORMAL    RECORD    YEAR
 MAXIMUM TEMPERATURE (F)   45        72      1932
                                             1907
 MINIMUM TEMPERATURE (F)   26        -2      1917


SUNRISE AND SUNSET
JANUARY 13 2018.......SUNRISE   658 AM CST   SUNSET   451 PM CST
JANUARY 14 2018.......SUNRISE   658 AM CST   SUNSET   452 PM CST


-  INDICATES NEGATIVE NUMBERS.
R  INDICATES RECORD WAS SET OR TIED.
MM INDICATES DATA IS MISSING.
T  INDICATES TRACE AMOUNT.




$$
