991
CDUS43 KLMK 242032
CLIBWG


CLIMATE REPORT
NATIONAL WEATHER SERVICE LOUISVILLE KY
430 PM EDT SUN SEP 24 2017


...................................

...THE BOWLING GREEN CLIMATE SUMMARY FOR SEPTEMBER 24 2017...
VALID TODAY AS OF 0400 PM LOCAL TIME.

CLIMATE NORMAL PERIOD 1981 TO 2010
CLIMATE RECORD PERIOD 1870 TO 2017


WEATHER ITEM   OBSERVED TIME   RECORD YEAR NORMAL DEPARTURE LAST
                VALUE   (LST)  VALUE       VALUE  FROM      YEAR
                                                  NORMAL
..................................................................
TEMPERATURE (F)
 TODAY
  MAXIMUM         89   1248 PM  96    1910  79     10       91
  MINIMUM         62    515 AM  33    1983  55      7       63
  AVERAGE         76                        67      9       77

PRECIPITATION (IN)
  TODAY            0.00          2.30 1921   0.13  -0.13     0.00
  MONTH TO DATE    6.47                      3.13   3.34     1.02
  SINCE SEP 1      6.47                      3.13   3.34     1.02
  SINCE JAN 1     43.55                     36.69   6.86    38.94

SNOWFALL (IN)
  TODAY            0.0           0.0    MM   0.0    0.0      0.0
  MONTH TO DATE    0.0                       0.0    0.0      0.0
  SINCE SEP 1      0.0                       0.0    0.0      0.0
  SINCE JUL 1      0.0                       0.0    0.0      0.0
  SNOW DEPTH       0

DEGREE DAYS
 HEATING
  TODAY            0                         2     -2        0
  MONTH TO DATE   18                        15      3        0
  SINCE SEP 1     18                        15      3        0
  SINCE JUL 1     18                        16      2        0

 COOLING
  TODAY           11                         4      7       12
  MONTH TO DATE  131                       167    -36      290
  SINCE SEP 1    131                       167    -36      290
  SINCE JAN 1   1483                      1436     47     1849
..................................................................


WIND (MPH)
  HIGHEST WIND SPEED     7   HIGHEST WIND DIRECTION     S (160)
  HIGHEST GUST SPEED     9   HIGHEST GUST DIRECTION    NE (50)
  AVERAGE WIND SPEED     0.8


SKY COVER
  POSSIBLE SUNSHINE  MM
  AVERAGE SKY COVER 0.1


WEATHER CONDITIONS
 THE FOLLOWING WEATHER WAS RECORDED TODAY.
  FOG


RELATIVE HUMIDITY (PERCENT)
 HIGHEST   100           100 AM
 LOWEST     46           100 PM
 AVERAGE    73

..........................................................


THE BOWLING GREEN CLIMATE NORMALS FOR TOMORROW
                         NORMAL    RECORD    YEAR
 MAXIMUM TEMPERATURE (F)   79        96      2007
                                             1931
 MINIMUM TEMPERATURE (F)   54        34      1887


SUNRISE AND SUNSET
SEPTEMBER 24 2017.....SUNRISE   635 AM CDT   SUNSET   639 PM CDT
SEPTEMBER 25 2017.....SUNRISE   636 AM CDT   SUNSET   638 PM CDT


-  INDICATES NEGATIVE NUMBERS.
R  INDICATES RECORD WAS SET OR TIED.
MM INDICATES DATA IS MISSING.
T  INDICATES TRACE AMOUNT.




$$
