000
CDUS43 KLMK 032138
CLIBWG


CLIMATE REPORT
NATIONAL WEATHER SERVICE LOUISVILLE KY
438 PM EST SAT DEC 3 2016


...................................

...THE BOWLING GREEN CLIMATE SUMMARY FOR DECEMBER 3 2016...
VALID TODAY AS OF 0400 PM LOCAL TIME.

CLIMATE NORMAL PERIOD 1981 TO 2010
CLIMATE RECORD PERIOD 1870 TO 2016


WEATHER ITEM   OBSERVED TIME   RECORD YEAR NORMAL DEPARTURE LAST
                VALUE   (LST)  VALUE       VALUE  FROM      YEAR
                                                  NORMAL
..................................................................
TEMPERATURE (F)
 TODAY
  MAXIMUM         44    312 PM  78    1982  52     -8       47
  MINIMUM         30    705 AM  -1    1929  32     -2       29
  AVERAGE         37                        42     -5       38

PRECIPITATION (IN)
  TODAY            0.00          3.37 1978   0.16  -0.16     0.00
  MONTH TO DATE    0.00                      0.48  -0.48     0.60
  SINCE DEC 1      0.00                      0.48  -0.48     0.60
  SINCE JAN 1     41.96                     45.57  -3.61    49.85

SNOWFALL (IN)
  TODAY            0.0           4.0  1942   0.0    0.0      0.0
  MONTH TO DATE    0.0                       0.0    0.0      0.0
  SINCE DEC 1      0.0                       0.0    0.0      0.0
  SINCE JUL 1      0.0                       T      0.0      0.0
  SNOW DEPTH       0

DEGREE DAYS
 HEATING
  TODAY           28                        23      5       27
  MONTH TO DATE   75                        68      7       57
  SINCE DEC 1     75                        68      7       57
  SINCE JUL 1    561                       831   -270      595

 COOLING
  TODAY            0                         0      0        0
  MONTH TO DATE    0                         0      0        0
  SINCE DEC 1      0                         0      0        0
  SINCE JAN 1   1979                      1491    488     1671
..................................................................


WIND (MPH)
  HIGHEST WIND SPEED     7   HIGHEST WIND DIRECTION     E (70)
  HIGHEST GUST SPEED     9   HIGHEST GUST DIRECTION     E (90)
  AVERAGE WIND SPEED     2.5


SKY COVER
  POSSIBLE SUNSHINE  MM
  AVERAGE SKY COVER 0.1


WEATHER CONDITIONS
 THE FOLLOWING WEATHER WAS RECORDED TODAY.
  NO SIGNIFICANT WEATHER WAS OBSERVED.


RELATIVE HUMIDITY (PERCENT)
 HIGHEST    92           500 AM
 LOWEST     58           200 PM
 AVERAGE    75

..........................................................


THE BOWLING GREEN CLIMATE NORMALS FOR TOMORROW
                         NORMAL    RECORD    YEAR
 MAXIMUM TEMPERATURE (F)   51        75      1998
 MINIMUM TEMPERATURE (F)   32         4      1942
                                             1876


SUNRISE AND SUNSET
DECEMBER  3 2016......SUNRISE   642 AM CST   SUNSET   429 PM CST
DECEMBER  4 2016......SUNRISE   643 AM CST   SUNSET   429 PM CST


-  INDICATES NEGATIVE NUMBERS.
R  INDICATES RECORD WAS SET OR TIED.
MM INDICATES DATA IS MISSING.
T  INDICATES TRACE AMOUNT.




$$
