904
CDUS43 KLMK 262029 RRD
CLIBWG

CLIMATE REPORT
NATIONAL WEATHER SERVICE LOUISVILLE KY
428 PM EDT MON JUN 26 2017


...................................

...THE BOWLING GREEN CLIMATE SUMMARY FOR JUNE 26 2017...
VALID TODAY AS OF 0400 PM LOCAL TIME.

CLIMATE NORMAL PERIOD 1981 TO 2010
CLIMATE RECORD PERIOD 1870 TO 2017


WEATHER ITEM   OBSERVED TIME   RECORD YEAR NORMAL DEPARTURE LAST
                VALUE   (LST)  VALUE       VALUE  FROM      YEAR
                                                  NORMAL
..................................................................
TEMPERATURE (F)
 TODAY
  MAXIMUM         78    255 PM 105    1914  88    -10       93
  MINIMUM         60    611 AM  51    1974  67     -7       72
  AVERAGE         69                        77     -8       83

PRECIPITATION (IN)
  TODAY            0.00          2.14 1994   0.13  -0.13     0.00
  MONTH TO DATE    7.90                      3.68   4.22     2.38
  SINCE JUN 1      7.90                      3.68   4.22     2.38
  SINCE JAN 1     28.20                     25.61   2.59    21.55

SNOWFALL (IN)
  TODAY            0.0           0.0    MM   0.0    0.0      0.0
  MONTH TO DATE    0.0                       0.0    0.0      0.0
  SINCE JUN 1      0.0                       0.0    0.0      0.0
  SINCE JUL 1      0.7                       9.1   -8.4     24.0
  SNOW DEPTH       0

DEGREE DAYS
 HEATING
  TODAY            0                         0      0        0
  MONTH TO DATE    0                         3     -3        0
  SINCE JUN 1      0                         3     -3        0
  SINCE JUL 1   2989                      4046  -1057     3230

 COOLING
  TODAY            4                        12     -8       18
  MONTH TO DATE  245                       253     -8      351
  SINCE JUN 1    245                       253     -8      351
  SINCE JAN 1    494                       406     88      517
..................................................................


WIND (MPH)
  HIGHEST WIND SPEED     8   HIGHEST WIND DIRECTION    NW (330)
  HIGHEST GUST SPEED    15   HIGHEST GUST DIRECTION     W (270)
  AVERAGE WIND SPEED     2.9


SKY COVER
  POSSIBLE SUNSHINE  MM
  AVERAGE SKY COVER 0.1


WEATHER CONDITIONS
 THE FOLLOWING WEATHER WAS RECORDED TODAY.
  NO SIGNIFICANT WEATHER WAS OBSERVED.


RELATIVE HUMIDITY (PERCENT)
 HIGHEST    97           100 AM
 LOWEST     38          1000 AM
 AVERAGE    68

..........................................................


THE BOWLING GREEN CLIMATE NORMALS FOR TOMORROW
                         NORMAL    RECORD    YEAR
 MAXIMUM TEMPERATURE (F)   89       104      1914
 MINIMUM TEMPERATURE (F)   67        52      1958


SUNRISE AND SUNSET
JUNE 26 2017..........SUNRISE   528 AM CDT   SUNSET   809 PM CDT
JUNE 27 2017..........SUNRISE   528 AM CDT   SUNSET   809 PM CDT


-  INDICATES NEGATIVE NUMBERS.
R  INDICATES RECORD WAS SET OR TIED.
MM INDICATES DATA IS MISSING.
T  INDICATES TRACE AMOUNT.




$$
