000
CDUS43 KLMK 012045
CLIBWG


CLIMATE REPORT
NATIONAL WEATHER SERVICE LOUISVILLE KY
445 PM EDT SUN MAY 1 2016


...................................

...THE BOWLING GREEN CLIMATE SUMMARY FOR MAY 1 2016...
VALID TODAY AS OF 0400 PM LOCAL TIME.

CLIMATE NORMAL PERIOD 1981 TO 2010
CLIMATE RECORD PERIOD 1870 TO 2016


WEATHER ITEM   OBSERVED TIME   RECORD YEAR NORMAL DEPARTURE LAST
                VALUE   (LST)  VALUE       VALUE  FROM      YEAR
                                                  NORMAL
..................................................................
TEMPERATURE (F)
 TODAY
  MAXIMUM         81    100 PM  93    1901  74      7       71
  MINIMUM         63        MM  30    1963  50     13       40
  AVERAGE         72                        62     10       56

PRECIPITATION (IN)
  TODAY            0.01          4.75 2010   0.18  -0.17     0.00
  MONTH TO DATE    0.01                      0.18  -0.17     0.00
  SINCE MAR 1      5.36                      8.93  -3.57    15.35
  SINCE JAN 1     11.94                     16.50  -4.56    21.23

SNOWFALL (IN)
  TODAY            0.0           0.0    MM   0.0    0.0      0.0
  MONTH TO DATE    0.0                       0.0    0.0      0.0
  SINCE MAR 1      T                         1.3   -1.3      7.2
  SINCE JUL 1     24.0                       9.1   14.9     23.5
  SNOW DEPTH       0

DEGREE DAYS
 HEATING
  TODAY            0                         5     -5        9
  MONTH TO DATE    0                         5     -5        9
  SINCE MAR 1    537                       776   -239      721
  SINCE JUL 1   3137                      3974   -837     4256

 COOLING
  TODAY            7                         2      5        0
  MONTH TO DATE    7                         2      5        0
  SINCE MAR 1     51                        38     13       35
  SINCE JAN 1     51                        38     13       35
..................................................................


WIND (MPH)
  HIGHEST WIND SPEED    14   HIGHEST WIND DIRECTION    SW (210)
  HIGHEST GUST SPEED    MM   HIGHEST GUST DIRECTION    MM
  AVERAGE WIND SPEED     6.0


SKY COVER
  POSSIBLE SUNSHINE  MM
  AVERAGE SKY COVER 0.8


WEATHER CONDITIONS
 THE FOLLOWING WEATHER WAS RECORDED TODAY.
  LIGHT RAIN
  FOG


RELATIVE HUMIDITY (PERCENT)
 HIGHEST   100           500 AM
 LOWEST     54           200 PM
 AVERAGE    77

..........................................................


THE BOWLING GREEN CLIMATE NORMALS FOR TOMORROW
                         NORMAL    RECORD    YEAR
 MAXIMUM TEMPERATURE (F)   74        93      1901
 MINIMUM TEMPERATURE (F)   51        31      1963
                                             1909


SUNRISE AND SUNSET
MAY  1 2016...........SUNRISE   551 AM CDT   SUNSET   735 PM CDT
MAY  2 2016...........SUNRISE   550 AM CDT   SUNSET   736 PM CDT


-  INDICATES NEGATIVE NUMBERS.
R  INDICATES RECORD WAS SET OR TIED.
MM INDICATES DATA IS MISSING.
T  INDICATES TRACE AMOUNT.




$$
