000
CDUS43 KLMK 272033
CLIBWG


CLIMATE REPORT
NATIONAL WEATHER SERVICE LOUISVILLE KY
432 PM EDT SAT SEP 27 2014


...................................

...THE BOWLING GREEN CLIMATE SUMMARY FOR SEPTEMBER 27 2014...
VALID TODAY AS OF 0400 PM LOCAL TIME.

CLIMATE NORMAL PERIOD 1981 TO 2010
CLIMATE RECORD PERIOD 1870 TO 2014


WEATHER ITEM   OBSERVED TIME   RECORD YEAR NORMAL DEPARTURE LAST
                VALUE   (LST)  VALUE       VALUE  FROM      YEAR
                                                  NORMAL
..................................................................
TEMPERATURE (F)
 TODAY
  MAXIMUM         84    135 PM  95    1911  78      6       82
  MINIMUM         56    557 AM  35    1899  53      3       51
  AVERAGE         70                        66      4       67

PRECIPITATION (IN)
  TODAY            0.00          2.20 1996   0.13  -0.13     0.00
  MONTH TO DATE    0.37                      3.53  -3.16     4.98
  SINCE SEP 1      0.37                      3.53  -3.16     4.98
  SINCE JAN 1     36.53                     37.09  -0.56    47.68

SNOWFALL (IN)
  TODAY            0.0           0.0    MM   0.0    0.0      0.0
  MONTH TO DATE    0.0                       0.0    0.0      0.0
  SINCE SEP 1      0.0                       0.0    0.0      0.0
  SINCE JUL 1      0.0                       0.0    0.0      0.0
  SNOW DEPTH       0

DEGREE DAYS
 HEATING
  TODAY            0                         3     -3        0
  MONTH TO DATE   24                        23      1       12
  SINCE SEP 1     24                        23      1       12
  SINCE JUL 1     24                        24      0       12

 COOLING
  TODAY            5                         3      2        2
  MONTH TO DATE  160                       177    -17      184
  SINCE SEP 1    160                       177    -17      184
  SINCE JAN 1   1437                      1446     -9     1444
..................................................................


WIND (MPH)
  HIGHEST WIND SPEED     8   HIGHEST WIND DIRECTION     W (260)
  HIGHEST GUST SPEED    11   HIGHEST GUST DIRECTION     W (270)
  AVERAGE WIND SPEED     0.8


SKY COVER
  POSSIBLE SUNSHINE   0 PERCENT
  AVERAGE SKY COVER 0.0


WEATHER CONDITIONS
 THE FOLLOWING WEATHER WAS RECORDED TODAY.
  NO SIGNIFICANT WEATHER WAS OBSERVED.


RELATIVE HUMIDITY (PERCENT)
 HIGHEST     0          1200 AM
 LOWEST      0          1200 AM
 AVERAGE     0

..........................................................


THE BOWLING GREEN CLIMATE NORMALS FOR TOMORROW
                         NORMAL    RECORD    YEAR
 MAXIMUM TEMPERATURE (F)   78        95      1939
                                             1911
 MINIMUM TEMPERATURE (F)   53        32      1889


SUNRISE AND SUNSET
SEPTEMBER 27 2014.....SUNRISE   638 AM CDT   SUNSET   635 PM CDT
SEPTEMBER 28 2014.....SUNRISE   638 AM CDT   SUNSET   634 PM CDT


-  INDICATES NEGATIVE NUMBERS.
R  INDICATES RECORD WAS SET OR TIED.
MM INDICATES DATA IS MISSING.
T  INDICATES TRACE AMOUNT.




$$
