000
CDUS43 KLMK 150626
CLIBWG


CLIMATE REPORT
NATIONAL WEATHER SERVICE LOUISVILLE KY
126 AM EST MON DEC 15 2014


...................................

...THE BOWLING GREEN KY CLIMATE SUMMARY FOR DECEMBER 14 2014...

CLIMATE NORMAL PERIOD 1981 TO 2010
CLIMATE RECORD PERIOD 1870 TO 2014


WEATHER ITEM   OBSERVED TIME   RECORD YEAR NORMAL DEPARTURE LAST
                VALUE   (LST)  VALUE       VALUE  FROM      YEAR
                                                  NORMAL
..................................................................
TEMPERATURE (F)
 YESTERDAY
  MAXIMUM         52    340 PM  71    1984  48      4       47
                                      1927
  MINIMUM         36   1107 PM   0    1898  29      7       35
  AVERAGE         44                        39      5       41

PRECIPITATION (IN)
  YESTERDAY        0.00          2.30 1902   0.16  -0.16     0.42
  MONTH TO DATE    1.05                      2.29  -1.24     2.97
  SINCE DEC 1      1.05                      2.29  -1.24     2.97
  SINCE JAN 1     45.48                     47.38  -1.90    57.62

SNOWFALL (IN)
  YESTERDAY        0.0           4.0  1914   0.0    0.0      0.0
  MONTH TO DATE    0.0                       0.3   -0.3      0.1
  SINCE DEC 1      0.0                       0.3   -0.3      0.1
  SINCE JUL 1      0.3                       0.3    0.0      1.2
  SNOW DEPTH       0

DEGREE DAYS
 HEATING
  YESTERDAY       21                        26     -5       24
  MONTH TO DATE  303                       342    -39      364
  SINCE DEC 1    303                       342    -39      364
  SINCE JUL 1   1200                      1105     95     1244

 COOLING
  YESTERDAY        0                         0      0        0
  MONTH TO DATE    0                         0      0        0
  SINCE DEC 1      0                         0      0        0
  SINCE JAN 1   1488                      1491     -3     1499
..................................................................


WIND (MPH)
  HIGHEST WIND SPEED     7   HIGHEST WIND DIRECTION     E (100)
  HIGHEST GUST SPEED     9   HIGHEST GUST DIRECTION     E (90)
  AVERAGE WIND SPEED     1.4


SKY COVER
  POSSIBLE SUNSHINE  MM
  AVERAGE SKY COVER 1.0


WEATHER CONDITIONS
 THE FOLLOWING WEATHER WAS RECORDED YESTERDAY.
  FOG
  HAZE


RELATIVE HUMIDITY (PERCENT)
 HIGHEST    92          1100 PM
 LOWEST     70          1200 AM
 AVERAGE    81

..........................................................


THE BOWLING GREEN KY CLIMATE NORMALS FOR TODAY
                         NORMAL    RECORD    YEAR
 MAXIMUM TEMPERATURE (F)   48        73      1995
                                             1984
 MINIMUM TEMPERATURE (F)   29        -9      1903


SUNRISE AND SUNSET
DECEMBER 15 2014......SUNRISE   652 AM CST   SUNSET   430 PM CST
DECEMBER 16 2014......SUNRISE   652 AM CST   SUNSET   431 PM CST


-  INDICATES NEGATIVE NUMBERS.
R  INDICATES RECORD WAS SET OR TIED.
MM INDICATES DATA IS MISSING.
T  INDICATES TRACE AMOUNT.




$$
