000
CDUS43 KLMK 110649
CLIBWG


CLIMATE REPORT
NATIONAL WEATHER SERVICE LOUISVILLE KY
149 AM EST THU JAN 11 2018


...................................

...THE BOWLING GREEN KY CLIMATE SUMMARY FOR JANUARY 10 2018...

CLIMATE NORMAL PERIOD 1981 TO 2010
CLIMATE RECORD PERIOD 1870 TO 2018


WEATHER ITEM   OBSERVED TIME   RECORD YEAR NORMAL DEPARTURE LAST
                VALUE   (LST)  VALUE       VALUE  FROM      YEAR
                                                  NORMAL
..................................................................
TEMPERATURE (F)
 YESTERDAY
  MAXIMUM         65    313 PM  70    1949  45     20       58
  MINIMUM         38    636 AM -19    1879  26     12       44
  AVERAGE         52                        35     17       51

PRECIPITATION (IN)
  YESTERDAY        T             4.38 1974   0.11  -0.11     0.34
  MONTH TO DATE    0.45                      1.16  -0.71     1.30
  SINCE DEC 1      3.94                      5.96  -2.02     6.94
  SINCE JAN 1      0.45                      1.16  -0.71     1.30

SNOWFALL (IN)
  YESTERDAY        0.0           3.0  1954   0.1   -0.1      0.0
  MONTH TO DATE    T                         0.9   -0.9      0.7
  SINCE DEC 1      T                         2.1   -2.1      0.7
  SINCE JUL 1      T                         2.1   -2.1      0.7
  SNOW DEPTH       0

DEGREE DAYS
 HEATING
  YESTERDAY       13                        30    -17       14
  MONTH TO DATE  391                       295     96      298
  SINCE DEC 1   1228                      1116    112     1093
  SINCE JUL 1   1929                      1879     50     1579

 COOLING
  YESTERDAY        0                         0      0        0
  MONTH TO DATE    0                         0      0        0
  SINCE DEC 1      0                         1     -1        0
  SINCE JAN 1      0                         0      0        0
..................................................................


WIND (MPH)
  HIGHEST WIND SPEED    24   HIGHEST WIND DIRECTION     S (190)
  HIGHEST GUST SPEED    34   HIGHEST GUST DIRECTION     S (200)
  AVERAGE WIND SPEED     8.0


SKY COVER
  POSSIBLE SUNSHINE  MM
  AVERAGE SKY COVER 0.9


WEATHER CONDITIONS
 THE FOLLOWING WEATHER WAS RECORDED YESTERDAY.
  LIGHT RAIN
  FOG
  FOG W/VISIBILITY <= 1/4 MILE


RELATIVE HUMIDITY (PERCENT)
 HIGHEST   100          1200 AM
 LOWEST     72           100 PM
 AVERAGE    86

..........................................................


THE BOWLING GREEN KY CLIMATE NORMALS FOR TODAY
                         NORMAL    RECORD    YEAR
 MAXIMUM TEMPERATURE (F)   45        70      2013
 MINIMUM TEMPERATURE (F)   26       -18      1886


SUNRISE AND SUNSET
JANUARY 11 2018.......SUNRISE   659 AM CST   SUNSET   449 PM CST
JANUARY 12 2018.......SUNRISE   659 AM CST   SUNSET   450 PM CST


-  INDICATES NEGATIVE NUMBERS.
R  INDICATES RECORD WAS SET OR TIED.
MM INDICATES DATA IS MISSING.
T  INDICATES TRACE AMOUNT.




$$
