000
CDUS43 KLMK 270630
CLIBWG


CLIMATE REPORT
NATIONAL WEATHER SERVICE LOUISVILLE KY
228 AM EDT WED MAY 27 2015


...................................

...THE BOWLING GREEN KY CLIMATE SUMMARY FOR MAY 26 2015...

CLIMATE NORMAL PERIOD 1981 TO 2010
CLIMATE RECORD PERIOD 1870 TO 2015


WEATHER ITEM   OBSERVED TIME   RECORD YEAR NORMAL DEPARTURE LAST
                VALUE   (LST)  VALUE       VALUE  FROM      YEAR
                                                  NORMAL
..................................................................
TEMPERATURE (F)
 YESTERDAY
  MAXIMUM         82   1030 AM  97    1914  81      1       86
                                      1911
  MINIMUM         64   1234 AM  38    1925  58      6       61
  AVERAGE         73                        69      4       74

PRECIPITATION (IN)
  YESTERDAY        0.21          2.41 2004   0.17   0.04     0.05
  MONTH TO DATE    2.76                      4.73  -1.97     2.95
  SINCE MAR 1     18.11                     13.48   4.63    13.25
  SINCE JAN 1     23.99                     21.05   2.94    20.42

SNOWFALL (IN)
  YESTERDAY        0.0           0.0    MM   0.0    0.0      0.0
  MONTH TO DATE    0.0                       0.0    0.0      0.0
  SINCE MAR 1      7.2                       1.3    5.9      5.1
  SINCE JUL 1     23.5                       9.1   14.4     10.4
  SNOW DEPTH       0

DEGREE DAYS
 HEATING
  YESTERDAY        0                         1     -1        0
  MONTH TO DATE   38                        69    -31       76
  SINCE MAR 1    750                       840    -90      924
  SINCE JUL 1   4285                      4038    247     4533

 COOLING
  YESTERDAY        8                         5      3        9
  MONTH TO DATE  119                        87     32      126
  SINCE MAR 1    154                       123     31      140
  SINCE JAN 1    154                       123     31      140
..................................................................


WIND (MPH)
  HIGHEST WIND SPEED    29   HIGHEST WIND DIRECTION     S (190)
  HIGHEST GUST SPEED    41   HIGHEST GUST DIRECTION     S (180)
  AVERAGE WIND SPEED     9.4


SKY COVER
  POSSIBLE SUNSHINE  MM
  AVERAGE SKY COVER 0.6


WEATHER CONDITIONS
 THE FOLLOWING WEATHER WAS RECORDED YESTERDAY.
  RAIN
  LIGHT RAIN
  FOG


RELATIVE HUMIDITY (PERCENT)
 HIGHEST    87          1200 AM
 LOWEST     62          1100 AM
 AVERAGE    75

..........................................................


THE BOWLING GREEN KY CLIMATE NORMALS FOR TODAY
                         NORMAL    RECORD    YEAR
 MAXIMUM TEMPERATURE (F)   81        98      1911
 MINIMUM TEMPERATURE (F)   58        35      1961


SUNRISE AND SUNSET
MAY 27 2015...........SUNRISE   530 AM CDT   SUNSET   756 PM CDT
MAY 28 2015...........SUNRISE   530 AM CDT   SUNSET   757 PM CDT


-  INDICATES NEGATIVE NUMBERS.
R  INDICATES RECORD WAS SET OR TIED.
MM INDICATES DATA IS MISSING.
T  INDICATES TRACE AMOUNT.




$$
