000
CDUS43 KLMK 232027 RRA
CLIBWG

CLIMATE REPORT
NATIONAL WEATHER SERVICE LOUISVILLE KY
426 PM EDT SUN APR 23 2017


...................................

...THE BOWLING GREEN CLIMATE SUMMARY FOR APRIL 23 2017...
VALID TODAY AS OF 0400 PM LOCAL TIME.

CLIMATE NORMAL PERIOD 1981 TO 2010
CLIMATE RECORD PERIOD 1870 TO 2017


WEATHER ITEM   OBSERVED TIME   RECORD YEAR NORMAL DEPARTURE LAST
                VALUE   (LST)  VALUE       VALUE  FROM      YEAR
                                                  NORMAL
..................................................................
TEMPERATURE (F)
 TODAY
  MAXIMUM         54    200 PM  95    1925  72    -18       73
  MINIMUM         48    622 AM  29    1986  48      0       50
  AVERAGE         51                        60     -9       62

PRECIPITATION (IN)
  TODAY            0.42          1.80 1983   0.16   0.26     0.00
  MONTH TO DATE    3.88                      3.22   0.66     0.83
  SINCE MAR 1      7.67                      7.63   0.04     4.65
  SINCE JAN 1     14.25                     15.20  -0.95    11.23

SNOWFALL (IN)
  TODAY            0.0           0.0    MM   0.0    0.0      0.0
  MONTH TO DATE    0.0                       0.2   -0.2      0.0
  SINCE MAR 1      T                         1.3   -1.3       T
  SINCE JUL 1      0.7                       9.1   -8.4     24.0
  SNOW DEPTH       0

DEGREE DAYS
 HEATING
  TODAY           14                         6      8        3
  MONTH TO DATE  104                       213   -109      185
  SINCE MAR 1    543                       733   -190      534
  SINCE JUL 1   2924                      3931  -1007     3134

 COOLING
  TODAY            0                         1     -1        0
  MONTH TO DATE   55                        22     33       13
  SINCE MAR 1     61                        27     34       14
  SINCE JAN 1     65                        27     38       14
..................................................................


WIND (MPH)
  HIGHEST WIND SPEED    15   HIGHEST WIND DIRECTION    NE (40)
  HIGHEST GUST SPEED    22   HIGHEST GUST DIRECTION    NE (40)
  AVERAGE WIND SPEED    10.5


SKY COVER
  POSSIBLE SUNSHINE  MM
  AVERAGE SKY COVER 1.0


WEATHER CONDITIONS
 THE FOLLOWING WEATHER WAS RECORDED TODAY.
  RAIN
  LIGHT RAIN
  FOG


RELATIVE HUMIDITY (PERCENT)
 HIGHEST    93           400 AM
 LOWEST     83          1200 AM
 AVERAGE    88

..........................................................


THE BOWLING GREEN CLIMATE NORMALS FOR TOMORROW
                         NORMAL    RECORD    YEAR
 MAXIMUM TEMPERATURE (F)   72        96      1925
 MINIMUM TEMPERATURE (F)   48        28      1887


SUNRISE AND SUNSET
APRIL 23 2017.........SUNRISE   601 AM CDT   SUNSET   728 PM CDT
APRIL 24 2017.........SUNRISE   559 AM CDT   SUNSET   729 PM CDT


-  INDICATES NEGATIVE NUMBERS.
R  INDICATES RECORD WAS SET OR TIED.
MM INDICATES DATA IS MISSING.
T  INDICATES TRACE AMOUNT.




$$
