000
CDUS43 KLMK 130637
CLIBWG


CLIMATE REPORT
NATIONAL WEATHER SERVICE LOUISVILLE KY
237 AM EDT SUN APR 13 2014


...................................

...THE BOWLING GREEN KY CLIMATE SUMMARY FOR APRIL 12 2014...

CLIMATE NORMAL PERIOD 1981 TO 2010
CLIMATE RECORD PERIOD 1870 TO 2014


WEATHER ITEM   OBSERVED TIME   RECORD YEAR NORMAL DEPARTURE LAST
                VALUE   (LST)  VALUE       VALUE  FROM      YEAR
                                                  NORMAL
..................................................................
TEMPERATURE (F)
 YESTERDAY
  MAXIMUM         80    241 PM  94    1906  69     11       62
  MINIMUM         48    531 AM  26    1940  45      3       40
  AVERAGE         64                        57      7       51

PRECIPITATION (IN)
  YESTERDAY        0.00          3.01 1948   0.14  -0.14     0.00
  MONTH TO DATE    2.36                      1.62   0.74     2.23
  SINCE MAR 1      6.09                      6.03   0.06     7.44
  SINCE JAN 1     13.26                     13.60  -0.34    15.13

SNOWFALL (IN)
  YESTERDAY        0.0           0.0    MM   0.1   -0.1      0.0
  MONTH TO DATE    0.0                       0.2   -0.2      0.0
  SINCE MAR 1      5.1                       1.3    3.8      2.5
  SINCE JUL 1     10.4                       9.1    1.3      3.8
  SNOW DEPTH       0

DEGREE DAYS
 HEATING
  YESTERDAY        1                         9     -8       14
  MONTH TO DATE   79                       129    -50      119
  SINCE MAR 1    732                       649     83      796
  SINCE JUL 1   4341                      3847    494     3691

 COOLING
  YESTERDAY        0                         1     -1        0
  MONTH TO DATE    4                        11     -7       19
  SINCE MAR 1      4                        16    -12       19
  SINCE JAN 1      4                        16    -12       19
..................................................................


WIND (MPH)
  HIGHEST WIND SPEED    24   HIGHEST WIND DIRECTION     S (190)
  HIGHEST GUST SPEED    32   HIGHEST GUST DIRECTION     S (190)
  AVERAGE WIND SPEED     9.6


SKY COVER
  POSSIBLE SUNSHINE  MM
  AVERAGE SKY COVER 0.1


WEATHER CONDITIONS
 THE FOLLOWING WEATHER WAS RECORDED YESTERDAY.
  FOG
  FOG W/VISIBILITY <= 1/4 MILE


RELATIVE HUMIDITY (PERCENT)
 HIGHEST   100           400 AM
 LOWEST     39           400 PM
 AVERAGE    70

..........................................................


THE BOWLING GREEN KY CLIMATE NORMALS FOR TODAY
                         NORMAL    RECORD    YEAR
 MAXIMUM TEMPERATURE (F)   69        91      1930
 MINIMUM TEMPERATURE (F)   45        24      1950


SUNRISE AND SUNSET
APRIL 13 2014.........SUNRISE   614 AM CDT   SUNSET   719 PM CDT
APRIL 14 2014.........SUNRISE   613 AM CDT   SUNSET   720 PM CDT


-  INDICATES NEGATIVE NUMBERS.
R  INDICATES RECORD WAS SET OR TIED.
MM INDICATES DATA IS MISSING.
T  INDICATES TRACE AMOUNT.




$$
