000
CDUS43 KLMK 222029
CLIBWG


CLIMATE REPORT
NATIONAL WEATHER SERVICE LOUISVILLE KY
428 PM EDT THU SEP 22 2016


...................................

...THE BOWLING GREEN CLIMATE SUMMARY FOR SEPTEMBER 22 2016...
VALID TODAY AS OF 0400 PM LOCAL TIME.

CLIMATE NORMAL PERIOD 1981 TO 2010
CLIMATE RECORD PERIOD 1870 TO 2016


WEATHER ITEM   OBSERVED TIME   RECORD YEAR NORMAL DEPARTURE LAST
                VALUE   (LST)  VALUE       VALUE  FROM      YEAR
                                                  NORMAL
..................................................................
TEMPERATURE (F)
 TODAY
  MAXIMUM         91    209 PM  98    1931  80     11       84
  MINIMUM         61    433 AM  37    1983  55      6       48
                                      1918
                                      1913
  AVERAGE         76                        68      8       66

PRECIPITATION (IN)
  TODAY            0.00          2.48 2003   0.13  -0.13     0.00
  MONTH TO DATE    1.02                      2.87  -1.85     0.71
  SINCE SEP 1      1.02                      2.87  -1.85     0.71
  SINCE JAN 1     38.94                     36.43   2.51    35.75

SNOWFALL (IN)
  TODAY            0.0           0.0    MM   0.0    0.0      0.0
  MONTH TO DATE    0.0                       0.0    0.0      0.0
  SINCE SEP 1      0.0                       0.0    0.0      0.0
  SINCE JUL 1      0.0                       0.0    0.0      0.0
  SNOW DEPTH       0

DEGREE DAYS
 HEATING
  TODAY            0                         2     -2        0
  MONTH TO DATE    0                        11    -11        8
  SINCE SEP 1      0                        11    -11        8
  SINCE JUL 1      0                        12    -12        8

 COOLING
  TODAY           11                         4      7        1
  MONTH TO DATE  265                       159    106      193
  SINCE SEP 1    265                       159    106      193
  SINCE JAN 1   1824                      1428    396     1574
..................................................................


WIND (MPH)
  HIGHEST WIND SPEED    10   HIGHEST WIND DIRECTION     W (250)
  HIGHEST GUST SPEED    13   HIGHEST GUST DIRECTION    SW (220)
  AVERAGE WIND SPEED     1.8


SKY COVER
  POSSIBLE SUNSHINE   0 PERCENT
  AVERAGE SKY COVER 0.0


WEATHER CONDITIONS
 THE FOLLOWING WEATHER WAS RECORDED TODAY.
  NO SIGNIFICANT WEATHER WAS OBSERVED.


RELATIVE HUMIDITY (PERCENT)
 HIGHEST    MM
 LOWEST     MM
 AVERAGE    MM

..........................................................


THE BOWLING GREEN CLIMATE NORMALS FOR TOMORROW
                         NORMAL    RECORD    YEAR
 MAXIMUM TEMPERATURE (F)   79        95      2010
                                             1931
                                             1910
 MINIMUM TEMPERATURE (F)   55        37      1927
                                             1918


SUNRISE AND SUNSET
SEPTEMBER 22 2016.....SUNRISE   634 AM CDT   SUNSET   642 PM CDT
SEPTEMBER 23 2016.....SUNRISE   635 AM CDT   SUNSET   640 PM CDT


-  INDICATES NEGATIVE NUMBERS.
R  INDICATES RECORD WAS SET OR TIED.
MM INDICATES DATA IS MISSING.
T  INDICATES TRACE AMOUNT.




$$
