000
CDUS43 KLMK 022130
CLIBWG


CLIMATE REPORT
NATIONAL WEATHER SERVICE LOUISVILLE KY
430 PM EST MON MAR 2 2015


...................................

...THE BOWLING GREEN CLIMATE SUMMARY FOR MARCH 2 2015...
VALID TODAY AS OF 0400 PM LOCAL TIME.

CLIMATE NORMAL PERIOD 1981 TO 2010
CLIMATE RECORD PERIOD 1870 TO 2015


WEATHER ITEM   OBSERVED TIME   RECORD YEAR NORMAL DEPARTURE LAST
                VALUE   (LST)  VALUE       VALUE  FROM      YEAR
                                                  NORMAL
..................................................................
TEMPERATURE (F)
 TODAY
  MAXIMUM         46    300 PM  82    2012  55     -9       54
  MINIMUM         29    726 AM   6    1980  33     -4       26
  AVERAGE         38                        44     -6       40

PRECIPITATION (IN)
  TODAY            0.00          2.03 2014   0.14  -0.14     2.03
  MONTH TO DATE    0.22                      0.28  -0.06     2.03
  SINCE MAR 1      0.22                      0.28  -0.06     2.03
  SINCE JAN 1      6.10                      7.85  -1.75     9.20

SNOWFALL (IN)
  TODAY            0.0           8.3  1927   0.1   -0.1      1.4
  MONTH TO DATE    0.0                       0.1   -0.1      1.4
  SINCE MAR 1      0.0                       0.1   -0.1      1.4
  SINCE JUL 1     16.3                       7.9    8.4      6.7
  SNOW DEPTH       T

DEGREE DAYS
 HEATING
  TODAY           27                        21      6       25
  MONTH TO DATE   50                        42      8       40
  SINCE MAR 1     50                        42      8       40
  SINCE JUL 1   3585                      3240    345     3649

 COOLING
  TODAY            0                         0      0        0
  MONTH TO DATE    0                         0      0        0
  SINCE MAR 1      0                         0      0        0
  SINCE JAN 1      0                         0      0        0
..................................................................


WIND (MPH)
  HIGHEST WIND SPEED    15   HIGHEST WIND DIRECTION    NE (50)
  HIGHEST GUST SPEED    18   HIGHEST GUST DIRECTION    NE (40)
  AVERAGE WIND SPEED     8.2


SKY COVER
  POSSIBLE SUNSHINE  MM
  AVERAGE SKY COVER 0.4


WEATHER CONDITIONS
 THE FOLLOWING WEATHER WAS RECORDED TODAY.
  FOG


RELATIVE HUMIDITY (PERCENT)
 HIGHEST    89           200 AM
 LOWEST     45           100 PM
 AVERAGE    67

..........................................................


THE BOWLING GREEN CLIMATE NORMALS FOR TOMORROW
                         NORMAL    RECORD    YEAR
 MAXIMUM TEMPERATURE (F)   55        80      1976
 MINIMUM TEMPERATURE (F)   34         1      1980


SUNRISE AND SUNSET
MARCH  2 2015.........SUNRISE   616 AM CST   SUNSET   541 PM CST
MARCH  3 2015.........SUNRISE   614 AM CST   SUNSET   542 PM CST


-  INDICATES NEGATIVE NUMBERS.
R  INDICATES RECORD WAS SET OR TIED.
MM INDICATES DATA IS MISSING.
T  INDICATES TRACE AMOUNT.




$$
