000
CDUS43 KLMK 172030
CLIBWG


CLIMATE REPORT
NATIONAL WEATHER SERVICE LOUISVILLE KY
428 PM EDT THU APR 17 2014


...................................

...THE BOWLING GREEN CLIMATE SUMMARY FOR APRIL 17 2014...
VALID TODAY AS OF 0400 PM LOCAL TIME.

CLIMATE NORMAL PERIOD 1981 TO 2010
CLIMATE RECORD PERIOD 1870 TO 2014


WEATHER ITEM   OBSERVED TIME   RECORD YEAR NORMAL DEPARTURE LAST
                VALUE   (LST)  VALUE       VALUE  FROM      YEAR
                                                  NORMAL
..................................................................
TEMPERATURE (F)
 TODAY
  MAXIMUM         67    218 PM  90    1955  70     -3       87
                                      1914
                                      1909
  MINIMUM         39   1242 AM  18    1875  46     -7       64
  AVERAGE         53                        58     -5       76

PRECIPITATION (IN)
  TODAY            0.00          1.20 1982   0.14  -0.14      T
  MONTH TO DATE    3.05                      2.30   0.75     2.23
  SINCE MAR 1      6.78                      6.71   0.07     7.44
  SINCE JAN 1     13.95                     14.28  -0.33    15.13

SNOWFALL (IN)
  TODAY            0.0           0.0    MM   0.0    0.0      0.0
  MONTH TO DATE    T                         0.2   -0.2      0.0
  SINCE MAR 1      5.1                       1.3    3.8      2.5
  SINCE JUL 1     10.4                       9.1    1.3      3.8
  SNOW DEPTH       0

DEGREE DAYS
 HEATING
  TODAY           12                         8      4        0
  MONTH TO DATE  145                       171    -26      139
  SINCE MAR 1    798                       691    107      816
  SINCE JUL 1   4407                      3889    518     3711

 COOLING
  TODAY            0                         1     -1       11
  MONTH TO DATE   12                        16     -4       42
  SINCE MAR 1     12                        21     -9       42
  SINCE JAN 1     12                        21     -9       42
..................................................................


WIND (MPH)
  HIGHEST WIND SPEED    17   HIGHEST WIND DIRECTION     S (190)
  HIGHEST GUST SPEED    23   HIGHEST GUST DIRECTION     S (170)
  AVERAGE WIND SPEED     6.2


SKY COVER
  POSSIBLE SUNSHINE  MM
  AVERAGE SKY COVER 0.0


WEATHER CONDITIONS
 THE FOLLOWING WEATHER WAS RECORDED TODAY.
  NO SIGNIFICANT WEATHER WAS OBSERVED.


RELATIVE HUMIDITY (PERCENT)
 HIGHEST    79          1200 AM
 LOWEST     29           200 PM
 AVERAGE    54

..........................................................


THE BOWLING GREEN CLIMATE NORMALS FOR TOMORROW
                         NORMAL    RECORD    YEAR
 MAXIMUM TEMPERATURE (F)   71        90      1909
                                             1917
 MINIMUM TEMPERATURE (F)   46        20      1875


SUNRISE AND SUNSET
APRIL 17 2014.........SUNRISE   609 AM CDT   SUNSET   722 PM CDT
APRIL 18 2014.........SUNRISE   608 AM CDT   SUNSET   723 PM CDT


-  INDICATES NEGATIVE NUMBERS.
R  INDICATES RECORD WAS SET OR TIED.
MM INDICATES DATA IS MISSING.
T  INDICATES TRACE AMOUNT.




$$
