000
CDUS43 KLMK 242031
CLIBWG


CLIMATE REPORT
NATIONAL WEATHER SERVICE LOUISVILLE KY
431 PM EDT FRI OCT 24 2014


...................................

...THE BOWLING GREEN CLIMATE SUMMARY FOR OCTOBER 24 2014...
VALID TODAY AS OF 0400 PM LOCAL TIME.

CLIMATE NORMAL PERIOD 1981 TO 2010
CLIMATE RECORD PERIOD 1870 TO 2014


WEATHER ITEM   OBSERVED TIME   RECORD YEAR NORMAL DEPARTURE LAST
                VALUE   (LST)  VALUE       VALUE  FROM      YEAR
                                                  NORMAL
..................................................................
TEMPERATURE (F)
 TODAY
  MAXIMUM         68    202 PM  87    1921  69     -1       52
  MINIMUM         40    541 AM  24    1981  44     -4       30
  AVERAGE         54                        56     -2       41

PRECIPITATION (IN)
  TODAY            0.00          2.00 1913   0.11  -0.11     0.00
  MONTH TO DATE    4.98                      2.59   2.39     2.80
  SINCE SEP 1      5.35                      6.52  -1.17     7.89
  SINCE JAN 1     41.51                     40.08   1.43    50.59

SNOWFALL (IN)
  TODAY            0.0           0.0    MM   0.0    0.0      0.0
  MONTH TO DATE    0.0                       0.0    0.0      0.0
  SINCE SEP 1      0.0                       0.0    0.0      0.0
  SINCE JUL 1      0.0                       0.0    0.0      0.0
  SNOW DEPTH       0

DEGREE DAYS
 HEATING
  TODAY           11                         9      2       24
  MONTH TO DATE  140                       154    -14      160
  SINCE SEP 1    164                       189    -25      172
  SINCE JUL 1    164                       190    -26      172

 COOLING
  TODAY            0                         1     -1        0
  MONTH TO DATE   29                        33     -4       43
  SINCE SEP 1    208                       219    -11      235
  SINCE JAN 1   1485                      1488     -3     1495
..................................................................


WIND (MPH)
  HIGHEST WIND SPEED     6   HIGHEST WIND DIRECTION     S (170)
  HIGHEST GUST SPEED     8   HIGHEST GUST DIRECTION     S (170)
  AVERAGE WIND SPEED     0.7


SKY COVER
  POSSIBLE SUNSHINE  MM
  AVERAGE SKY COVER 0.2


WEATHER CONDITIONS
 THE FOLLOWING WEATHER WAS RECORDED TODAY.
  FOG
  FOG W/VISIBILITY <= 1/4 MILE


RELATIVE HUMIDITY (PERCENT)
 HIGHEST    93           700 AM
 LOWEST     40           100 PM
 AVERAGE    67

..........................................................


THE BOWLING GREEN CLIMATE NORMALS FOR TOMORROW
                         NORMAL    RECORD    YEAR
 MAXIMUM TEMPERATURE (F)   68        90      1921
 MINIMUM TEMPERATURE (F)   44        20      1903


SUNRISE AND SUNSET
OCTOBER 24 2014.......SUNRISE   702 AM CDT   SUNSET   557 PM CDT
OCTOBER 25 2014.......SUNRISE   703 AM CDT   SUNSET   556 PM CDT


-  INDICATES NEGATIVE NUMBERS.
R  INDICATES RECORD WAS SET OR TIED.
MM INDICATES DATA IS MISSING.
T  INDICATES TRACE AMOUNT.




$$
