000
CDUS43 KLMK 242028
CLIBWG


CLIMATE REPORT
NATIONAL WEATHER SERVICE LOUISVILLE KY
428 PM EDT MON APR 24 2017


...................................

...THE BOWLING GREEN CLIMATE SUMMARY FOR APRIL 24 2017...
VALID TODAY AS OF 0400 PM LOCAL TIME.

CLIMATE NORMAL PERIOD 1981 TO 2010
CLIMATE RECORD PERIOD 1870 TO 2017


WEATHER ITEM   OBSERVED TIME   RECORD YEAR NORMAL DEPARTURE LAST
                VALUE   (LST)  VALUE       VALUE  FROM      YEAR
                                                  NORMAL
..................................................................
TEMPERATURE (F)
 TODAY
  MAXIMUM         70    200 PM  96    1925  72     -2       80
  MINIMUM         53    711 AM  28    1887  48      5       45
  AVERAGE         62                        60      2       63

PRECIPITATION (IN)
  TODAY            0.00          2.07 2010   0.16  -0.16     0.00
  MONTH TO DATE    4.04                      3.38   0.66     0.83
  SINCE MAR 1      7.83                      7.79   0.04     4.65
  SINCE JAN 1     14.41                     15.36  -0.95    11.23

SNOWFALL (IN)
  TODAY            0.0           0.0    MM   0.0    0.0      0.0
  MONTH TO DATE    0.0                       0.2   -0.2      0.0
  SINCE MAR 1      T                         1.3   -1.3       T
  SINCE JUL 1      0.7                       9.1   -8.4     24.0
  SNOW DEPTH       0

DEGREE DAYS
 HEATING
  TODAY            3                         6     -3        2
  MONTH TO DATE  106                       219   -113      187
  SINCE MAR 1    545                       739   -194      536
  SINCE JUL 1   2926                      3937  -1011     3136

 COOLING
  TODAY            0                         1     -1        0
  MONTH TO DATE   55                        23     32       13
  SINCE MAR 1     61                        28     33       14
  SINCE JAN 1     65                        28     37       14
..................................................................


WIND (MPH)
  HIGHEST WIND SPEED     8   HIGHEST WIND DIRECTION     N (350)
  HIGHEST GUST SPEED    14   HIGHEST GUST DIRECTION     E (70)
  AVERAGE WIND SPEED     6.2


SKY COVER
  POSSIBLE SUNSHINE  MM
  AVERAGE SKY COVER 0.7


WEATHER CONDITIONS
 THE FOLLOWING WEATHER WAS RECORDED TODAY.
  NO SIGNIFICANT WEATHER WAS OBSERVED.


RELATIVE HUMIDITY (PERCENT)
 HIGHEST    93           300 AM
 LOWEST     57           100 PM
 AVERAGE    75

..........................................................


THE BOWLING GREEN CLIMATE NORMALS FOR TOMORROW
                         NORMAL    RECORD    YEAR
 MAXIMUM TEMPERATURE (F)   72        92      1915
 MINIMUM TEMPERATURE (F)   49        32      2013
                                             1927
                                             1910


SUNRISE AND SUNSET
APRIL 24 2017.........SUNRISE   559 AM CDT   SUNSET   729 PM CDT
APRIL 25 2017.........SUNRISE   558 AM CDT   SUNSET   730 PM CDT


-  INDICATES NEGATIVE NUMBERS.
R  INDICATES RECORD WAS SET OR TIED.
MM INDICATES DATA IS MISSING.
T  INDICATES TRACE AMOUNT.




$$
