000
CDUS43 KLMK 202138
CLIBWG


CLIMATE REPORT
NATIONAL WEATHER SERVICE LOUISVILLE KY
438 PM EST MON FEB 20 2017


...................................

...THE BOWLING GREEN CLIMATE SUMMARY FOR FEBRUARY 20 2017...
VALID TODAY AS OF 0400 PM LOCAL TIME.

CLIMATE NORMAL PERIOD 1981 TO 2010
CLIMATE RECORD PERIOD 1870 TO 2017


WEATHER ITEM   OBSERVED TIME   RECORD YEAR NORMAL DEPARTURE LAST
                VALUE   (LST)  VALUE       VALUE  FROM      YEAR
                                                  NORMAL
..................................................................
TEMPERATURE (F)
 TODAY
  MAXIMUM         76R   227 PM  75    2014  51     25       73
                                      1997
  MINIMUM         39    646 AM  -4    2015  31      8       53
  AVERAGE         58                        41     17       63

PRECIPITATION (IN)
  TODAY            0.00          1.81 1989   0.14  -0.14     0.00
  MONTH TO DATE    2.10                      2.85  -0.75     3.32
  SINCE DEC 1     11.90                     11.26   0.64    10.36
  SINCE JAN 1      6.26                      6.46  -0.20     5.13

SNOWFALL (IN)
  TODAY            0.0           6.0  1921   0.1   -0.1      0.0
  MONTH TO DATE    0.0                       2.7   -2.7      9.2
  SINCE DEC 1      0.7                       7.2   -6.5     24.0
  SINCE JUL 1      0.7                       7.2   -6.5     24.0
  SNOW DEPTH       0

DEGREE DAYS
 HEATING
  TODAY            7                        24    -17        2
  MONTH TO DATE  387                       524   -137      525
  SINCE DEC 1   1822                      2253   -431     1910
  SINCE JUL 1   2308                      3016   -708     2448

 COOLING
  TODAY            0                         0      0        0
  MONTH TO DATE    0                         0      0        0
  SINCE DEC 1      0                         1     -1        2
  SINCE JAN 1      0                         0      0        0
..................................................................


WIND (MPH)
  HIGHEST WIND SPEED    12   HIGHEST WIND DIRECTION     S (170)
  HIGHEST GUST SPEED    14   HIGHEST GUST DIRECTION     S (170)
  AVERAGE WIND SPEED     2.7


SKY COVER
  POSSIBLE SUNSHINE  MM
  AVERAGE SKY COVER 0.5


WEATHER CONDITIONS
 THE FOLLOWING WEATHER WAS RECORDED TODAY.
  FOG
  FOG W/VISIBILITY <= 1/4 MILE


RELATIVE HUMIDITY (PERCENT)
 HIGHEST   100           200 AM
 LOWEST     31           200 PM
 AVERAGE    66

..........................................................


THE BOWLING GREEN CLIMATE NORMALS FOR TOMORROW
                         NORMAL    RECORD    YEAR
 MAXIMUM TEMPERATURE (F)   52        75      1930
                                             1897
 MINIMUM TEMPERATURE (F)   31        -2      1870


SUNRISE AND SUNSET
FEBRUARY 20 2017......SUNRISE   628 AM CST   SUNSET   531 PM CST
FEBRUARY 21 2017......SUNRISE   627 AM CST   SUNSET   532 PM CST


-  INDICATES NEGATIVE NUMBERS.
R  INDICATES RECORD WAS SET OR TIED.
MM INDICATES DATA IS MISSING.
T  INDICATES TRACE AMOUNT.




$$
