000
CDUS43 KLMK 252030
CLIBWG


CLIMATE REPORT
NATIONAL WEATHER SERVICE LOUISVILLE KY
429 PM EDT SAT JUL 25 2015


...................................

...THE BOWLING GREEN CLIMATE SUMMARY FOR JULY 25 2015...
VALID TODAY AS OF 0400 PM LOCAL TIME.

CLIMATE NORMAL PERIOD 1981 TO 2010
CLIMATE RECORD PERIOD 1870 TO 2015


WEATHER ITEM   OBSERVED TIME   RECORD YEAR NORMAL DEPARTURE LAST
                VALUE   (LST)  VALUE       VALUE  FROM      YEAR
                                                  NORMAL
..................................................................
TEMPERATURE (F)
 TODAY
  MAXIMUM         88    212 PM 105    1934  90     -2       86
  MINIMUM         65    530 AM  51    1911  68     -3       54
  AVERAGE         77                        79     -2       70

PRECIPITATION (IN)
  TODAY            0.00          1.76 1895   0.12  -0.12     0.00
  MONTH TO DATE    5.79                      3.44   2.35     2.48
  SINCE JUN 1      8.90                      7.64   1.26     4.20
  SINCE JAN 1     33.09                     29.57   3.52    24.78

SNOWFALL (IN)
  TODAY            0.0           0.0    MM   0.0    0.0      0.0
  MONTH TO DATE    0.0                       0.0    0.0      0.0
  SINCE JUN 1      0.0                       0.0    0.0      0.0
  SINCE JUL 1      0.0                       0.0    0.0      0.0
  SNOW DEPTH       0

DEGREE DAYS
 HEATING
  TODAY            0                         0      0        0
  MONTH TO DATE    0                         0      0        0
  SINCE JUN 1      3                         5     -2        0
  SINCE JUL 1      0                         0      0        0

 COOLING
  TODAY           12                        14     -2        5
  MONTH TO DATE  389                       345     44      258
  SINCE JUN 1    768                       650    118      607
  SINCE JAN 1    971                       803    168      804
..................................................................


WIND (MPH)
  HIGHEST WIND SPEED     9   HIGHEST WIND DIRECTION    NE (50)
  HIGHEST GUST SPEED    12   HIGHEST GUST DIRECTION    NW (330)
  AVERAGE WIND SPEED     1.2


SKY COVER
  POSSIBLE SUNSHINE  MM
  AVERAGE SKY COVER 0.0


WEATHER CONDITIONS
 THE FOLLOWING WEATHER WAS RECORDED TODAY.
  FOG


RELATIVE HUMIDITY (PERCENT)
 HIGHEST    93           200 AM
 LOWEST     48          1100 AM
 AVERAGE    71

..........................................................


THE BOWLING GREEN CLIMATE NORMALS FOR TOMORROW
                         NORMAL    RECORD    YEAR
 MAXIMUM TEMPERATURE (F)   90       104      1930
 MINIMUM TEMPERATURE (F)   68        52      1911


SUNRISE AND SUNSET
JULY 25 2015..........SUNRISE   545 AM CDT   SUNSET   759 PM CDT
JULY 26 2015..........SUNRISE   546 AM CDT   SUNSET   758 PM CDT


-  INDICATES NEGATIVE NUMBERS.
R  INDICATES RECORD WAS SET OR TIED.
MM INDICATES DATA IS MISSING.
T  INDICATES TRACE AMOUNT.




$$
