000
CDUS43 KLMK 170636
CLIBWG


CLIMATE REPORT
NATIONAL WEATHER SERVICE LOUISVILLE KY
233 AM EDT FRI MAR 17 2017

...................................

...THE BOWLING GREEN KY CLIMATE SUMMARY FOR MARCH 16 2017...

CLIMATE NORMAL PERIOD 1981 TO 2010
CLIMATE RECORD PERIOD 1870 TO 2017


WEATHER ITEM   OBSERVED TIME   RECORD YEAR NORMAL DEPARTURE LAST
                VALUE   (LST)  VALUE       VALUE  FROM      YEAR
                                                  NORMAL
..................................................................
TEMPERATURE (F)
 YESTERDAY
  MAXIMUM         48    409 PM  84    1945  60    -12       75
  MINIMUM         19    614 AM  12    1900  37    -18       52
  AVERAGE         34                        48    -14       64

PRECIPITATION (IN)
  YESTERDAY        0.00          2.00 1936   0.15  -0.15      T
  MONTH TO DATE    1.86                      2.19  -0.33     1.74
  SINCE MAR 1      1.86                      2.19  -0.33     1.74
  SINCE JAN 1      8.44                      9.76  -1.32     8.32

SNOWFALL (IN)
  YESTERDAY        0.0           T    2014   0.1   -0.1      0.0
                                      2005
  MONTH TO DATE    T                         0.6   -0.6      0.0
  SINCE MAR 1      T                         0.6   -0.6      0.0
  SINCE JUL 1      0.7                       8.4   -7.7     24.0
  SNOW DEPTH       0

DEGREE DAYS
 HEATING
  YESTERDAY       31                        17     14        1
  MONTH TO DATE  320                       305     15      166
  SINCE MAR 1    320                       305     15      166
  SINCE JUL 1   2701                      3503   -802     2766

 COOLING
  YESTERDAY        0                         0      0        0
  MONTH TO DATE    0                         0      0        0
  SINCE MAR 1      0                         0      0        0
  SINCE JAN 1      4                         0      4        0
..................................................................


WIND (MPH)
  HIGHEST WIND SPEED     9   HIGHEST WIND DIRECTION    NW (320)
  HIGHEST GUST SPEED    13   HIGHEST GUST DIRECTION    NW (330)
  AVERAGE WIND SPEED     2.4


SKY COVER
  POSSIBLE SUNSHINE  MM
  AVERAGE SKY COVER 0.1


WEATHER CONDITIONS
 THE FOLLOWING WEATHER WAS RECORDED YESTERDAY.
  NO SIGNIFICANT WEATHER WAS OBSERVED.


RELATIVE HUMIDITY (PERCENT)
 HIGHEST    74           700 AM
 LOWEST     26           200 PM
 AVERAGE    50

..........................................................


THE BOWLING GREEN KY CLIMATE NORMALS FOR TODAY
                         NORMAL    RECORD    YEAR
 MAXIMUM TEMPERATURE (F)   60        86      1894
 MINIMUM TEMPERATURE (F)   37        16      1900


SUNRISE AND SUNSET
MARCH 17 2017.........SUNRISE   653 AM CDT   SUNSET   655 PM CDT
MARCH 18 2017.........SUNRISE   652 AM CDT   SUNSET   656 PM CDT


-  INDICATES NEGATIVE NUMBERS.
R  INDICATES RECORD WAS SET OR TIED.
MM INDICATES DATA IS MISSING.
T  INDICATES TRACE AMOUNT.

$$
04
