000
CDUS43 KLMK 232128
CLIBWG

CLIMATE REPORT
NATIONAL WEATHER SERVICE LOUISVILLE KY
425 PM EST TUE DEC 23 2014


...................................

...THE BOWLING GREEN CLIMATE SUMMARY FOR DECEMBER 23 2014...
VALID TODAY AS OF 0400 PM LOCAL TIME.

CLIMATE NORMAL PERIOD 1981 TO 2010
CLIMATE RECORD PERIOD 1870 TO 2014


WEATHER ITEM   OBSERVED TIME   RECORD YEAR NORMAL DEPARTURE LAST
                VALUE   (LST)  VALUE       VALUE  FROM      YEAR
                                                  NORMAL
..................................................................
TEMPERATURE (F)
 TODAY
  MAXIMUM         58    300 PM  72    1895  46     12       39
  MINIMUM         54        MM -11    1989  28     26       28
  AVERAGE         56                        37     19       34

PRECIPITATION (IN)
  TODAY            0.01          1.27 1979   0.15  -0.14      T
  MONTH TO DATE    1.15                      3.69  -2.54     4.54
  SINCE DEC 1      1.15                      3.69  -2.54     4.54
  SINCE JAN 1     45.58                     48.78  -3.20    59.19

SNOWFALL (IN)
  TODAY            0.0           6.0  1966   0.1   -0.1      0.0
  MONTH TO DATE    T                         0.7   -0.7      0.1
  SINCE DEC 1      T                         0.7   -0.7      0.1
  SINCE JUL 1      0.3                       0.7   -0.4      1.2
  SNOW DEPTH       0

DEGREE DAYS
 HEATING
  TODAY            9                        28    -19       31
  MONTH TO DATE  515                       589    -74      545
  SINCE DEC 1    515                       589    -74      545
  SINCE JUL 1   1412                      1352     60     1425

 COOLING
  TODAY            0                         0      0        0
  MONTH TO DATE    0                         0      0        2
  SINCE DEC 1      0                         0      0        2
  SINCE JAN 1   1488                      1491     -3     1501
..................................................................


WIND (MPH)
  HIGHEST WIND SPEED    16   HIGHEST WIND DIRECTION     S (180)
  HIGHEST GUST SPEED    22   HIGHEST GUST DIRECTION     S (170)
  AVERAGE WIND SPEED     8.7


SKY COVER
  POSSIBLE SUNSHINE  MM
  AVERAGE SKY COVER 1.0


WEATHER CONDITIONS
 THE FOLLOWING WEATHER WAS RECORDED TODAY.
  LIGHT RAIN
  FOG


RELATIVE HUMIDITY (PERCENT)
 HIGHEST    93           700 AM
 LOWEST     83          1200 AM
 AVERAGE    88

..........................................................


THE BOWLING GREEN CLIMATE NORMALS FOR TOMORROW
                         NORMAL    RECORD    YEAR
 MAXIMUM TEMPERATURE (F)   46        73      1964
 MINIMUM TEMPERATURE (F)   28        -6      1989


SUNRISE AND SUNSET
DECEMBER 23 2014......SUNRISE   656 AM CST   SUNSET   434 PM CST
DECEMBER 24 2014......SUNRISE   657 AM CST   SUNSET   434 PM CST


-  INDICATES NEGATIVE NUMBERS.
R  INDICATES RECORD WAS SET OR TIED.
MM INDICATES DATA IS MISSING.
T  INDICATES TRACE AMOUNT.




$$
