000
CDUS43 KLMK 230921
CLIBWG


CLIMATE REPORT
NATIONAL WEATHER SERVICE LOUISVILLE KY
419 AM EST TUE DEC 23 2014

...................................

...THE BOWLING GREEN KY CLIMATE SUMMARY FOR DECEMBER 22 2014...

CLIMATE NORMAL PERIOD 1981 TO 2010
CLIMATE RECORD PERIOD 1870 TO 2014


WEATHER ITEM   OBSERVED TIME   RECORD YEAR NORMAL DEPARTURE LAST
                VALUE   (LST)  VALUE       VALUE  FROM      YEAR
                                                  NORMAL
..................................................................
TEMPERATURE (F)
 YESTERDAY
  MAXIMUM         56    327 PM  66    1941  46     10       62
  MINIMUM         31    131 AM -14    1989  28      3       38
  AVERAGE         44                        37      7       50

PRECIPITATION (IN)
  YESTERDAY        0.04          1.76 2004   0.15  -0.11     0.30
  MONTH TO DATE    1.14                      3.54  -2.40     4.54
  SINCE DEC 1      1.14                      3.54  -2.40     4.54
  SINCE JAN 1     45.57                     48.63  -3.06    59.19

SNOWFALL (IN)
  YESTERDAY        0.0           6.0  1963   0.0    0.0      0.0
  MONTH TO DATE    T                         0.6   -0.6      0.1
  SINCE DEC 1      T                         0.6   -0.6      0.1
  SINCE JUL 1      0.3                       0.6   -0.3      1.2
  SNOW DEPTH       0

DEGREE DAYS
 HEATING
  YESTERDAY       21                        28     -7       15
  MONTH TO DATE  506                       561    -55      514
  SINCE DEC 1    506                       561    -55      514
  SINCE JUL 1   1403                      1324     79     1394

 COOLING
  YESTERDAY        0                         0      0        0
  MONTH TO DATE    0                         0      0        2
  SINCE DEC 1      0                         0      0        2
  SINCE JAN 1   1488                      1491     -3     1501
..................................................................


WIND (MPH)
  HIGHEST WIND SPEED    17   HIGHEST WIND DIRECTION     S (180)
  HIGHEST GUST SPEED    24   HIGHEST GUST DIRECTION     S (180)
  AVERAGE WIND SPEED     7.6


SKY COVER
  POSSIBLE SUNSHINE  MM
  AVERAGE SKY COVER 0.8


WEATHER CONDITIONS
 THE FOLLOWING WEATHER WAS RECORDED YESTERDAY.
  LIGHT RAIN


RELATIVE HUMIDITY (PERCENT)
 HIGHEST    83          1100 PM
 LOWEST     66          1000 AM
 AVERAGE    75

..........................................................


THE BOWLING GREEN KY CLIMATE NORMALS FOR TODAY
                         NORMAL    RECORD    YEAR
 MAXIMUM TEMPERATURE (F)   46        72      1895
 MINIMUM TEMPERATURE (F)   28       -11      1989


SUNRISE AND SUNSET
DECEMBER 23 2014......SUNRISE   656 AM CST   SUNSET   434 PM CST
DECEMBER 24 2014......SUNRISE   657 AM CST   SUNSET   434 PM CST


-  INDICATES NEGATIVE NUMBERS.
R  INDICATES RECORD WAS SET OR TIED.
MM INDICATES DATA IS MISSING.
T  INDICATES TRACE AMOUNT.

$$
04
