000
CDUS43 KLMK 170631
CLIBWG


CLIMATE REPORT
NATIONAL WEATHER SERVICE LOUISVILLE KY
229 AM EDT SUN AUG 17 2014


...................................

...THE BOWLING GREEN KY CLIMATE SUMMARY FOR AUGUST 16 2014...

CLIMATE NORMAL PERIOD 1981 TO 2010
CLIMATE RECORD PERIOD 1870 TO 2014


WEATHER ITEM   OBSERVED TIME   RECORD YEAR NORMAL DEPARTURE LAST
                VALUE   (LST)  VALUE       VALUE  FROM      YEAR
                                                  NORMAL
..................................................................
TEMPERATURE (F)
 YESTERDAY
  MAXIMUM         84    252 PM 106    2007  89     -5       78
  MINIMUM         68    511 AM  50    1963  66      2       60
                                      1889
  AVERAGE         76                        78     -2       69

PRECIPITATION (IN)
  YESTERDAY        0.00          1.91 1986   0.11  -0.11      T
  MONTH TO DATE    4.60                      1.60   3.00     3.49
  SINCE JUN 1      8.85                      9.90  -1.05    15.53
  SINCE JAN 1     29.43                     31.83  -2.40    40.06

SNOWFALL (IN)
  YESTERDAY        0.0           0.0    MM   0.0    0.0      0.0
  MONTH TO DATE    0.0                       0.0    0.0      0.0
  SINCE JUN 1      0.0                       0.0    0.0      0.0
  SINCE JUL 1      0.0                       0.0    0.0      0.0
  SNOW DEPTH       0

DEGREE DAYS
 HEATING
  YESTERDAY        0                         0      0        0
  MONTH TO DATE    0                         0      0        0
  SINCE JUN 1      0                         5     -5        0
  SINCE JUL 1      0                         0      0        0

 COOLING
  YESTERDAY       11                        13     -2        4
  MONTH TO DATE  186                       209    -23      163
  SINCE JUN 1    852                       937    -85      853
  SINCE JAN 1   1049                      1090    -41     1066
..................................................................


WIND (MPH)
  HIGHEST WIND SPEED    10   HIGHEST WIND DIRECTION     W (270)
  HIGHEST GUST SPEED    14   HIGHEST GUST DIRECTION     W (290)
  AVERAGE WIND SPEED     2.9


SKY COVER
  POSSIBLE SUNSHINE  MM
  AVERAGE SKY COVER 0.2


WEATHER CONDITIONS
 THE FOLLOWING WEATHER WAS RECORDED YESTERDAY.
  NO SIGNIFICANT WEATHER WAS OBSERVED.


RELATIVE HUMIDITY (PERCENT)
 HIGHEST    87           400 AM
 LOWEST     47           300 PM
 AVERAGE    67

..........................................................


THE BOWLING GREEN KY CLIMATE NORMALS FOR TODAY
                         NORMAL    RECORD    YEAR
 MAXIMUM TEMPERATURE (F)   89       101      1936
                                             1918
 MINIMUM TEMPERATURE (F)   66        53      2004
                                             1979


SUNRISE AND SUNSET
AUGUST 17 2014........SUNRISE   604 AM CDT   SUNSET   735 PM CDT
AUGUST 18 2014........SUNRISE   605 AM CDT   SUNSET   733 PM CDT


-  INDICATES NEGATIVE NUMBERS.
R  INDICATES RECORD WAS SET OR TIED.
MM INDICATES DATA IS MISSING.
T  INDICATES TRACE AMOUNT.




$$
