000
CDUS43 KLMK 180631
CLIBWG


CLIMATE REPORT
NATIONAL WEATHER SERVICE LOUISVILLE KY
230 AM EDT MON MAY 18 2015


...................................

...THE BOWLING GREEN KY CLIMATE SUMMARY FOR MAY 17 2015...

CLIMATE NORMAL PERIOD 1981 TO 2010
CLIMATE RECORD PERIOD 1870 TO 2015


WEATHER ITEM   OBSERVED TIME   RECORD YEAR NORMAL DEPARTURE LAST
                VALUE   (LST)  VALUE       VALUE  FROM      YEAR
                                                  NORMAL
..................................................................
TEMPERATURE (F)
 YESTERDAY
  MAXIMUM         84    248 PM  94    1931  78      6       63
                                      1911
                                      1906
  MINIMUM         66   1059 PM  40    1973  55     11       46
                                      1895
  AVERAGE         75                        67      8       55

PRECIPITATION (IN)
  YESTERDAY        0.46          2.48 1980   0.18   0.28     0.00
  MONTH TO DATE    2.00                      3.18  -1.18     2.90
  SINCE MAR 1     17.35                     11.93   5.42    13.20
  SINCE JAN 1     23.23                     19.50   3.73    20.37

SNOWFALL (IN)
  YESTERDAY        0.0           0.0    MM   0.0    0.0      0.0
  MONTH TO DATE    0.0                       0.0    0.0      0.0
  SINCE MAR 1      7.2                       1.3    5.9      5.1
  SINCE JUL 1     23.5                       9.1   14.4     10.4
  SNOW DEPTH       0

DEGREE DAYS
 HEATING
  YESTERDAY        0                         2     -2       10
  MONTH TO DATE   19                        55    -36       62
  SINCE MAR 1    731                       826    -95      910
  SINCE JUL 1   4266                      4024    242     4519

 COOLING
  YESTERDAY       10                         4      6        0
  MONTH TO DATE   90                        45     45       74
  SINCE MAR 1    125                        81     44       88
  SINCE JAN 1    125                        81     44       88
..................................................................


WIND (MPH)
  HIGHEST WIND SPEED    26   HIGHEST WIND DIRECTION    SW (230)
  HIGHEST GUST SPEED    37   HIGHEST GUST DIRECTION    SW (220)
  AVERAGE WIND SPEED     9.5


SKY COVER
  POSSIBLE SUNSHINE  MM
  AVERAGE SKY COVER 0.5


WEATHER CONDITIONS
 THE FOLLOWING WEATHER WAS RECORDED YESTERDAY.
  THUNDERSTORM
  HEAVY RAIN
  RAIN
  LIGHT RAIN
  FOG


RELATIVE HUMIDITY (PERCENT)
 HIGHEST    93          1000 PM
 LOWEST     58           400 PM
 AVERAGE    76

..........................................................


THE BOWLING GREEN KY CLIMATE NORMALS FOR TODAY
                         NORMAL    RECORD    YEAR
 MAXIMUM TEMPERATURE (F)   78        96      1911
 MINIMUM TEMPERATURE (F)   56        39      1894


SUNRISE AND SUNSET
MAY 18 2015...........SUNRISE   536 AM CDT   SUNSET   749 PM CDT
MAY 19 2015...........SUNRISE   535 AM CDT   SUNSET   750 PM CDT


-  INDICATES NEGATIVE NUMBERS.
R  INDICATES RECORD WAS SET OR TIED.
MM INDICATES DATA IS MISSING.
T  INDICATES TRACE AMOUNT.




$$
