000
CDUS43 KLMK 190627
CLIBWG


CLIMATE REPORT
NATIONAL WEATHER SERVICE LOUISVILLE KY
226 AM EDT MON SEP 19 2016


...................................

...THE BOWLING GREEN KY CLIMATE SUMMARY FOR SEPTEMBER 18 2016...

CLIMATE NORMAL PERIOD 1981 TO 2010
CLIMATE RECORD PERIOD 1870 TO 2016


WEATHER ITEM   OBSERVED TIME   RECORD YEAR NORMAL DEPARTURE LAST
                VALUE   (LST)  VALUE       VALUE  FROM      YEAR
                                                  NORMAL
..................................................................
TEMPERATURE (F)
 YESTERDAY
  MAXIMUM         87    125 PM 100    1931  81      6       89
  MINIMUM         71   1159 PM  35    1903  57     14       57
  AVERAGE         79                        69     10       73

PRECIPITATION (IN)
  YESTERDAY        0.00          1.85 1915   0.13  -0.13     0.00
  MONTH TO DATE    1.02                      2.36  -1.34     0.71
  SINCE SEP 1      1.02                      2.36  -1.34     0.71
  SINCE JAN 1     38.94                     35.92   3.02    35.75

SNOWFALL (IN)
  YESTERDAY        0.0           0.0    MM   0.0    0.0      0.0
  MONTH TO DATE    0.0                       0.0    0.0      0.0
  SINCE SEP 1      0.0                       0.0    0.0      0.0
  SINCE JUL 1      0.0                       0.0    0.0      0.0
  SNOW DEPTH       0

DEGREE DAYS
 HEATING
  YESTERDAY        0                         1     -1        0
  MONTH TO DATE    0                         5     -5        8
  SINCE SEP 1      0                         5     -5        8
  SINCE JUL 1      0                         6     -6        8

 COOLING
  YESTERDAY       14                         5      9        8
  MONTH TO DATE  223                       140     83      178
  SINCE SEP 1    223                       140     83      178
  SINCE JAN 1   1782                      1409    373     1559
..................................................................


WIND (MPH)
  HIGHEST WIND SPEED    10   HIGHEST WIND DIRECTION    NW (310)
  HIGHEST GUST SPEED    13   HIGHEST GUST DIRECTION     W (290)
  AVERAGE WIND SPEED     1.5


SKY COVER
  POSSIBLE SUNSHINE  MM
  AVERAGE SKY COVER 0.5


WEATHER CONDITIONS
 THE FOLLOWING WEATHER WAS RECORDED YESTERDAY.
  FOG


RELATIVE HUMIDITY (PERCENT)
 HIGHEST    93          1200 AM
 LOWEST     55          1200 PM
 AVERAGE    74

..........................................................


THE BOWLING GREEN KY CLIMATE NORMALS FOR TODAY
                         NORMAL    RECORD    YEAR
 MAXIMUM TEMPERATURE (F)   81       100      1931
                                             1925
 MINIMUM TEMPERATURE (F)   57        36      1903


SUNRISE AND SUNSET
SEPTEMBER 19 2016.....SUNRISE   632 AM CDT   SUNSET   646 PM CDT
SEPTEMBER 20 2016.....SUNRISE   632 AM CDT   SUNSET   645 PM CDT


-  INDICATES NEGATIVE NUMBERS.
R  INDICATES RECORD WAS SET OR TIED.
MM INDICATES DATA IS MISSING.
T  INDICATES TRACE AMOUNT.




$$
