000
CDUS43 KLMK 242031 RRD
CLIBWG

CLIMATE REPORT
NATIONAL WEATHER SERVICE LOUISVILLE KY
428 PM EDT TUE MAY 24 2016


...................................

...THE BOWLING GREEN CLIMATE SUMMARY FOR MAY 24 2016...
VALID TODAY AS OF 0400 PM LOCAL TIME.

CLIMATE NORMAL PERIOD 1981 TO 2010
CLIMATE RECORD PERIOD 1870 TO 2016


WEATHER ITEM   OBSERVED TIME   RECORD YEAR NORMAL DEPARTURE LAST
                VALUE   (LST)  VALUE       VALUE  FROM      YEAR
                                                  NORMAL
..................................................................
TEMPERATURE (F)
 TODAY
  MAXIMUM         85    200 PM  96    1912  80      5       86
  MINIMUM         50    712 AM  39    1931  57     -7       57
                                      1893
  AVERAGE         68                        69     -1       72

PRECIPITATION (IN)
  TODAY            0.00          1.92 2000   0.17  -0.17     0.00
  MONTH TO DATE    4.43                      4.39   0.04     2.20
  SINCE MAR 1      9.78                     13.14  -3.36    17.55
  SINCE JAN 1     16.36                     20.71  -4.35    23.43

SNOWFALL (IN)
  TODAY            0.0           0.0    MM   0.0    0.0      0.0
  MONTH TO DATE    0.0                       0.0    0.0      0.0
  SINCE MAR 1      T                         1.3   -1.3      7.2
  SINCE JUL 1     24.0                       9.1   14.9     23.5
  SNOW DEPTH       0

DEGREE DAYS
 HEATING
  TODAY            0                         1     -1        0
  MONTH TO DATE   93                        67     26       38
  SINCE MAR 1    630                       838   -208      750
  SINCE JUL 1   3230                      4036   -806     4285

 COOLING
  TODAY            3                         5     -2        7
  MONTH TO DATE   53                        77    -24      107
  SINCE MAR 1     97                       113    -16      142
  SINCE JAN 1     97                       113    -16      142
..................................................................


WIND (MPH)
  HIGHEST WIND SPEED     9   HIGHEST WIND DIRECTION    SW (210)
  HIGHEST GUST SPEED    10   HIGHEST GUST DIRECTION     S (170)
  AVERAGE WIND SPEED     3.0


SKY COVER
  POSSIBLE SUNSHINE   0 PERCENT
  AVERAGE SKY COVER 0.0


WEATHER CONDITIONS
 THE FOLLOWING WEATHER WAS RECORDED TODAY.
  NO SIGNIFICANT WEATHER WAS OBSERVED.


RELATIVE HUMIDITY (PERCENT)
 HIGHEST     0          1200 AM
 LOWEST      0          1200 AM
 AVERAGE     0

..........................................................


THE BOWLING GREEN CLIMATE NORMALS FOR TOMORROW
                         NORMAL    RECORD    YEAR
 MAXIMUM TEMPERATURE (F)   80        99      1926
 MINIMUM TEMPERATURE (F)   58        38      1925


SUNRISE AND SUNSET
MAY 24 2016...........SUNRISE   531 AM CDT   SUNSET   754 PM CDT
MAY 25 2016...........SUNRISE   531 AM CDT   SUNSET   755 PM CDT


-  INDICATES NEGATIVE NUMBERS.
R  INDICATES RECORD WAS SET OR TIED.
MM INDICATES DATA IS MISSING.
T  INDICATES TRACE AMOUNT.




$$
