000
CDUS43 KLMK 160627
CLIBWG


CLIMATE REPORT
NATIONAL WEATHER SERVICE LOUISVILLE KY
226 AM EDT SAT JUL 16 2016


...................................

...THE BOWLING GREEN KY CLIMATE SUMMARY FOR JULY 15 2016...

CLIMATE NORMAL PERIOD 1981 TO 2010
CLIMATE RECORD PERIOD 1870 TO 2016


WEATHER ITEM   OBSERVED TIME   RECORD YEAR NORMAL DEPARTURE LAST
                VALUE   (LST)  VALUE       VALUE  FROM      YEAR
                                                  NORMAL
..................................................................
TEMPERATURE (F)
 YESTERDAY
  MAXIMUM         91    351 PM 105    1980  90      1       86
  MINIMUM         67    507 AM  50    1926  68     -1       71
  AVERAGE         79                        79      0       79

PRECIPITATION (IN)
  YESTERDAY        0.00          2.50 1917   0.14  -0.14     0.00
  MONTH TO DATE    6.66                      2.15   4.51     5.22
  SINCE JUN 1      9.13                      6.35   2.78     8.33
  SINCE JAN 1     28.30                     28.28   0.02    32.52

SNOWFALL (IN)
  YESTERDAY        0.0           0.0    MM   0.0    0.0      0.0
  MONTH TO DATE    0.0                       0.0    0.0      0.0
  SINCE JUN 1      0.0                       0.0    0.0      0.0
  SINCE JUL 1      0.0                       0.0    0.0      0.0
  SNOW DEPTH       0

DEGREE DAYS
 HEATING
  YESTERDAY        0                         0      0        0
  MONTH TO DATE    0                         0      0        0
  SINCE JUN 1      0                         5     -5        3
  SINCE JUL 1      0                         0      0        0

 COOLING
  YESTERDAY       14                        14      0       14
  MONTH TO DATE  230                       205     25      233
  SINCE JUN 1    623                       510    113      612
  SINCE JAN 1    789                       663    126      815
..................................................................


WIND (MPH)
  HIGHEST WIND SPEED    13   HIGHEST WIND DIRECTION     N (350)
  HIGHEST GUST SPEED    20   HIGHEST GUST DIRECTION     N (340)
  AVERAGE WIND SPEED     3.4


SKY COVER
  POSSIBLE SUNSHINE  MM
  AVERAGE SKY COVER 0.1


WEATHER CONDITIONS
 THE FOLLOWING WEATHER WAS RECORDED YESTERDAY.
  FOG


RELATIVE HUMIDITY (PERCENT)
 HIGHEST    93           400 AM
 LOWEST     47           300 PM
 AVERAGE    70

..........................................................


THE BOWLING GREEN KY CLIMATE NORMALS FOR TODAY
                         NORMAL    RECORD    YEAR
 MAXIMUM TEMPERATURE (F)   90       107      1980
 MINIMUM TEMPERATURE (F)   68        51      1886


SUNRISE AND SUNSET
JULY 16 2016..........SUNRISE   539 AM CDT   SUNSET   804 PM CDT
JULY 17 2016..........SUNRISE   540 AM CDT   SUNSET   804 PM CDT


-  INDICATES NEGATIVE NUMBERS.
R  INDICATES RECORD WAS SET OR TIED.
MM INDICATES DATA IS MISSING.
T  INDICATES TRACE AMOUNT.




$$
