000
CDUS43 KLMK 272035
CLIBWG


CLIMATE REPORT
NATIONAL WEATHER SERVICE LOUISVILLE KY
435 PM EDT SAT JUN 27 2015


...................................

...THE BOWLING GREEN CLIMATE SUMMARY FOR JUNE 27 2015...
VALID TODAY AS OF 0400 PM LOCAL TIME.

CLIMATE NORMAL PERIOD 1981 TO 2010
CLIMATE RECORD PERIOD 1870 TO 2015


WEATHER ITEM   OBSERVED TIME   RECORD YEAR NORMAL DEPARTURE LAST
                VALUE   (LST)  VALUE       VALUE  FROM      YEAR
                                                  NORMAL
..................................................................
TEMPERATURE (F)
 TODAY
  MAXIMUM         78    220 PM 104    1914  89    -11       90
  MINIMUM         71   1104 AM  52    1958  67      4       71
  AVERAGE         75                        78     -3       81

PRECIPITATION (IN)
  TODAY            T             1.48 1973   0.13  -0.13      T
  MONTH TO DATE    2.81                      3.81  -1.00     1.58
  SINCE JUN 1      2.81                      3.81  -1.00     1.58
  SINCE JAN 1     27.00                     25.74   1.26    22.16

SNOWFALL (IN)
  TODAY            0.0           0.0    MM   0.0    0.0      0.0
  MONTH TO DATE    0.0                       0.0    0.0      0.0
  SINCE JUN 1      0.0                       0.0    0.0      0.0
  SINCE JUL 1     23.5                       9.1   14.4     10.4
  SNOW DEPTH       0

DEGREE DAYS
 HEATING
  TODAY            0                         0      0        0
  MONTH TO DATE    3                         3      0        0
  SINCE JUN 1      3                         3      0        0
  SINCE JUL 1   4288                      4046    242     4533

 COOLING
  TODAY           10                        13     -3       16
  MONTH TO DATE  351                       266     85      303
  SINCE JUN 1    351                       266     85      303
  SINCE JAN 1    554                       419    135      500
..................................................................


WIND (MPH)
  HIGHEST WIND SPEED    15   HIGHEST WIND DIRECTION     W (290)
  HIGHEST GUST SPEED    15   HIGHEST GUST DIRECTION    NW (320)
  AVERAGE WIND SPEED     8.6


SKY COVER
  POSSIBLE SUNSHINE  MM
  AVERAGE SKY COVER 0.9


WEATHER CONDITIONS
 THE FOLLOWING WEATHER WAS RECORDED TODAY.
  NO SIGNIFICANT WEATHER WAS OBSERVED.


RELATIVE HUMIDITY (PERCENT)
 HIGHEST    93          1200 AM
 LOWEST     60           100 PM
 AVERAGE    77

..........................................................


THE BOWLING GREEN CLIMATE NORMALS FOR TOMORROW
                         NORMAL    RECORD    YEAR
 MAXIMUM TEMPERATURE (F)   89       106      2012
                                             1936
 MINIMUM TEMPERATURE (F)   67        50      1926


SUNRISE AND SUNSET
JUNE 27 2015..........SUNRISE   528 AM CDT   SUNSET   809 PM CDT
JUNE 28 2015..........SUNRISE   529 AM CDT   SUNSET   809 PM CDT


-  INDICATES NEGATIVE NUMBERS.
R  INDICATES RECORD WAS SET OR TIED.
MM INDICATES DATA IS MISSING.
T  INDICATES TRACE AMOUNT.




$$
