000
CDUS43 KLMK 212045
CLIBWG


CLIMATE REPORT
NATIONAL WEATHER SERVICE LOUISVILLE KY
444 PM EDT TUE OCT 21 2014


...................................

...THE BOWLING GREEN CLIMATE SUMMARY FOR OCTOBER 21 2014...
VALID TODAY AS OF 0400 PM LOCAL TIME.

CLIMATE NORMAL PERIOD 1981 TO 2010
CLIMATE RECORD PERIOD 1870 TO 2014


WEATHER ITEM   OBSERVED TIME   RECORD YEAR NORMAL DEPARTURE LAST
                VALUE   (LST)  VALUE       VALUE  FROM      YEAR
                                                  NORMAL
..................................................................
TEMPERATURE (F)
 TODAY
  MAXIMUM         69    156 PM  88    1963  70     -1       70
                                      1934
  MINIMUM         43    602 AM  25    1952  45     -2       35
  AVERAGE         56                        57     -1       53

PRECIPITATION (IN)
  TODAY            0.00          2.21 1929   0.10  -0.10      T
  MONTH TO DATE    4.98                      2.26   2.72     2.64
  SINCE SEP 1      5.35                      6.19  -0.84     7.73
  SINCE JAN 1     41.51                     39.75   1.76    50.43

SNOWFALL (IN)
  TODAY            0.0           0.0    MM   0.0    0.0      0.0
  MONTH TO DATE    0.0                       0.0    0.0      0.0
  SINCE SEP 1      0.0                       0.0    0.0      0.0
  SINCE JUL 1      0.0                       0.0    0.0      0.0
  SNOW DEPTH       0

DEGREE DAYS
 HEATING
  TODAY            9                         9      0       12
  MONTH TO DATE  101                       127    -26      101
  SINCE SEP 1    125                       162    -37      113
  SINCE JUL 1    125                       163    -38      113

 COOLING
  TODAY            0                         1     -1        0
  MONTH TO DATE   29                        30     -1       43
  SINCE SEP 1    208                       216     -8      235
  SINCE JAN 1   1485                      1485      0     1495
..................................................................


WIND (MPH)
  HIGHEST WIND SPEED    10   HIGHEST WIND DIRECTION     N (340)
  HIGHEST GUST SPEED    16   HIGHEST GUST DIRECTION     N (10)
  AVERAGE WIND SPEED     2.4


SKY COVER
  POSSIBLE SUNSHINE  MM
  AVERAGE SKY COVER 0.1


WEATHER CONDITIONS
 THE FOLLOWING WEATHER WAS RECORDED TODAY.
  FOG
  FOG W/VISIBILITY <= 1/4 MILE


RELATIVE HUMIDITY (PERCENT)
 HIGHEST    93           200 AM
 LOWEST     42           200 PM
 AVERAGE    68

..........................................................


THE BOWLING GREEN CLIMATE NORMALS FOR TOMORROW
                         NORMAL    RECORD    YEAR
 MAXIMUM TEMPERATURE (F)   69        88      1947
 MINIMUM TEMPERATURE (F)   44        23      1987


SUNRISE AND SUNSET
OCTOBER 21 2014.......SUNRISE   659 AM CDT   SUNSET   601 PM CDT
OCTOBER 22 2014.......SUNRISE   700 AM CDT   SUNSET   600 PM CDT


-  INDICATES NEGATIVE NUMBERS.
R  INDICATES RECORD WAS SET OR TIED.
MM INDICATES DATA IS MISSING.
T  INDICATES TRACE AMOUNT.




$$
