000
CDUS43 KLMK 232035
CLIBWG

CLIMATE REPORT
NATIONAL WEATHER SERVICE LOUISVILLE KY
426 PM EDT MON MAR 23 2015


...................................

...THE BOWLING GREEN CLIMATE SUMMARY FOR MARCH 23 2015...
VALID TODAY AS OF 0400 PM LOCAL TIME.

CLIMATE NORMAL PERIOD 1981 TO 2010
CLIMATE RECORD PERIOD 1870 TO 2015


WEATHER ITEM   OBSERVED TIME   RECORD YEAR NORMAL DEPARTURE LAST
                VALUE   (LST)  VALUE       VALUE  FROM      YEAR
                                                  NORMAL
..................................................................
TEMPERATURE (F)
 TODAY
  MAXIMUM         67    200 PM  90    1910  62      5       51
  MINIMUM         37    710 AM   4    1885  39     -2       33
  AVERAGE         52                        51      1       42

PRECIPITATION (IN)
  TODAY            0.00          1.22 1975   0.15  -0.15     0.00
  MONTH TO DATE    5.92                      3.21   2.71     2.93
  SINCE MAR 1      5.92                      3.21   2.71     2.93
  SINCE JAN 1     11.80                     10.78   1.02    10.10

SNOWFALL (IN)
  TODAY            0.0           0.5  1906   0.0    0.0      0.0
  MONTH TO DATE    7.2                       0.8    6.4      4.8
  SINCE MAR 1      7.2                       0.8    6.4      4.8
  SINCE JUL 1     23.5                       8.6   14.9     10.1
  SNOW DEPTH       0

DEGREE DAYS
 HEATING
  TODAY           13                        15     -2       23
  MONTH TO DATE  425                       414     11      499
  SINCE MAR 1    425                       414     11      499
  SINCE JUL 1   3960                      3612    348     4108

 COOLING
  TODAY            0                         0      0        0
  MONTH TO DATE    0                         0      0        0
  SINCE MAR 1      0                         0      0        0
  SINCE JAN 1      0                         0      0        0
..................................................................


WIND (MPH)
  HIGHEST WIND SPEED     7   HIGHEST WIND DIRECTION     E (99)
  HIGHEST GUST SPEED    MM   HIGHEST GUST DIRECTION    MM
  AVERAGE WIND SPEED     4.3


SKY COVER
  POSSIBLE SUNSHINE   0 PERCENT
  AVERAGE SKY COVER 0.0


WEATHER CONDITIONS
 THE FOLLOWING WEATHER WAS RECORDED TODAY.
  NO SIGNIFICANT WEATHER WAS OBSERVED.


RELATIVE HUMIDITY (PERCENT)
 HIGHEST     0          1200 AM
 LOWEST      0          1200 AM
 AVERAGE     0

..........................................................


THE BOWLING GREEN CLIMATE NORMALS FOR TOMORROW
                         NORMAL    RECORD    YEAR
 MAXIMUM TEMPERATURE (F)   63        92      1929
 MINIMUM TEMPERATURE (F)   39        16      1968


SUNRISE AND SUNSET
MARCH 23 2015.........SUNRISE   645 AM CDT   SUNSET   700 PM CDT
MARCH 24 2015.........SUNRISE   644 AM CDT   SUNSET   701 PM CDT


-  INDICATES NEGATIVE NUMBERS.
R  INDICATES RECORD WAS SET OR TIED.
MM INDICATES DATA IS MISSING.
T  INDICATES TRACE AMOUNT.




$$
