000
CDUS43 KLMK 262029
CLIBWG


CLIMATE REPORT
NATIONAL WEATHER SERVICE LOUISVILLE KY
428 PM EDT WED AUG 26 2015


...................................

...THE BOWLING GREEN CLIMATE SUMMARY FOR AUGUST 26 2015...
VALID TODAY AS OF 0400 PM LOCAL TIME.

CLIMATE NORMAL PERIOD 1981 TO 2010
CLIMATE RECORD PERIOD 1870 TO 2015


WEATHER ITEM   OBSERVED TIME   RECORD YEAR NORMAL DEPARTURE LAST
                VALUE   (LST)  VALUE       VALUE  FROM      YEAR
                                                  NORMAL
..................................................................
TEMPERATURE (F)
 TODAY
  MAXIMUM         81    150 PM 104    1943  88     -7       90
  MINIMUM         53    530 AM  49    1917  65    -12       71
  AVERAGE         67                        76     -9       81

PRECIPITATION (IN)
  TODAY            0.00          2.35 1971   0.11  -0.11     0.00
  MONTH TO DATE    1.54                      2.74  -1.20     8.09
  SINCE JUN 1     10.82                     11.04  -0.22    12.34
  SINCE JAN 1     35.01                     32.97   2.04    32.92

SNOWFALL (IN)
  TODAY            0.0           0.0    MM   0.0    0.0      0.0
  MONTH TO DATE    0.0                       0.0    0.0      0.0
  SINCE JUN 1      0.0                       0.0    0.0      0.0
  SINCE JUL 1      0.0                       0.0    0.0      0.0
  SNOW DEPTH       0

DEGREE DAYS
 HEATING
  TODAY            0                         0      0        0
  MONTH TO DATE    0                         0      0        0
  SINCE JUN 1      3                         5     -2        0
  SINCE JUL 1      0                         0      0        0

 COOLING
  TODAY            2                        12    -10       16
  MONTH TO DATE  274                       332    -58      343
  SINCE JUN 1   1135                      1060     75     1009
  SINCE JAN 1   1338                      1213    125     1206
..................................................................


WIND (MPH)
  HIGHEST WIND SPEED    12   HIGHEST WIND DIRECTION    NE (50)
  HIGHEST GUST SPEED    16   HIGHEST GUST DIRECTION    NE (30)
  AVERAGE WIND SPEED     1.0


SKY COVER
  POSSIBLE SUNSHINE  MM
  AVERAGE SKY COVER 0.2


WEATHER CONDITIONS
 THE FOLLOWING WEATHER WAS RECORDED TODAY.
  FOG


RELATIVE HUMIDITY (PERCENT)
 HIGHEST    93          1200 AM
 LOWEST     39           200 PM
 AVERAGE    66

..........................................................


THE BOWLING GREEN CLIMATE NORMALS FOR TOMORROW
                         NORMAL    RECORD    YEAR
 MAXIMUM TEMPERATURE (F)   88       102      1924
 MINIMUM TEMPERATURE (F)   65        47      1945


SUNRISE AND SUNSET
AUGUST 26 2015........SUNRISE   611 AM CDT   SUNSET   723 PM CDT
AUGUST 27 2015........SUNRISE   612 AM CDT   SUNSET   722 PM CDT


-  INDICATES NEGATIVE NUMBERS.
R  INDICATES RECORD WAS SET OR TIED.
MM INDICATES DATA IS MISSING.
T  INDICATES TRACE AMOUNT.




$$
