000
CDUS43 KLMK 162131
CLIBWG


CLIMATE REPORT
NATIONAL WEATHER SERVICE LOUISVILLE KY
431 PM EST THU FEB 16 2017


...................................

...THE BOWLING GREEN CLIMATE SUMMARY FOR FEBRUARY 16 2017...
VALID TODAY AS OF 0400 PM LOCAL TIME.

CLIMATE NORMAL PERIOD 1981 TO 2010
CLIMATE RECORD PERIOD 1870 TO 2017


WEATHER ITEM   OBSERVED TIME   RECORD YEAR NORMAL DEPARTURE LAST
                VALUE   (LST)  VALUE       VALUE  FROM      YEAR
                                                  NORMAL
..................................................................
TEMPERATURE (F)
 TODAY
  MAXIMUM         55    259 PM  77    1911  50      5       38
  MINIMUM         28    532 AM  -1    1958  30     -2       33
  AVERAGE         42                        40      2       36

PRECIPITATION (IN)
  TODAY            0.00          1.40 1893   0.14  -0.14     0.52
  MONTH TO DATE    2.04                      2.30  -0.26     3.32
  SINCE DEC 1     11.84                     10.71   1.13    10.36
  SINCE JAN 1      6.20                      5.91   0.29     5.13

SNOWFALL (IN)
  TODAY            0.0          11.0  1903   0.1   -0.1      0.3
  MONTH TO DATE    0.0                       2.3   -2.3      9.2
  SINCE DEC 1      0.7                       6.8   -6.1     24.0
  SINCE JUL 1      0.7                       6.8   -6.1     24.0
  SNOW DEPTH       0

DEGREE DAYS
 HEATING
  TODAY           23                        25     -2       29
  MONTH TO DATE  339                       427    -88      465
  SINCE DEC 1   1774                      2156   -382     1850
  SINCE JUL 1   2260                      2919   -659     2388

 COOLING
  TODAY            0                         0      0        0
  MONTH TO DATE    0                         0      0        0
  SINCE DEC 1      0                         1     -1        2
  SINCE JAN 1      0                         0      0        0
..................................................................


WIND (MPH)
  HIGHEST WIND SPEED    15   HIGHEST WIND DIRECTION    SW (220)
  HIGHEST GUST SPEED    19   HIGHEST GUST DIRECTION    SW (240)
  AVERAGE WIND SPEED     5.4


SKY COVER
  POSSIBLE SUNSHINE  MM
  AVERAGE SKY COVER 0.0


WEATHER CONDITIONS
 THE FOLLOWING WEATHER WAS RECORDED TODAY.
  NO SIGNIFICANT WEATHER WAS OBSERVED.


RELATIVE HUMIDITY (PERCENT)
 HIGHEST    75           500 AM
 LOWEST     26           300 PM
 AVERAGE    51

..........................................................


THE BOWLING GREEN CLIMATE NORMALS FOR TOMORROW
                         NORMAL    RECORD    YEAR
 MAXIMUM TEMPERATURE (F)   51        79      1927
 MINIMUM TEMPERATURE (F)   30        -9      1958


SUNRISE AND SUNSET
FEBRUARY 16 2017......SUNRISE   633 AM CST   SUNSET   527 PM CST
FEBRUARY 17 2017......SUNRISE   632 AM CST   SUNSET   528 PM CST


-  INDICATES NEGATIVE NUMBERS.
R  INDICATES RECORD WAS SET OR TIED.
MM INDICATES DATA IS MISSING.
T  INDICATES TRACE AMOUNT.




$$
