000
CDUS43 KLMK 112136
CLIBWG


CLIMATE REPORT
NATIONAL WEATHER SERVICE LOUISVILLE KY
435 PM EST WED JAN 11 2017


...................................

...THE BOWLING GREEN CLIMATE SUMMARY FOR JANUARY 11 2017...
VALID TODAY AS OF 0400 PM LOCAL TIME.

CLIMATE NORMAL PERIOD 1981 TO 2010
CLIMATE RECORD PERIOD 1870 TO 2016


WEATHER ITEM   OBSERVED TIME   RECORD YEAR NORMAL DEPARTURE LAST
                VALUE   (LST)  VALUE       VALUE  FROM      YEAR
                                                  NORMAL
..................................................................
TEMPERATURE (F)
 TODAY
  MAXIMUM         66    313 PM  70    2013  45     21       37
  MINIMUM         51    243 AM -18    1886  26     25       12
  AVERAGE         59                        35     24       25

PRECIPITATION (IN)
  TODAY            0.20          1.40 1922   0.12   0.08     0.00
  MONTH TO DATE    1.50                      1.28   0.22     0.25
  SINCE DEC 1      7.14                      6.08   1.06     5.48
  SINCE JAN 1      1.50                      1.28   0.22     0.25

SNOWFALL (IN)
  TODAY            0.0           3.0  1970   0.1   -0.1      0.0
  MONTH TO DATE    0.7                       1.0   -0.3      0.1
  SINCE DEC 1      0.7                       2.2   -1.5      0.1
  SINCE JUL 1      0.7                       2.2   -1.5      0.1
  SNOW DEPTH       0

DEGREE DAYS
 HEATING
  TODAY            6                        30    -24       40
  MONTH TO DATE  304                       325    -21      310
  SINCE DEC 1   1099                      1146    -47      751
  SINCE JUL 1   1585                      1909   -324     1289

 COOLING
  TODAY            0                         0      0        0
  MONTH TO DATE    0                         0      0        0
  SINCE DEC 1      0                         1     -1        2
  SINCE JAN 1      0                         0      0        0
..................................................................


WIND (MPH)
  HIGHEST WIND SPEED    21   HIGHEST WIND DIRECTION     S (200)
  HIGHEST GUST SPEED    28   HIGHEST GUST DIRECTION     S (200)
  AVERAGE WIND SPEED     7.6


SKY COVER
  POSSIBLE SUNSHINE  MM
  AVERAGE SKY COVER 1.0


WEATHER CONDITIONS
 THE FOLLOWING WEATHER WAS RECORDED TODAY.
  RAIN
  LIGHT RAIN
  FOG


RELATIVE HUMIDITY (PERCENT)
 HIGHEST    96           200 AM
 LOWEST     73           300 PM
 AVERAGE    85

..........................................................


THE BOWLING GREEN CLIMATE NORMALS FOR TOMORROW
                         NORMAL    RECORD    YEAR
 MAXIMUM TEMPERATURE (F)   45        73      1916
 MINIMUM TEMPERATURE (F)   26       -26      1886


SUNRISE AND SUNSET
JANUARY 11 2017.......SUNRISE   659 AM CST   SUNSET   449 PM CST
JANUARY 12 2017.......SUNRISE   659 AM CST   SUNSET   450 PM CST


-  INDICATES NEGATIVE NUMBERS.
R  INDICATES RECORD WAS SET OR TIED.
MM INDICATES DATA IS MISSING.
T  INDICATES TRACE AMOUNT.




$$
