000
CDUS43 KLMK 312031
CLIBWG

CLIMATE REPORT
NATIONAL WEATHER SERVICE LOUISVILLE KY
429 PM EDT SUN AUG 31 2014


...................................

...THE BOWLING GREEN CLIMATE SUMMARY FOR AUGUST 31 2014...
VALID TODAY AS OF 0400 PM LOCAL TIME.

CLIMATE NORMAL PERIOD 1981 TO 2010
CLIMATE RECORD PERIOD 1870 TO 2014


WEATHER ITEM   OBSERVED TIME   RECORD YEAR NORMAL DEPARTURE LAST
                VALUE   (LST)  VALUE       VALUE  FROM      YEAR
                                                  NORMAL
..................................................................
TEMPERATURE (F)
 TODAY
  MAXIMUM         78    228 PM 102    1932  87     -9       92
  MINIMUM         71    747 AM  42    1946  64      7       73
  AVERAGE         75                        75      0       83

PRECIPITATION (IN)
  TODAY            1.03          1.58 1933   0.12   0.91     0.25
  MONTH TO DATE   11.28                      3.33   7.95     6.13
  SINCE JUN 1     15.53                     11.63   3.90    18.17
  SINCE JAN 1     36.11                     33.56   2.55    42.70

SNOWFALL (IN)
  TODAY           MM             0.0    MM   0.0   MM        0.0
  MONTH TO DATE    0.0                       0.0    0.0      0.0
  SINCE JUN 1      0.0                       0.0    0.0      0.0
  SINCE JUL 1      0.0                       0.0    0.0      0.0
  SNOW DEPTH       0

DEGREE DAYS
 HEATING
  TODAY            0                         0      0        0
  MONTH TO DATE    0                         0      0        0
  SINCE JUN 1      0                         6     -6        0
  SINCE JUL 1      0                         1     -1        0

 COOLING
  TODAY           10                        10      0       18
  MONTH TO DATE  413                       388     25      357
  SINCE JUN 1   1079                      1116    -37     1047
  SINCE JAN 1   1276                      1269      7     1260
..................................................................


WIND (MPH)
  HIGHEST WIND SPEED    10   HIGHEST WIND DIRECTION     S (200)
  HIGHEST GUST SPEED    MM   HIGHEST GUST DIRECTION    MM
  AVERAGE WIND SPEED     7.8


SKY COVER
  POSSIBLE SUNSHINE  MM
  AVERAGE SKY COVER 0.8


WEATHER CONDITIONS
 THE FOLLOWING WEATHER WAS RECORDED TODAY.
  HEAVY RAIN
  RAIN
  LIGHT RAIN
  FOG


RELATIVE HUMIDITY (PERCENT)
 HIGHEST    94           100 PM
 LOWEST     87          1100 AM
 AVERAGE    91

..........................................................


THE BOWLING GREEN CLIMATE NORMALS FOR TOMORROW
                         NORMAL    RECORD    YEAR
 MAXIMUM TEMPERATURE (F)   87       104      1943
 MINIMUM TEMPERATURE (F)   63        44      1887


SUNRISE AND SUNSET
AUGUST 31 2014........SUNRISE   616 AM CDT   SUNSET   716 PM CDT
SEPTEMBER  1 2014.....SUNRISE   617 AM CDT   SUNSET   714 PM CDT


-  INDICATES NEGATIVE NUMBERS.
R  INDICATES RECORD WAS SET OR TIED.
MM INDICATES DATA IS MISSING.
T  INDICATES TRACE AMOUNT.




$$
