000
CDUS43 KLMK 042031
CLIBWG


CLIMATE REPORT
NATIONAL WEATHER SERVICE LOUISVILLE KY
431 PM EDT WED MAY 4 2016


...................................

...THE BOWLING GREEN CLIMATE SUMMARY FOR MAY 4 2016...
VALID TODAY AS OF 0400 PM LOCAL TIME.

CLIMATE NORMAL PERIOD 1981 TO 2010
CLIMATE RECORD PERIOD 1870 TO 2016


WEATHER ITEM   OBSERVED TIME   RECORD YEAR NORMAL DEPARTURE LAST
                VALUE   (LST)  VALUE       VALUE  FROM      YEAR
                                                  NORMAL
..................................................................
TEMPERATURE (F)
 TODAY
  MAXIMUM         66    157 PM  95    1901  75     -9       83
  MINIMUM         47    457 AM  32    1976  51     -4       53
                                      1954
  AVERAGE         57                        63     -6       68

PRECIPITATION (IN)
  TODAY            0.11          1.65 2013   0.19  -0.08     0.00
  MONTH TO DATE    0.52                      0.72  -0.20     0.00
  SINCE MAR 1      5.87                      9.47  -3.60    15.35
  SINCE JAN 1     12.45                     17.04  -4.59    21.23

SNOWFALL (IN)
  TODAY            0.0           0.0    MM   0.0    0.0      0.0
  MONTH TO DATE    0.0                       0.0    0.0      0.0
  SINCE MAR 1      T                         1.3   -1.3      7.2
  SINCE JUL 1     24.0                       9.1   14.9     23.5
  SNOW DEPTH       0

DEGREE DAYS
 HEATING
  TODAY            8                         4      4        0
  MONTH TO DATE   17                        17      0       16
  SINCE MAR 1    554                       788   -234      728
  SINCE JUL 1   3154                      3986   -832     4263

 COOLING
  TODAY            0                         2     -2        3
  MONTH TO DATE    8                         8      0        3
  SINCE MAR 1     52                        44      8       38
  SINCE JAN 1     52                        44      8       38
..................................................................


WIND (MPH)
  HIGHEST WIND SPEED    17   HIGHEST WIND DIRECTION     W (280)
  HIGHEST GUST SPEED    23   HIGHEST GUST DIRECTION    SW (230)
  AVERAGE WIND SPEED     7.3


SKY COVER
  POSSIBLE SUNSHINE  MM
  AVERAGE SKY COVER 0.5


WEATHER CONDITIONS
 THE FOLLOWING WEATHER WAS RECORDED TODAY.
  THUNDERSTORM
  RAIN
  LIGHT RAIN
  FOG


RELATIVE HUMIDITY (PERCENT)
 HIGHEST    86           300 AM
 LOWEST     56           900 AM
 AVERAGE    71

..........................................................


THE BOWLING GREEN CLIMATE NORMALS FOR TOMORROW
                         NORMAL    RECORD    YEAR
 MAXIMUM TEMPERATURE (F)   75        94      1952
 MINIMUM TEMPERATURE (F)   52        35      1907
                                             1903


SUNRISE AND SUNSET
MAY  4 2016...........SUNRISE   548 AM CDT   SUNSET   738 PM CDT
MAY  5 2016...........SUNRISE   547 AM CDT   SUNSET   739 PM CDT


-  INDICATES NEGATIVE NUMBERS.
R  INDICATES RECORD WAS SET OR TIED.
MM INDICATES DATA IS MISSING.
T  INDICATES TRACE AMOUNT.




$$
