000
CDUS43 KLMK 272026
CLIBWG


CLIMATE REPORT
NATIONAL WEATHER SERVICE LOUISVILLE KY
426 PM EDT SAT MAY 27 2017


...................................

...THE BOWLING GREEN CLIMATE SUMMARY FOR MAY 27 2017...
VALID TODAY AS OF 0400 PM LOCAL TIME.

CLIMATE NORMAL PERIOD 1981 TO 2010
CLIMATE RECORD PERIOD 1870 TO 2017


WEATHER ITEM   OBSERVED TIME   RECORD YEAR NORMAL DEPARTURE LAST
                VALUE   (LST)  VALUE       VALUE  FROM      YEAR
                                                  NORMAL
..................................................................
TEMPERATURE (F)
 TODAY
  MAXIMUM         83    200 PM  98    1911  81      2       88
  MINIMUM         73    600 AM  35    1961  58     15       61
  AVERAGE         78                        70      8       75

PRECIPITATION (IN)
  TODAY            0.00          2.41 1991   0.18  -0.18     0.04
  MONTH TO DATE    5.12                      4.91   0.21     7.24
  SINCE MAR 1     13.49                     13.66  -0.17    12.59
  SINCE JAN 1     20.07                     21.23  -1.16    19.17

SNOWFALL (IN)
  TODAY            0.0           0.0    MM   0.0    0.0      0.0
  MONTH TO DATE    0.0                       0.0    0.0      0.0
  SINCE MAR 1      T                         1.3   -1.3       T
  SINCE JUL 1      0.7                       9.1   -8.4     24.0
  SNOW DEPTH       0

DEGREE DAYS
 HEATING
  TODAY            0                         1     -1        0
  MONTH TO DATE   60                        70    -10       93
  SINCE MAR 1    608                       841   -233      630
  SINCE JUL 1   2989                      4039  -1050     3230

 COOLING
  TODAY           13                         6      7       10
  MONTH TO DATE  123                        93     30       80
  SINCE MAR 1    213                       129     84      124
  SINCE JAN 1    217                       129     88      124
..................................................................


WIND (MPH)
  HIGHEST WIND SPEED    15   HIGHEST WIND DIRECTION    SW (220)
  HIGHEST GUST SPEED    16   HIGHEST GUST DIRECTION    SW (240)
  AVERAGE WIND SPEED     8.5


SKY COVER
  POSSIBLE SUNSHINE  MM
  AVERAGE SKY COVER 0.8


WEATHER CONDITIONS
 THE FOLLOWING WEATHER WAS RECORDED TODAY.
  NO SIGNIFICANT WEATHER WAS OBSERVED.


RELATIVE HUMIDITY (PERCENT)
 HIGHEST    79           700 AM
 LOWEST     64          1200 AM
 AVERAGE    72

..........................................................


THE BOWLING GREEN CLIMATE NORMALS FOR TOMORROW
                         NORMAL    RECORD    YEAR
 MAXIMUM TEMPERATURE (F)   81       100      1911
 MINIMUM TEMPERATURE (F)   59        38      1907


SUNRISE AND SUNSET
MAY 27 2017...........SUNRISE   530 AM CDT   SUNSET   756 PM CDT
MAY 28 2017...........SUNRISE   529 AM CDT   SUNSET   757 PM CDT


-  INDICATES NEGATIVE NUMBERS.
R  INDICATES RECORD WAS SET OR TIED.
MM INDICATES DATA IS MISSING.
T  INDICATES TRACE AMOUNT.




$$
