000
CDUS43 KLMK 240636
CLIBWG


CLIMATE REPORT
NATIONAL WEATHER SERVICE LOUISVILLE KY
136 AM EST TUE JAN 24 2017


...................................

...THE BOWLING GREEN KY CLIMATE SUMMARY FOR JANUARY 23 2017...

CLIMATE NORMAL PERIOD 1981 TO 2010
CLIMATE RECORD PERIOD 1870 TO 2017


WEATHER ITEM   OBSERVED TIME   RECORD YEAR NORMAL DEPARTURE LAST
                VALUE   (LST)  VALUE       VALUE  FROM      YEAR
                                                  NORMAL
..................................................................
TEMPERATURE (F)
 YESTERDAY
  MAXIMUM         59    241 AM  75    1909  45     14       31
  MINIMUM         42   1159 PM -21    1963  26     16       12
  AVERAGE         51                        36     15       22

PRECIPITATION (IN)
  YESTERDAY        T             2.30 1937   0.11  -0.11      T
  MONTH TO DATE    4.16                      2.63   1.53     1.61
  SINCE DEC 1      9.80                      7.43   2.37     6.84
  SINCE JAN 1      4.16                      2.63   1.53     1.61

SNOWFALL (IN)
  YESTERDAY        0.0           5.0  1963   0.1   -0.1       T
  MONTH TO DATE    0.7                       2.3   -1.6     14.8
  SINCE DEC 1      0.7                       3.5   -2.8     14.8
  SINCE JUL 1      0.7                       3.5   -2.8     14.8
  SNOW DEPTH       0

DEGREE DAYS
 HEATING
  YESTERDAY       14                        29    -15       43
  MONTH TO DATE  452                       680   -228      732
  SINCE DEC 1   1247                      1501   -254     1173
  SINCE JUL 1   1733                      2264   -531     1711

 COOLING
  YESTERDAY        0                         0      0        0
  MONTH TO DATE    0                         0      0        0
  SINCE DEC 1      0                         1     -1        2
  SINCE JAN 1      0                         0      0        0
..................................................................


WIND (MPH)
  HIGHEST WIND SPEED    18   HIGHEST WIND DIRECTION    NW (320)
  HIGHEST GUST SPEED    32   HIGHEST GUST DIRECTION     W (250)
  AVERAGE WIND SPEED    12.3


SKY COVER
  POSSIBLE SUNSHINE  MM
  AVERAGE SKY COVER 1.0


WEATHER CONDITIONS
 THE FOLLOWING WEATHER WAS RECORDED YESTERDAY.
  LIGHT RAIN
  FOG
  HAZE


RELATIVE HUMIDITY (PERCENT)
 HIGHEST    86           700 AM
 LOWEST     67           200 AM
 AVERAGE    77

..........................................................


THE BOWLING GREEN KY CLIMATE NORMALS FOR TODAY
                         NORMAL    RECORD    YEAR
 MAXIMUM TEMPERATURE (F)   45        78      1943
 MINIMUM TEMPERATURE (F)   26       -21      1963


SUNRISE AND SUNSET
JANUARY 24 2017.......SUNRISE   654 AM CST   SUNSET   503 PM CST
JANUARY 25 2017.......SUNRISE   653 AM CST   SUNSET   504 PM CST


-  INDICATES NEGATIVE NUMBERS.
R  INDICATES RECORD WAS SET OR TIED.
MM INDICATES DATA IS MISSING.
T  INDICATES TRACE AMOUNT.




$$
