000
CDUS43 KLMK 230627
CLIBWG


CLIMATE REPORT
NATIONAL WEATHER SERVICE LOUISVILLE KY
227 AM EDT SAT SEP 23 2017


...................................

...THE BOWLING GREEN KY CLIMATE SUMMARY FOR SEPTEMBER 22 2017...

CLIMATE NORMAL PERIOD 1981 TO 2010
CLIMATE RECORD PERIOD 1870 TO 2017


WEATHER ITEM   OBSERVED TIME   RECORD YEAR NORMAL DEPARTURE LAST
                VALUE   (LST)  VALUE       VALUE  FROM      YEAR
                                                  NORMAL
..................................................................
TEMPERATURE (F)
 YESTERDAY
  MAXIMUM         90    240 PM  98    1931  80     10       91
  MINIMUM         65    549 AM  37    1983  55     10       61
                                      1918
                                      1913
  AVERAGE         78                        68     10       76

PRECIPITATION (IN)
  YESTERDAY        0.00          2.48 2003   0.13  -0.13     0.00
  MONTH TO DATE    6.47                      2.87   3.60     1.02
  SINCE SEP 1      6.47                      2.87   3.60     1.02
  SINCE JAN 1     43.55                     36.43   7.12    38.94

SNOWFALL (IN)
  YESTERDAY        0.0           0.0    MM   0.0    0.0      0.0
  MONTH TO DATE    0.0                       0.0    0.0      0.0
  SINCE SEP 1      0.0                       0.0    0.0      0.0
  SINCE JUL 1      0.0                       0.0    0.0      0.0
  SNOW DEPTH       0

DEGREE DAYS
 HEATING
  YESTERDAY        0                         2     -2        0
  MONTH TO DATE   18                        11      7        0
  SINCE SEP 1     18                        11      7        0
  SINCE JUL 1     18                        12      6        0

 COOLING
  YESTERDAY       13                         4      9       11
  MONTH TO DATE  108                       159    -51      265
  SINCE SEP 1    108                       159    -51      265
  SINCE JAN 1   1460                      1428     32     1824
..................................................................


WIND (MPH)
  HIGHEST WIND SPEED    10   HIGHEST WIND DIRECTION    NE (50)
  HIGHEST GUST SPEED    14   HIGHEST GUST DIRECTION     E (70)
  AVERAGE WIND SPEED     2.9


SKY COVER
  POSSIBLE SUNSHINE  MM
  AVERAGE SKY COVER 0.1


WEATHER CONDITIONS
 THE FOLLOWING WEATHER WAS RECORDED YESTERDAY.
  FOG
  FOG W/VISIBILITY <= 1/4 MILE


RELATIVE HUMIDITY (PERCENT)
 HIGHEST   100           100 AM
 LOWEST     47           200 PM
 AVERAGE    74

..........................................................


THE BOWLING GREEN KY CLIMATE NORMALS FOR TODAY
                         NORMAL    RECORD    YEAR
 MAXIMUM TEMPERATURE (F)   79        95      2010
                                             1931
                                             1910
 MINIMUM TEMPERATURE (F)   55        37      1927
                                             1918


SUNRISE AND SUNSET
SEPTEMBER 23 2017.....SUNRISE   635 AM CDT   SUNSET   641 PM CDT
SEPTEMBER 24 2017.....SUNRISE   635 AM CDT   SUNSET   639 PM CDT


-  INDICATES NEGATIVE NUMBERS.
R  INDICATES RECORD WAS SET OR TIED.
MM INDICATES DATA IS MISSING.
T  INDICATES TRACE AMOUNT.




$$
