479
CDUS43 KLMK 232028
CLIBWG


CLIMATE REPORT
NATIONAL WEATHER SERVICE LOUISVILLE KY
428 PM EDT SAT JUL 23 2016


...................................

...THE BOWLING GREEN CLIMATE SUMMARY FOR JULY 23 2016...
VALID TODAY AS OF 0400 PM LOCAL TIME.

CLIMATE NORMAL PERIOD 1981 TO 2010
CLIMATE RECORD PERIOD 1870 TO 2016


WEATHER ITEM   OBSERVED TIME   RECORD YEAR NORMAL DEPARTURE LAST
                VALUE   (LST)  VALUE       VALUE  FROM      YEAR
                                                  NORMAL
..................................................................
TEMPERATURE (F)
 TODAY
  MAXIMUM         93    153 PM 107    1901  90      3       82
  MINIMUM         73    516 AM  46    1947  68      5       71
  AVERAGE         83                        79      4       77

PRECIPITATION (IN)
  TODAY            0.00          1.81 1959   0.13  -0.13     0.10
  MONTH TO DATE    7.71                      3.20   4.51     5.79
  SINCE JUN 1     10.18                      7.40   2.78     8.90
  SINCE JAN 1     29.35                     29.33   0.02    33.09

SNOWFALL (IN)
  TODAY            0.0           0.0    MM   0.0    0.0      0.0
  MONTH TO DATE    0.0                       0.0    0.0      0.0
  SINCE JUN 1      0.0                       0.0    0.0      0.0
  SINCE JUL 1      0.0                       0.0    0.0      0.0
  SNOW DEPTH       0

DEGREE DAYS
 HEATING
  TODAY            0                         0      0        0
  MONTH TO DATE    0                         0      0        0
  SINCE JUN 1      0                         5     -5        3
  SINCE JUL 1      0                         0      0        0

 COOLING
  TODAY           18                        14      4       12
  MONTH TO DATE  371                       317     54      364
  SINCE JUN 1    764                       622    142      743
  SINCE JAN 1    930                       775    155      946
..................................................................


WIND (MPH)
  HIGHEST WIND SPEED     7   HIGHEST WIND DIRECTION    SE (140)
  HIGHEST GUST SPEED     9   HIGHEST GUST DIRECTION    SE (130)
  AVERAGE WIND SPEED     1.5


SKY COVER
  POSSIBLE SUNSHINE  MM
  AVERAGE SKY COVER 0.1


WEATHER CONDITIONS
 THE FOLLOWING WEATHER WAS RECORDED TODAY.
  FOG
  FOG W/VISIBILITY <= 1/4 MILE


RELATIVE HUMIDITY (PERCENT)
 HIGHEST   100           400 AM
 LOWEST     60           100 PM
 AVERAGE    80

..........................................................


THE BOWLING GREEN CLIMATE NORMALS FOR TOMORROW
                         NORMAL    RECORD    YEAR
 MAXIMUM TEMPERATURE (F)   90       105      1934
 MINIMUM TEMPERATURE (F)   68        53      1947


SUNRISE AND SUNSET
JULY 23 2016..........SUNRISE   544 AM CDT   SUNSET   800 PM CDT
JULY 24 2016..........SUNRISE   545 AM CDT   SUNSET   759 PM CDT


-  INDICATES NEGATIVE NUMBERS.
R  INDICATES RECORD WAS SET OR TIED.
MM INDICATES DATA IS MISSING.
T  INDICATES TRACE AMOUNT.




$$
