000
CDUS43 KLMK 280634
CLIBWG


CLIMATE REPORT
NATIONAL WEATHER SERVICE LOUISVILLE KY
233 AM EDT THU MAY 28 2015


...................................

...THE BOWLING GREEN KY CLIMATE SUMMARY FOR MAY 27 2015...

CLIMATE NORMAL PERIOD 1981 TO 2010
CLIMATE RECORD PERIOD 1870 TO 2015


WEATHER ITEM   OBSERVED TIME   RECORD YEAR NORMAL DEPARTURE LAST
                VALUE   (LST)  VALUE       VALUE  FROM      YEAR
                                                  NORMAL
..................................................................
TEMPERATURE (F)
 YESTERDAY
  MAXIMUM         83   1211 PM  98    1911  81      2       87
  MINIMUM         67    441 AM  35    1961  58      9       65
  AVERAGE         75                        70      5       76

PRECIPITATION (IN)
  YESTERDAY        0.01          2.41 1991   0.18  -0.17     0.00
  MONTH TO DATE    2.77                      4.91  -2.14     2.95
  SINCE MAR 1     18.12                     13.66   4.46    13.25
  SINCE JAN 1     24.00                     21.23   2.77    20.42

SNOWFALL (IN)
  YESTERDAY        0.0           0.0    MM   0.0    0.0      0.0
  MONTH TO DATE    0.0                       0.0    0.0      0.0
  SINCE MAR 1      7.2                       1.3    5.9      5.1
  SINCE JUL 1     23.5                       9.1   14.4     10.4
  SNOW DEPTH       0

DEGREE DAYS
 HEATING
  YESTERDAY        0                         1     -1        0
  MONTH TO DATE   38                        70    -32       76
  SINCE MAR 1    750                       841    -91      924
  SINCE JUL 1   4285                      4039    246     4533

 COOLING
  YESTERDAY       10                         6      4       11
  MONTH TO DATE  129                        93     36      137
  SINCE MAR 1    164                       129     35      151
  SINCE JAN 1    164                       129     35      151
..................................................................


WIND (MPH)
  HIGHEST WIND SPEED    25   HIGHEST WIND DIRECTION    SW (220)
  HIGHEST GUST SPEED    33   HIGHEST GUST DIRECTION    SW (230)
  AVERAGE WIND SPEED     7.4


SKY COVER
  POSSIBLE SUNSHINE  MM
  AVERAGE SKY COVER 0.3


WEATHER CONDITIONS
 THE FOLLOWING WEATHER WAS RECORDED YESTERDAY.
  THUNDERSTORM
  LIGHT RAIN


RELATIVE HUMIDITY (PERCENT)
 HIGHEST    93           300 AM
 LOWEST     62           400 PM
 AVERAGE    78

..........................................................


THE BOWLING GREEN KY CLIMATE NORMALS FOR TODAY
                         NORMAL    RECORD    YEAR
 MAXIMUM TEMPERATURE (F)   81       100      1911
 MINIMUM TEMPERATURE (F)   59        38      1907


SUNRISE AND SUNSET
MAY 28 2015...........SUNRISE   530 AM CDT   SUNSET   757 PM CDT
MAY 29 2015...........SUNRISE   529 AM CDT   SUNSET   758 PM CDT


-  INDICATES NEGATIVE NUMBERS.
R  INDICATES RECORD WAS SET OR TIED.
MM INDICATES DATA IS MISSING.
T  INDICATES TRACE AMOUNT.




$$
