000
CDUS43 KLMK 082129
CLIBWG

CLIMATE REPORT
NATIONAL WEATHER SERVICE LOUISVILLE KY
427 PM EST MON FEB 8 2016


...................................

...THE BOWLING GREEN CLIMATE SUMMARY FOR FEBRUARY 8 2016...
VALID TODAY AS OF 0400 PM LOCAL TIME.

CLIMATE NORMAL PERIOD 1981 TO 2010
CLIMATE RECORD PERIOD 1870 TO 2016


WEATHER ITEM   OBSERVED TIME   RECORD YEAR NORMAL DEPARTURE LAST
                VALUE   (LST)  VALUE       VALUE  FROM      YEAR
                                                  NORMAL
..................................................................
TEMPERATURE (F)
 TODAY
  MAXIMUM         48   1243 AM  75    1937  48      0       58
  MINIMUM         32    326 PM  -5    1895  28      4       45
  AVERAGE         40                        38      2       52

PRECIPITATION (IN)
  TODAY            0.01          1.24 1982   0.15  -0.14     0.00
  MONTH TO DATE    1.78                      1.17   0.61     1.00
  SINCE DEC 1      8.82                      9.58  -0.76     4.57
  SINCE JAN 1      3.59                      4.78  -1.19     2.88

SNOWFALL (IN)
  TODAY            T             5.3  1971   0.2   -0.2      0.0
  MONTH TO DATE    T                         1.2   -1.2       T
  SINCE DEC 1     14.8                       5.7    9.1      3.4
  SINCE JUL 1     14.8                       5.7    9.1      3.7
  SNOW DEPTH       0

DEGREE DAYS
 HEATING
  TODAY           25                        27     -2       13
  MONTH TO DATE  174                       220    -46      207
  SINCE DEC 1   1559                      1949   -390     1855
  SINCE JUL 1   2097                      2712   -615     2752

 COOLING
  TODAY            0                         0      0        0
  MONTH TO DATE    0                         0      0        0
  SINCE DEC 1      2                         1      1        0
  SINCE JAN 1      0                         0      0        0
..................................................................


WIND (MPH)
  HIGHEST WIND SPEED    13   HIGHEST WIND DIRECTION    NW (300)
  HIGHEST GUST SPEED    21   HIGHEST GUST DIRECTION     W (290)
  AVERAGE WIND SPEED     7.2


SKY COVER
  POSSIBLE SUNSHINE  MM
  AVERAGE SKY COVER 0.9


WEATHER CONDITIONS
 THE FOLLOWING WEATHER WAS RECORDED TODAY.
  LIGHT RAIN
  LIGHT SNOW
  FOG


RELATIVE HUMIDITY (PERCENT)
 HIGHEST    92           400 AM
 LOWEST     46          1200 AM
 AVERAGE    69

..........................................................


THE BOWLING GREEN CLIMATE NORMALS FOR TOMORROW
                         NORMAL    RECORD    YEAR
 MAXIMUM TEMPERATURE (F)   48        74      1894
 MINIMUM TEMPERATURE (F)   28       -11      1899


SUNRISE AND SUNSET
FEBRUARY  8 2016......SUNRISE   642 AM CST   SUNSET   518 PM CST
FEBRUARY  9 2016......SUNRISE   641 AM CST   SUNSET   519 PM CST


-  INDICATES NEGATIVE NUMBERS.
R  INDICATES RECORD WAS SET OR TIED.
MM INDICATES DATA IS MISSING.
T  INDICATES TRACE AMOUNT.




$$
