000
CDUS43 KLMK 210627
CLIBWG


CLIMATE REPORT
NATIONAL WEATHER SERVICE LOUISVILLE KY
227 AM EDT SUN SEP 21 2014


...................................

...THE BOWLING GREEN KY CLIMATE SUMMARY FOR SEPTEMBER 20 2014...

CLIMATE NORMAL PERIOD 1981 TO 2010
CLIMATE RECORD PERIOD 1870 TO 2014


WEATHER ITEM   OBSERVED TIME   RECORD YEAR NORMAL DEPARTURE LAST
                VALUE   (LST)  VALUE       VALUE  FROM      YEAR
                                                  NORMAL
..................................................................
TEMPERATURE (F)
 YESTERDAY
  MAXIMUM         86    104 PM  98    1931  81      5       85
                                      1925
  MINIMUM         63    142 AM  40    1916  56      7       67
                                      1903
  AVERAGE         75                        68      7       76

PRECIPITATION (IN)
  YESTERDAY        0.23          3.91 1954   0.13   0.10     0.86
  MONTH TO DATE    0.37                      2.61  -2.24     4.36
  SINCE SEP 1      0.37                      2.61  -2.24     4.36
  SINCE JAN 1     36.53                     36.17   0.36    47.06

SNOWFALL (IN)
  YESTERDAY        0.0           0.0    MM   0.0    0.0      0.0
  MONTH TO DATE    0.0                       0.0    0.0      0.0
  SINCE SEP 1      0.0                       0.0    0.0      0.0
  SINCE JUL 1      0.0                       0.0    0.0      0.0
  SNOW DEPTH       0

DEGREE DAYS
 HEATING
  YESTERDAY        0                         1     -1        0
  MONTH TO DATE   15                         7      8        6
  SINCE SEP 1     15                         7      8        6
  SINCE JUL 1     15                         8      7        6

 COOLING
  YESTERDAY       10                         5      5       11
  MONTH TO DATE  140                       150    -10      173
  SINCE SEP 1    140                       150    -10      173
  SINCE JAN 1   1417                      1419     -2     1433
..................................................................


WIND (MPH)
  HIGHEST WIND SPEED    17   HIGHEST WIND DIRECTION     S (200)
  HIGHEST GUST SPEED    26   HIGHEST GUST DIRECTION     W (290)
  AVERAGE WIND SPEED     6.5


SKY COVER
  POSSIBLE SUNSHINE  MM
  AVERAGE SKY COVER 0.4


WEATHER CONDITIONS
 THE FOLLOWING WEATHER WAS RECORDED YESTERDAY.
  HEAVY RAIN
  LIGHT RAIN
  FOG


RELATIVE HUMIDITY (PERCENT)
 HIGHEST    93          1200 AM
 LOWEST     48           200 PM
 AVERAGE    71

..........................................................


THE BOWLING GREEN KY CLIMATE NORMALS FOR TODAY
                         NORMAL    RECORD    YEAR
 MAXIMUM TEMPERATURE (F)   80       100      1931
 MINIMUM TEMPERATURE (F)   56        37      1927


SUNRISE AND SUNSET
SEPTEMBER 21 2014.....SUNRISE   633 AM CDT   SUNSET   644 PM CDT
SEPTEMBER 22 2014.....SUNRISE   634 AM CDT   SUNSET   643 PM CDT


-  INDICATES NEGATIVE NUMBERS.
R  INDICATES RECORD WAS SET OR TIED.
MM INDICATES DATA IS MISSING.
T  INDICATES TRACE AMOUNT.




$$
