000
CDUS43 KLMK 040631
CLIBWG


CLIMATE REPORT
NATIONAL WEATHER SERVICE LOUISVILLE KY
130 AM EST WED MAR 4 2015


...................................

...THE BOWLING GREEN KY CLIMATE SUMMARY FOR MARCH 3 2015...

CLIMATE NORMAL PERIOD 1981 TO 2010
CLIMATE RECORD PERIOD 1870 TO 2015


WEATHER ITEM   OBSERVED TIME   RECORD YEAR NORMAL DEPARTURE LAST
                VALUE   (LST)  VALUE       VALUE  FROM      YEAR
                                                  NORMAL
..................................................................
TEMPERATURE (F)
 YESTERDAY
  MAXIMUM         64    440 PM  80    1976  55      9       27
  MINIMUM         37    129 AM   1    1980  34      3       14
  AVERAGE         51                        44      7       21

PRECIPITATION (IN)
  YESTERDAY        0.28          2.45 1940   0.13   0.15     0.44
  MONTH TO DATE    0.50                      0.41   0.09     2.47
  SINCE MAR 1      0.50                      0.41   0.09     2.47
  SINCE JAN 1      6.38                      7.98  -1.60     9.64

SNOWFALL (IN)
  YESTERDAY        0.0           3.4  2014   0.0    0.0      3.4
  MONTH TO DATE    0.0                       0.1   -0.1      4.8
  SINCE MAR 1      0.0                       0.1   -0.1      4.8
  SINCE JUL 1     16.3                       7.9    8.4     10.1
  SNOW DEPTH       0

DEGREE DAYS
 HEATING
  YESTERDAY       14                        21     -7       44
  MONTH TO DATE   64                        63      1       84
  SINCE MAR 1     64                        63      1       84
  SINCE JUL 1   3599                      3261    338     3693

 COOLING
  YESTERDAY        0                         0      0        0
  MONTH TO DATE    0                         0      0        0
  SINCE MAR 1      0                         0      0        0
  SINCE JAN 1      0                         0      0        0
..................................................................


WIND (MPH)
  HIGHEST WIND SPEED    24   HIGHEST WIND DIRECTION    SW (210)
  HIGHEST GUST SPEED    32   HIGHEST GUST DIRECTION    SW (210)
  AVERAGE WIND SPEED     9.6


SKY COVER
  POSSIBLE SUNSHINE  MM
  AVERAGE SKY COVER 1.0


WEATHER CONDITIONS
 THE FOLLOWING WEATHER WAS RECORDED YESTERDAY.
  HEAVY RAIN
  RAIN
  LIGHT RAIN
  FOG
  HAZE


RELATIVE HUMIDITY (PERCENT)
 HIGHEST    90           800 PM
 LOWEST     59          1200 AM
 AVERAGE    75

..........................................................


THE BOWLING GREEN KY CLIMATE NORMALS FOR TODAY
                         NORMAL    RECORD    YEAR
 MAXIMUM TEMPERATURE (F)   56        82      1976
 MINIMUM TEMPERATURE (F)   34         0      1960


SUNRISE AND SUNSET
MARCH  4 2015.........SUNRISE   613 AM CST   SUNSET   543 PM CST
MARCH  5 2015.........SUNRISE   611 AM CST   SUNSET   544 PM CST


-  INDICATES NEGATIVE NUMBERS.
R  INDICATES RECORD WAS SET OR TIED.
MM INDICATES DATA IS MISSING.
T  INDICATES TRACE AMOUNT.




$$
