000
CDUS43 KLMK 172135
CLIBWG


CLIMATE REPORT
NATIONAL WEATHER SERVICE LOUISVILLE KY
434 PM EST WED JAN 17 2018


...................................

...THE BOWLING GREEN CLIMATE SUMMARY FOR JANUARY 17 2018...
VALID TODAY AS OF 0400 PM LOCAL TIME.

CLIMATE NORMAL PERIOD 1981 TO 2010
CLIMATE RECORD PERIOD 1870 TO 2018


WEATHER ITEM   OBSERVED TIME   RECORD YEAR NORMAL DEPARTURE LAST
                VALUE   (LST)  VALUE       VALUE  FROM      YEAR
                                                  NORMAL
..................................................................
TEMPERATURE (F)
 TODAY
  MAXIMUM         19    255 PM  72    1894  45    -26       65
  MINIMUM          7    251 AM -15    1982  26    -19       46
  AVERAGE         13                        35    -22       56

PRECIPITATION (IN)
  TODAY            0.01          1.37 2006   0.11  -0.10     0.63
  MONTH TO DATE    1.18                      1.94  -0.76     3.14
  SINCE DEC 1      4.67                      6.74  -2.07     8.78
  SINCE JAN 1      1.18                      1.94  -0.76     3.14

SNOWFALL (IN)
  TODAY            0.5           5.0  1994   0.1    0.4      0.0
  MONTH TO DATE    8.2                       1.6    6.6      0.7
  SINCE DEC 1      8.2                       2.8    5.4      0.7
  SINCE JUL 1      8.2                       2.8    5.4      0.7
  SNOW DEPTH       6

DEGREE DAYS
 HEATING
  TODAY           52                        30     22        9
  MONTH TO DATE  658                       505    153      391
  SINCE DEC 1   1495                      1326    169     1186
  SINCE JUL 1   2196                      2089    107     1672

 COOLING
  TODAY            0                         0      0        0
  MONTH TO DATE    0                         0      0        0
  SINCE DEC 1      0                         1     -1        0
  SINCE JAN 1      0                         0      0        0
..................................................................


WIND (MPH)
  HIGHEST WIND SPEED     9   HIGHEST WIND DIRECTION     W (280)
  HIGHEST GUST SPEED    16   HIGHEST GUST DIRECTION     N (350)
  AVERAGE WIND SPEED     5.1


SKY COVER
  POSSIBLE SUNSHINE  MM
  AVERAGE SKY COVER 1.0


WEATHER CONDITIONS
 THE FOLLOWING WEATHER WAS RECORDED TODAY.
  LIGHT SNOW
  FOG
  HAZE


RELATIVE HUMIDITY (PERCENT)
 HIGHEST    83           900 AM
 LOWEST     67           300 PM
 AVERAGE    75

..........................................................


THE BOWLING GREEN CLIMATE NORMALS FOR TOMORROW
                         NORMAL    RECORD    YEAR
 MAXIMUM TEMPERATURE (F)   45        74      1929
 MINIMUM TEMPERATURE (F)   26       -11      1948


SUNRISE AND SUNSET
JANUARY 17 2018.......SUNRISE   657 AM CST   SUNSET   455 PM CST
JANUARY 18 2018.......SUNRISE   657 AM CST   SUNSET   456 PM CST


-  INDICATES NEGATIVE NUMBERS.
R  INDICATES RECORD WAS SET OR TIED.
MM INDICATES DATA IS MISSING.
T  INDICATES TRACE AMOUNT.




$$
