000
CDUS43 KLMK 282030
CLIBWG

CLIMATE REPORT
NATIONAL WEATHER SERVICE LOUISVILLE KY
428 PM EDT MON JUL 28 2014


...................................

...THE BOWLING GREEN CLIMATE SUMMARY FOR JULY 28 2014...
VALID TODAY AS OF 0400 PM LOCAL TIME.

CLIMATE NORMAL PERIOD 1981 TO 2010
CLIMATE RECORD PERIOD 1870 TO 2014


WEATHER ITEM   OBSERVED TIME   RECORD YEAR NORMAL DEPARTURE LAST
                VALUE   (LST)  VALUE       VALUE  FROM      YEAR
                                                  NORMAL
..................................................................
TEMPERATURE (F)
 TODAY
  MAXIMUM         81    110 PM 113    1930  90     -9       78
  MINIMUM         65    630 AM  54    2004  68     -3       55
                                      1911
                                      1962
  AVERAGE         73                        79     -6       67

PRECIPITATION (IN)
  TODAY            0.00          1.90 1933   0.11  -0.11     0.00
  MONTH TO DATE    2.53                      3.78  -1.25     9.51
  SINCE JUN 1      4.25                      7.98  -3.73    11.88
  SINCE JAN 1     24.83                     29.91  -5.08    36.41

SNOWFALL (IN)
  TODAY            0.0           0.0    MM   0.0    0.0      0.0
  MONTH TO DATE    0.0                       0.0    0.0      0.0
  SINCE JUN 1      0.0                       0.0    0.0      0.0
  SINCE JUL 1      0.0                       0.0    0.0      0.0
  SNOW DEPTH       0

DEGREE DAYS
 HEATING
  TODAY            0                         0      0        0
  MONTH TO DATE    0                         0      0        0
  SINCE JUN 1      0                         5     -5        0
  SINCE JUL 1      0                         0      0        0

 COOLING
  TODAY            8                        14     -6        2
  MONTH TO DATE  300                       387    -87      335
  SINCE JUN 1    649                       692    -43      669
  SINCE JAN 1    846                       845      1      882
..................................................................


WIND (MPH)
  HIGHEST WIND SPEED    14   HIGHEST WIND DIRECTION    NW (310)
  HIGHEST GUST SPEED    21   HIGHEST GUST DIRECTION    NW (310)
  AVERAGE WIND SPEED     7.6


SKY COVER
  POSSIBLE SUNSHINE  MM
  AVERAGE SKY COVER 0.2


WEATHER CONDITIONS
 THE FOLLOWING WEATHER WAS RECORDED TODAY.
  NO SIGNIFICANT WEATHER WAS OBSERVED.


RELATIVE HUMIDITY (PERCENT)
 HIGHEST    78           500 AM
 LOWEST     45          1200 PM
 AVERAGE    62

..........................................................


THE BOWLING GREEN CLIMATE NORMALS FOR TOMORROW
                         NORMAL    RECORD    YEAR
 MAXIMUM TEMPERATURE (F)   90       106      1930
 MINIMUM TEMPERATURE (F)   68        52      1925


SUNRISE AND SUNSET
JULY 28 2014..........SUNRISE   548 AM CDT   SUNSET   756 PM CDT
JULY 29 2014..........SUNRISE   549 AM CDT   SUNSET   755 PM CDT


-  INDICATES NEGATIVE NUMBERS.
R  INDICATES RECORD WAS SET OR TIED.
MM INDICATES DATA IS MISSING.
T  INDICATES TRACE AMOUNT.




$$
