000
CDUS43 KLMK 090628
CLIBWG


CLIMATE REPORT
NATIONAL WEATHER SERVICE LOUISVILLE KY
227 AM EDT WED APR 9 2014


...................................

...THE BOWLING GREEN KY CLIMATE SUMMARY FOR APRIL 8 2014...

CLIMATE NORMAL PERIOD 1981 TO 2010
CLIMATE RECORD PERIOD 1870 TO 2014


WEATHER ITEM   OBSERVED TIME   RECORD YEAR NORMAL DEPARTURE LAST
                VALUE   (LST)  VALUE       VALUE  FROM      YEAR
                                                  NORMAL
..................................................................
TEMPERATURE (F)
 YESTERDAY
  MAXIMUM         62    216 PM  86    1922  68     -6       77
                                      1978
  MINIMUM         43    512 AM  23    2007  43      0       53
  AVERAGE         53                        55     -2       65

PRECIPITATION (IN)
  YESTERDAY        0.01          1.44 1926   0.14  -0.13     0.00
  MONTH TO DATE    2.31                      1.06   1.25     0.17
  SINCE MAR 1      6.04                      5.47   0.57     5.38
  SINCE JAN 1     13.21                     13.04   0.17    13.07

SNOWFALL (IN)
  YESTERDAY        0.0           0.0    MM   0.0    0.0      0.0
  MONTH TO DATE    0.0                       0.1   -0.1      0.0
  SINCE MAR 1      5.1                       1.2    3.9      2.5
  SINCE JUL 1     10.4                       9.0    1.4      3.8
  SNOW DEPTH       0

DEGREE DAYS
 HEATING
  YESTERDAY       12                        10      2        0
  MONTH TO DATE   61                        90    -29      103
  SINCE MAR 1    714                       610    104      780
  SINCE JUL 1   4323                      3808    515     3675

 COOLING
  YESTERDAY        0                         1     -1        0
  MONTH TO DATE    3                         7     -4        2
  SINCE MAR 1      3                        12     -9        2
  SINCE JAN 1      3                        12     -9        2
..................................................................


WIND (MPH)
  HIGHEST WIND SPEED    17   HIGHEST WIND DIRECTION     W (290)
  HIGHEST GUST SPEED    23   HIGHEST GUST DIRECTION     W (290)
  AVERAGE WIND SPEED     6.6


SKY COVER
  POSSIBLE SUNSHINE  MM
  AVERAGE SKY COVER 0.7


WEATHER CONDITIONS
 THE FOLLOWING WEATHER WAS RECORDED YESTERDAY.
  LIGHT RAIN


RELATIVE HUMIDITY (PERCENT)
 HIGHEST    89           200 AM
 LOWEST     49           300 PM
 AVERAGE    69

..........................................................


THE BOWLING GREEN KY CLIMATE NORMALS FOR TODAY
                         NORMAL    RECORD    YEAR
 MAXIMUM TEMPERATURE (F)   68        89      2011
                                             1978
 MINIMUM TEMPERATURE (F)   44        22      1914


SUNRISE AND SUNSET
APRIL  9 2014.........SUNRISE   620 AM CDT   SUNSET   715 PM CDT
APRIL 10 2014.........SUNRISE   619 AM CDT   SUNSET   716 PM CDT


-  INDICATES NEGATIVE NUMBERS.
R  INDICATES RECORD WAS SET OR TIED.
MM INDICATES DATA IS MISSING.
T  INDICATES TRACE AMOUNT.




$$
