000
CDUS43 KLMK 232134
CLIBWG


CLIMATE REPORT
NATIONAL WEATHER SERVICE LOUISVILLE KY
433 PM EST MON FEB 23 2015


...................................

...THE BOWLING GREEN CLIMATE SUMMARY FOR FEBRUARY 23 2015...
VALID TODAY AS OF 0400 PM LOCAL TIME.

CLIMATE NORMAL PERIOD 1981 TO 2010
CLIMATE RECORD PERIOD 1870 TO 2015


WEATHER ITEM   OBSERVED TIME   RECORD YEAR NORMAL DEPARTURE LAST
                VALUE   (LST)  VALUE       VALUE  FROM      YEAR
                                                  NORMAL
..................................................................
TEMPERATURE (F)
 TODAY
  MAXIMUM         27    207 PM  79    1982  52    -25       57
  MINIMUM         21    804 AM   4    1929  32    -11       31
  AVERAGE         24                        42    -18       44

PRECIPITATION (IN)
  TODAY            0.00          3.74 1975   0.15  -0.15     0.08
  MONTH TO DATE    4.00                      3.28   0.72     5.42
  SINCE DEC 1      7.57                     11.69  -4.12    12.18
  SINCE JAN 1      5.88                      6.89  -1.01     7.17

SNOWFALL (IN)
  TODAY            0.0           4.0  1907   0.1   -0.1      0.0
  MONTH TO DATE   12.6                       3.0    9.6      2.0
  SINCE DEC 1     16.0                       7.5    8.5      4.2
  SINCE JUL 1     16.3                       7.5    8.8      5.3
  SNOW DEPTH       4

DEGREE DAYS
 HEATING
  TODAY           41                        23     18       21
  MONTH TO DATE  805                       594    211      658
  SINCE DEC 1   2453                      2323    130     2561
  SINCE JUL 1   3350                      3086    264     3441

 COOLING
  TODAY            0                         0      0        0
  MONTH TO DATE    0                         0      0        0
  SINCE DEC 1      0                         1     -1        2
  SINCE JAN 1      0                         0      0        0
..................................................................


WIND (MPH)
  HIGHEST WIND SPEED    14   HIGHEST WIND DIRECTION    NE (30)
  HIGHEST GUST SPEED    20   HIGHEST GUST DIRECTION     N (340)
  AVERAGE WIND SPEED     9.4


SKY COVER
  POSSIBLE SUNSHINE  MM
  AVERAGE SKY COVER 0.7


WEATHER CONDITIONS
 THE FOLLOWING WEATHER WAS RECORDED TODAY.
  NO SIGNIFICANT WEATHER WAS OBSERVED.


RELATIVE HUMIDITY (PERCENT)
 HIGHEST    68           200 AM
 LOWEST     38           300 PM
 AVERAGE    53

..........................................................


THE BOWLING GREEN CLIMATE NORMALS FOR TOMORROW
                         NORMAL    RECORD    YEAR
 MAXIMUM TEMPERATURE (F)   53        74      1875
 MINIMUM TEMPERATURE (F)   32         7      1914


SUNRISE AND SUNSET
FEBRUARY 23 2015......SUNRISE   625 AM CST   SUNSET   534 PM CST
FEBRUARY 24 2015......SUNRISE   624 AM CST   SUNSET   535 PM CST


-  INDICATES NEGATIVE NUMBERS.
R  INDICATES RECORD WAS SET OR TIED.
MM INDICATES DATA IS MISSING.
T  INDICATES TRACE AMOUNT.




$$
