000
CDUS43 KLMK 142038
CLIBWG


CLIMATE REPORT
NATIONAL WEATHER SERVICE LOUISVILLE KY
438 PM EDT FRI APR 14 2017


...................................

...THE BOWLING GREEN CLIMATE SUMMARY FOR APRIL 14 2017...
VALID TODAY AS OF 0400 PM LOCAL TIME.

CLIMATE NORMAL PERIOD 1981 TO 2010
CLIMATE RECORD PERIOD 1870 TO 2017


WEATHER ITEM   OBSERVED TIME   RECORD YEAR NORMAL DEPARTURE LAST
                VALUE   (LST)  VALUE       VALUE  FROM      YEAR
                                                  NORMAL
..................................................................
TEMPERATURE (F)
 TODAY
  MAXIMUM         89R   226 PM  88    1919  69     20       76
  MINIMUM         51    529 AM  22    1950  45      6       46
  AVERAGE         70                        57     13       61

PRECIPITATION (IN)
  TODAY            0.00          2.24 1893   0.14  -0.14     0.08
  MONTH TO DATE    1.24                      1.89  -0.65     0.59
  SINCE MAR 1      5.03                      6.30  -1.27     4.41
  SINCE JAN 1     11.61                     13.87  -2.26    10.99

SNOWFALL (IN)
  TODAY            0.0           0.5  1943   0.0    0.0      0.0
  MONTH TO DATE    0.0                       0.2   -0.2      0.0
  SINCE MAR 1      T                         1.3   -1.3       T
  SINCE JUL 1      0.7                       9.1   -8.4     24.0
  SNOW DEPTH       0

DEGREE DAYS
 HEATING
  TODAY            0                         9     -9        4
  MONTH TO DATE   78                       147    -69      176
  SINCE MAR 1    517                       667   -150      525
  SINCE JUL 1   2898                      3865   -967     3125

 COOLING
  TODAY            5                         1      4        0
  MONTH TO DATE   17                        13      4        0
  SINCE MAR 1     23                        18      5        1
  SINCE JAN 1     27                        18      9        1
..................................................................


WIND (MPH)
  HIGHEST WIND SPEED    12   HIGHEST WIND DIRECTION     S (200)
  HIGHEST GUST SPEED    16   HIGHEST GUST DIRECTION    SW (210)
  AVERAGE WIND SPEED     1.7


SKY COVER
  POSSIBLE SUNSHINE  MM
  AVERAGE SKY COVER 0.1


WEATHER CONDITIONS
 THE FOLLOWING WEATHER WAS RECORDED TODAY.
  NO SIGNIFICANT WEATHER WAS OBSERVED.


RELATIVE HUMIDITY (PERCENT)
 HIGHEST    89           300 AM
 LOWEST     27           100 PM
 AVERAGE    58

..........................................................


THE BOWLING GREEN CLIMATE NORMALS FOR TOMORROW
                         NORMAL    RECORD    YEAR
 MAXIMUM TEMPERATURE (F)   70        88      1936
                                             1931
                                             1924
 MINIMUM TEMPERATURE (F)   45        25      1950


SUNRISE AND SUNSET
APRIL 14 2017.........SUNRISE   613 AM CDT   SUNSET   720 PM CDT
APRIL 15 2017.........SUNRISE   611 AM CDT   SUNSET   721 PM CDT


-  INDICATES NEGATIVE NUMBERS.
R  INDICATES RECORD WAS SET OR TIED.
MM INDICATES DATA IS MISSING.
T  INDICATES TRACE AMOUNT.




$$
