000
CDUS43 KLMK 240629
CLIBWG


CLIMATE REPORT
NATIONAL WEATHER SERVICE LOUISVILLE KY
229 AM EDT SUN APR 24 2016


...................................

...THE BOWLING GREEN KY CLIMATE SUMMARY FOR APRIL 23 2016...

CLIMATE NORMAL PERIOD 1981 TO 2010
CLIMATE RECORD PERIOD 1870 TO 2016


WEATHER ITEM   OBSERVED TIME   RECORD YEAR NORMAL DEPARTURE LAST
                VALUE   (LST)  VALUE       VALUE  FROM      YEAR
                                                  NORMAL
..................................................................
TEMPERATURE (F)
 YESTERDAY
  MAXIMUM         73    348 PM  95    1925  72      1       64
  MINIMUM         50   1137 PM  29    1986  48      2       38
  AVERAGE         62                        60      2       51

PRECIPITATION (IN)
  YESTERDAY        0.00          1.80 1983   0.16  -0.16     0.00
  MONTH TO DATE    0.83                      3.22  -2.39     8.80
  SINCE MAR 1      4.65                      7.63  -2.98    15.07
  SINCE JAN 1     11.23                     15.20  -3.97    20.95

SNOWFALL (IN)
  YESTERDAY        0.0           0.0    MM   0.0    0.0      0.0
  MONTH TO DATE    0.0                       0.2   -0.2      0.0
  SINCE MAR 1      T                         1.3   -1.3      7.2
  SINCE JUL 1     24.0                       9.1   14.9     23.5
  SNOW DEPTH       0

DEGREE DAYS
 HEATING
  YESTERDAY        3                         6     -3       14
  MONTH TO DATE  185                       213    -28      114
  SINCE MAR 1    534                       733   -199      654
  SINCE JUL 1   3134                      3931   -797     4189

 COOLING
  YESTERDAY        0                         1     -1        0
  MONTH TO DATE   13                        22     -9       31
  SINCE MAR 1     14                        27    -13       31
  SINCE JAN 1     14                        27    -13       31
..................................................................


WIND (MPH)
  HIGHEST WIND SPEED    12   HIGHEST WIND DIRECTION    NE (40)
  HIGHEST GUST SPEED    14   HIGHEST GUST DIRECTION    NE (40)
  AVERAGE WIND SPEED     3.5


SKY COVER
  POSSIBLE SUNSHINE  MM
  AVERAGE SKY COVER 0.4


WEATHER CONDITIONS
 THE FOLLOWING WEATHER WAS RECORDED YESTERDAY.
  FOG
  HAZE


RELATIVE HUMIDITY (PERCENT)
 HIGHEST    93           500 AM
 LOWEST     44           500 PM
 AVERAGE    69

..........................................................


THE BOWLING GREEN KY CLIMATE NORMALS FOR TODAY
                         NORMAL    RECORD    YEAR
 MAXIMUM TEMPERATURE (F)   72        96      1925
 MINIMUM TEMPERATURE (F)   48        28      1887


SUNRISE AND SUNSET
APRIL 24 2016.........SUNRISE   559 AM CDT   SUNSET   729 PM CDT
APRIL 25 2016.........SUNRISE   558 AM CDT   SUNSET   730 PM CDT


-  INDICATES NEGATIVE NUMBERS.
R  INDICATES RECORD WAS SET OR TIED.
MM INDICATES DATA IS MISSING.
T  INDICATES TRACE AMOUNT.




$$
