000
CDUS43 KLMK 042135
CLIBWG


CLIMATE REPORT
NATIONAL WEATHER SERVICE LOUISVILLE KY
434 PM EST THU FEB 4 2016


...................................

...THE BOWLING GREEN CLIMATE SUMMARY FOR FEBRUARY 4 2016...
VALID TODAY AS OF 0400 PM LOCAL TIME.

CLIMATE NORMAL PERIOD 1981 TO 2010
CLIMATE RECORD PERIOD 1870 TO 2016


WEATHER ITEM   OBSERVED TIME   RECORD YEAR NORMAL DEPARTURE LAST
                VALUE   (LST)  VALUE       VALUE  FROM      YEAR
                                                  NORMAL
..................................................................
TEMPERATURE (F)
 TODAY
  MAXIMUM         42    214 PM  72    1962  47     -5       54
  MINIMUM         32    700 AM -10    1886  28      4       30
  AVERAGE         37                        37      0       42

PRECIPITATION (IN)
  TODAY            0.00          2.56 2014   0.15  -0.15      T
  MONTH TO DATE    1.77                      0.59   1.18     1.00
  SINCE DEC 1      8.81                      9.00  -0.19     4.57
  SINCE JAN 1      3.58                      4.20  -0.62     2.88

SNOWFALL (IN)
  TODAY            0.0           3.0  1907   0.1   -0.1       T
  MONTH TO DATE    0.0                       0.6   -0.6       T
  SINCE DEC 1     14.8                       5.1    9.7      3.4
  SINCE JUL 1     14.8                       5.1    9.7      3.7
  SNOW DEPTH       0

DEGREE DAYS
 HEATING
  TODAY           28                        28      0       23
  MONTH TO DATE   65                       112    -47      107
  SINCE DEC 1   1450                      1841   -391     1755
  SINCE JUL 1   1988                      2604   -616     2652

 COOLING
  TODAY            0                         0      0        0
  MONTH TO DATE    0                         0      0        0
  SINCE DEC 1      2                         1      1        0
  SINCE JAN 1      0                         0      0        0
..................................................................


WIND (MPH)
  HIGHEST WIND SPEED    15   HIGHEST WIND DIRECTION     W (270)
  HIGHEST GUST SPEED    19   HIGHEST GUST DIRECTION    NW (310)
  AVERAGE WIND SPEED     7.0


SKY COVER
  POSSIBLE SUNSHINE  MM
  AVERAGE SKY COVER 0.8


WEATHER CONDITIONS
 THE FOLLOWING WEATHER WAS RECORDED TODAY.
  NO SIGNIFICANT WEATHER WAS OBSERVED.


RELATIVE HUMIDITY (PERCENT)
 HIGHEST    64           100 AM
 LOWEST     40           300 PM
 AVERAGE    52

..........................................................


THE BOWLING GREEN CLIMATE NORMALS FOR TOMORROW
                         NORMAL    RECORD    YEAR
 MAXIMUM TEMPERATURE (F)   47        75      1927
 MINIMUM TEMPERATURE (F)   28        -3      1917


SUNRISE AND SUNSET
FEBRUARY  4 2016......SUNRISE   646 AM CST   SUNSET   514 PM CST
FEBRUARY  5 2016......SUNRISE   645 AM CST   SUNSET   515 PM CST


-  INDICATES NEGATIVE NUMBERS.
R  INDICATES RECORD WAS SET OR TIED.
MM INDICATES DATA IS MISSING.
T  INDICATES TRACE AMOUNT.




$$
