074
CDUS43 KLMK 200627
CLIBWG


CLIMATE REPORT
NATIONAL WEATHER SERVICE LOUISVILLE KY
227 AM EDT FRI MAY 20 2016


...................................

...THE BOWLING GREEN KY CLIMATE SUMMARY FOR MAY 19 2016...

CLIMATE NORMAL PERIOD 1981 TO 2010
CLIMATE RECORD PERIOD 1870 TO 2016


WEATHER ITEM   OBSERVED TIME   RECORD YEAR NORMAL DEPARTURE LAST
                VALUE   (LST)  VALUE       VALUE  FROM      YEAR
                                                  NORMAL
..................................................................
TEMPERATURE (F)
 YESTERDAY
  MAXIMUM         74    146 PM  93    1951  79     -5       78
                                      1938
                                      1921
  MINIMUM         44    434 AM  39    1894  56    -12       56
  AVERAGE         59                        67     -8       67

PRECIPITATION (IN)
  YESTERDAY        0.00          1.95 1989   0.17  -0.17     0.00
  MONTH TO DATE    3.10                      3.52  -0.42     2.09
  SINCE MAR 1      8.45                     12.27  -3.82    17.44
  SINCE JAN 1     15.03                     19.84  -4.81    23.32

SNOWFALL (IN)
  YESTERDAY        0.0           0.0    MM   0.0    0.0      0.0
  MONTH TO DATE    0.0                       0.0    0.0      0.0
  SINCE MAR 1      T                         1.3   -1.3      7.2
  SINCE JUL 1     24.0                       9.1   14.9     23.5
  SNOW DEPTH       0

DEGREE DAYS
 HEATING
  YESTERDAY        6                         2      4        0
  MONTH TO DATE   84                        59     25       19
  SINCE MAR 1    621                       830   -209      731
  SINCE JUL 1   3221                      4028   -807     4266

 COOLING
  YESTERDAY        0                         4     -4        2
  MONTH TO DATE   48                        53     -5       99
  SINCE MAR 1     92                        89      3      134
  SINCE JAN 1     92                        89      3      134
..................................................................


WIND (MPH)
  HIGHEST WIND SPEED    15   HIGHEST WIND DIRECTION    NE (50)
  HIGHEST GUST SPEED    20   HIGHEST GUST DIRECTION    NE (40)
  AVERAGE WIND SPEED     5.2


SKY COVER
  POSSIBLE SUNSHINE  MM
  AVERAGE SKY COVER 0.2


WEATHER CONDITIONS
 THE FOLLOWING WEATHER WAS RECORDED YESTERDAY.
  FOG
  FOG W/VISIBILITY <= 1/4 MILE


RELATIVE HUMIDITY (PERCENT)
 HIGHEST    93          1200 AM
 LOWEST     44           100 PM
 AVERAGE    69

..........................................................


THE BOWLING GREEN KY CLIMATE NORMALS FOR TODAY
                         NORMAL    RECORD    YEAR
 MAXIMUM TEMPERATURE (F)   79        96      1921
                                             1902
 MINIMUM TEMPERATURE (F)   56        43      1926


SUNRISE AND SUNSET
MAY 20 2016...........SUNRISE   534 AM CDT   SUNSET   751 PM CDT
MAY 21 2016...........SUNRISE   533 AM CDT   SUNSET   752 PM CDT


-  INDICATES NEGATIVE NUMBERS.
R  INDICATES RECORD WAS SET OR TIED.
MM INDICATES DATA IS MISSING.
T  INDICATES TRACE AMOUNT.




$$
