000
CDUS43 KLMK 160637
CLIBWG


CLIMATE REPORT
NATIONAL WEATHER SERVICE LOUISVILLE KY
237 AM EDT SAT SEP 16 2017


...................................

...THE BOWLING GREEN KY CLIMATE SUMMARY FOR SEPTEMBER 15 2017...

CLIMATE NORMAL PERIOD 1981 TO 2010
CLIMATE RECORD PERIOD 1870 TO 2017


WEATHER ITEM   OBSERVED TIME   RECORD YEAR NORMAL DEPARTURE LAST
                VALUE   (LST)  VALUE       VALUE  FROM      YEAR
                                                  NORMAL
..................................................................
TEMPERATURE (F)
 YESTERDAY
  MAXIMUM         85    323 PM 102    1927  82      3       92
  MINIMUM         60    604 AM  39    1902  58      2       68
  AVERAGE         73                        70      3       80

PRECIPITATION (IN)
  YESTERDAY        0.00          1.33 1981   0.14  -0.14     0.00
  MONTH TO DATE    5.76                      1.98   3.78     0.03
  SINCE SEP 1      5.76                      1.98   3.78     0.03
  SINCE JAN 1     42.84                     35.54   7.30    37.95

SNOWFALL (IN)
  YESTERDAY        0.0           0.0    MM   0.0    0.0      0.0
  MONTH TO DATE    0.0                       0.0    0.0      0.0
  SINCE SEP 1      0.0                       0.0    0.0      0.0
  SINCE JUL 1      0.0                       0.0    0.0      0.0
  SNOW DEPTH       0

DEGREE DAYS
 HEATING
  YESTERDAY        0                         1     -1        0
  MONTH TO DATE   18                         2     16        0
  SINCE SEP 1     18                         2     16        0
  SINCE JUL 1     18                         3     15        0

 COOLING
  YESTERDAY        8                         6      2       15
  MONTH TO DATE   32                       123    -91      183
  SINCE SEP 1     32                       123    -91      183
  SINCE JAN 1   1384                      1392     -8     1742
..................................................................


WIND (MPH)
  HIGHEST WIND SPEED     9   HIGHEST WIND DIRECTION    SE (120)
  HIGHEST GUST SPEED    11   HIGHEST GUST DIRECTION    SW (220)
  AVERAGE WIND SPEED     1.5


SKY COVER
  POSSIBLE SUNSHINE  MM
  AVERAGE SKY COVER 0.5


WEATHER CONDITIONS
 THE FOLLOWING WEATHER WAS RECORDED YESTERDAY.
  FOG
  FOG W/VISIBILITY <= 1/4 MILE


RELATIVE HUMIDITY (PERCENT)
 HIGHEST   100          1200 AM
 LOWEST     48           300 PM
 AVERAGE    74

..........................................................


THE BOWLING GREEN KY CLIMATE NORMALS FOR TODAY
                         NORMAL    RECORD    YEAR
 MAXIMUM TEMPERATURE (F)   82       101      1927
 MINIMUM TEMPERATURE (F)   58        38      1916
                                             1904


SUNRISE AND SUNSET
SEPTEMBER 16 2017.....SUNRISE   629 AM CDT   SUNSET   651 PM CDT
SEPTEMBER 17 2017.....SUNRISE   630 AM CDT   SUNSET   650 PM CDT


-  INDICATES NEGATIVE NUMBERS.
R  INDICATES RECORD WAS SET OR TIED.
MM INDICATES DATA IS MISSING.
T  INDICATES TRACE AMOUNT.




$$
