000
CDUS43 KLMK 172031
CLIBWG

CLIMATE REPORT
NATIONAL WEATHER SERVICE LOUISVILLE KY
428 PM EDT SUN MAY 17 2015


...................................

...THE BOWLING GREEN CLIMATE SUMMARY FOR MAY 17 2015...
VALID TODAY AS OF 0400 PM LOCAL TIME.

CLIMATE NORMAL PERIOD 1981 TO 2010
CLIMATE RECORD PERIOD 1870 TO 2015


WEATHER ITEM   OBSERVED TIME   RECORD YEAR NORMAL DEPARTURE LAST
                VALUE   (LST)  VALUE       VALUE  FROM      YEAR
                                                  NORMAL
..................................................................
TEMPERATURE (F)
 TODAY
  MAXIMUM         83    200 PM  94    1931  78      5       63
                                      1911
                                      1906
  MINIMUM         70    600 AM  40    1973  55     15       46
                                      1895
  AVERAGE         77                        67     10       55

PRECIPITATION (IN)
  TODAY            0.01          2.48 1980   0.18  -0.17     0.00
  MONTH TO DATE    1.55                      3.18  -1.63     2.90
  SINCE MAR 1     16.90                     11.93   4.97    13.20
  SINCE JAN 1     22.78                     19.50   3.28    20.37

SNOWFALL (IN)
  TODAY            0.0           0.0    MM   0.0    0.0      0.0
  MONTH TO DATE    0.0                       0.0    0.0      0.0
  SINCE MAR 1      7.2                       1.3    5.9      5.1
  SINCE JUL 1     23.5                       9.1   14.4     10.4
  SNOW DEPTH       0

DEGREE DAYS
 HEATING
  TODAY            0                         2     -2       10
  MONTH TO DATE   19                        55    -36       62
  SINCE MAR 1    731                       826    -95      910
  SINCE JUL 1   4266                      4024    242     4519

 COOLING
  TODAY           12                         4      8        0
  MONTH TO DATE   92                        45     47       74
  SINCE MAR 1    127                        81     46       88
  SINCE JAN 1    127                        81     46       88
..................................................................


WIND (MPH)
  HIGHEST WIND SPEED    14   HIGHEST WIND DIRECTION     S (200)
  HIGHEST GUST SPEED    20   HIGHEST GUST DIRECTION     S (180)
  AVERAGE WIND SPEED    11.1


SKY COVER
  POSSIBLE SUNSHINE  MM
  AVERAGE SKY COVER 0.5


WEATHER CONDITIONS
 THE FOLLOWING WEATHER WAS RECORDED TODAY.
  LIGHT RAIN


RELATIVE HUMIDITY (PERCENT)
 HIGHEST    79          1200 AM
 LOWEST     62          1000 AM
 AVERAGE    71

..........................................................


THE BOWLING GREEN CLIMATE NORMALS FOR TOMORROW
                         NORMAL    RECORD    YEAR
 MAXIMUM TEMPERATURE (F)   78        96      1911
 MINIMUM TEMPERATURE (F)   56        39      1894


SUNRISE AND SUNSET
MAY 17 2015...........SUNRISE   536 AM CDT   SUNSET   748 PM CDT
MAY 18 2015...........SUNRISE   536 AM CDT   SUNSET   749 PM CDT


-  INDICATES NEGATIVE NUMBERS.
R  INDICATES RECORD WAS SET OR TIED.
MM INDICATES DATA IS MISSING.
T  INDICATES TRACE AMOUNT.




$$
