000
CDUS43 KLMK 152043
CLIBWG


CLIMATE REPORT
NATIONAL WEATHER SERVICE LOUISVILLE KY
442 PM EDT MON AUG 15 2016


...................................

...THE BOWLING GREEN CLIMATE SUMMARY FOR AUGUST 15 2016...
VALID TODAY AS OF 0400 PM LOCAL TIME.

CLIMATE NORMAL PERIOD 1981 TO 2010
CLIMATE RECORD PERIOD 1870 TO 2016


WEATHER ITEM   OBSERVED TIME   RECORD YEAR NORMAL DEPARTURE LAST
                VALUE   (LST)  VALUE       VALUE  FROM      YEAR
                                                  NORMAL
..................................................................
TEMPERATURE (F)
 TODAY
  MAXIMUM         92    116 PM 104    2007  89      3       89
  MINIMUM         73    530 AM  50    2004  67      6       66
  AVERAGE         83                        78      5       78

PRECIPITATION (IN)
  TODAY            0.02          1.10 1921   0.10  -0.08     0.54
  MONTH TO DATE    1.64                      1.49   0.15     1.12
  SINCE JUN 1     15.23                      9.79   5.44    10.40
  SINCE JAN 1     34.40                     31.72   2.68    34.59

SNOWFALL (IN)
  TODAY            0.0           0.0    MM   0.0    0.0      0.0
  MONTH TO DATE    0.0                       0.0    0.0      0.0
  SINCE JUN 1      0.0                       0.0    0.0      0.0
  SINCE JUL 1      0.0                       0.0    0.0      0.0
  SNOW DEPTH       0

DEGREE DAYS
 HEATING
  TODAY            0                         0      0        0
  MONTH TO DATE    0                         0      0        0
  SINCE JUN 1      0                         5     -5        3
  SINCE JUL 1      0                         0      0        0

 COOLING
  TODAY           18                        13      5       13
  MONTH TO DATE  258                       196     62      178
  SINCE JUN 1   1159                       924    235     1039
  SINCE JAN 1   1325                      1077    248     1242
..................................................................


WIND (MPH)
  HIGHEST WIND SPEED    18   HIGHEST WIND DIRECTION     S (200)
  HIGHEST GUST SPEED    26   HIGHEST GUST DIRECTION     S (200)
  AVERAGE WIND SPEED     7.4


SKY COVER
  POSSIBLE SUNSHINE  MM
  AVERAGE SKY COVER 0.2


WEATHER CONDITIONS
 THE FOLLOWING WEATHER WAS RECORDED TODAY.
  THUNDERSTORM
  RAIN
  LIGHT RAIN


RELATIVE HUMIDITY (PERCENT)
 HIGHEST    93           200 AM
 LOWEST     49           100 PM
 AVERAGE    71

..........................................................


THE BOWLING GREEN CLIMATE NORMALS FOR TOMORROW
                         NORMAL    RECORD    YEAR
 MAXIMUM TEMPERATURE (F)   89       106      2007
 MINIMUM TEMPERATURE (F)   66        50      1963
                                             1889


SUNRISE AND SUNSET
AUGUST 15 2016........SUNRISE   603 AM CDT   SUNSET   737 PM CDT
AUGUST 16 2016........SUNRISE   604 AM CDT   SUNSET   735 PM CDT


-  INDICATES NEGATIVE NUMBERS.
R  INDICATES RECORD WAS SET OR TIED.
MM INDICATES DATA IS MISSING.
T  INDICATES TRACE AMOUNT.




$$
