000
CDUS43 KLMK 122135
CLIBWG


CLIMATE REPORT
NATIONAL WEATHER SERVICE LOUISVILLE KY
434 PM EST TUE DEC 12 2017


...................................

...THE BOWLING GREEN CLIMATE SUMMARY FOR DECEMBER 12 2017...
VALID TODAY AS OF 0400 PM LOCAL TIME.

CLIMATE NORMAL PERIOD 1981 TO 2010
CLIMATE RECORD PERIOD 1870 TO 2017


WEATHER ITEM   OBSERVED TIME   RECORD YEAR NORMAL DEPARTURE LAST
                VALUE   (LST)  VALUE       VALUE  FROM      YEAR
                                                  NORMAL
..................................................................
TEMPERATURE (F)
 TODAY
  MAXIMUM         48   1235 AM  70    2015  49     -1       47
  MINIMUM         36    259 PM  -5    1962  30      6       33
  AVERAGE         42                        39      3       40

PRECIPITATION (IN)
  TODAY            0.00          4.47 1949   0.17  -0.17     0.15
  MONTH TO DATE    0.57                      1.97  -1.40     1.54
  SINCE DEC 1      0.57                      1.97  -1.40     1.54
  SINCE JAN 1     49.55                     47.06   2.49    43.50

SNOWFALL (IN)
  TODAY            0.0           3.0  2010   0.0    0.0      0.0
  MONTH TO DATE    T                         0.2   -0.2      0.0
  SINCE DEC 1      T                         0.2   -0.2      0.0
  SINCE JUL 1      T                         0.2   -0.2      0.0
  SNOW DEPTH       0

DEGREE DAYS
 HEATING
  TODAY           23                        26     -3       25
  MONTH TO DATE  289                       290     -1      321
  SINCE DEC 1    289                       290     -1      321
  SINCE JUL 1    990                      1053    -63      807

 COOLING
  TODAY            0                         0      0        0
  MONTH TO DATE    0                         0      0        0
  SINCE DEC 1      0                         0      0        0
  SINCE JAN 1   1600                      1491    109     1979
..................................................................


WIND (MPH)
  HIGHEST WIND SPEED    21   HIGHEST WIND DIRECTION     W (290)
  HIGHEST GUST SPEED    30   HIGHEST GUST DIRECTION     W (280)
  AVERAGE WIND SPEED    10.3


SKY COVER
  POSSIBLE SUNSHINE  MM
  AVERAGE SKY COVER 0.6


WEATHER CONDITIONS
 THE FOLLOWING WEATHER WAS RECORDED TODAY.
  NO SIGNIFICANT WEATHER WAS OBSERVED.


RELATIVE HUMIDITY (PERCENT)
 HIGHEST    82           700 AM
 LOWEST     35           200 PM
 AVERAGE    59

..........................................................


THE BOWLING GREEN CLIMATE NORMALS FOR TOMORROW
                         NORMAL    RECORD    YEAR
 MAXIMUM TEMPERATURE (F)   48        76      1927
 MINIMUM TEMPERATURE (F)   30        -8      1962


SUNRISE AND SUNSET
DECEMBER 12 2017......SUNRISE   650 AM CST   SUNSET   429 PM CST
DECEMBER 13 2017......SUNRISE   650 AM CST   SUNSET   430 PM CST


-  INDICATES NEGATIVE NUMBERS.
R  INDICATES RECORD WAS SET OR TIED.
MM INDICATES DATA IS MISSING.
T  INDICATES TRACE AMOUNT.




$$
