000
CDUS43 KLMK 120632
CLIBWG


CLIMATE REPORT
NATIONAL WEATHER SERVICE LOUISVILLE KY
231 AM EDT THU OCT 12 2017


...................................

...THE BOWLING GREEN KY CLIMATE SUMMARY FOR OCTOBER 11 2017...

CLIMATE NORMAL PERIOD 1981 TO 2010
CLIMATE RECORD PERIOD 1870 TO 2017


WEATHER ITEM   OBSERVED TIME   RECORD YEAR NORMAL DEPARTURE LAST
                VALUE   (LST)  VALUE       VALUE  FROM      YEAR
                                                  NORMAL
..................................................................
TEMPERATURE (F)
 YESTERDAY
  MAXIMUM         75    346 AM  90    1963  73      2       81
  MINIMUM         57   1212 PM  28    1906  48      9       50
  AVERAGE         66                        60      6       66

PRECIPITATION (IN)
  YESTERDAY        0.00          1.26 1926   0.10  -0.10     0.00
  MONTH TO DATE    1.12                      1.21  -0.09      T
  SINCE SEP 1      7.59                      5.14   2.45     1.57
  SINCE JAN 1     44.67                     38.70   5.97    39.49

SNOWFALL (IN)
  YESTERDAY        0.0           0.0    MM   0.0    0.0      0.0
  MONTH TO DATE    0.0                       0.0    0.0      0.0
  SINCE SEP 1      0.0                       0.0    0.0      0.0
  SINCE JUL 1      0.0                       0.0    0.0      0.0
  SNOW DEPTH       0

DEGREE DAYS
 HEATING
  YESTERDAY        0                         6     -6        0
  MONTH TO DATE    0                        54    -54       13
  SINCE SEP 1     19                        89    -70       32
  SINCE JUL 1     19                        90    -71       32

 COOLING
  YESTERDAY        1                         1      0        1
  MONTH TO DATE   56                        20     36       34
  SINCE SEP 1    226                       206     20      339
  SINCE JAN 1   1578                      1475    103     1898
..................................................................


WIND (MPH)
  HIGHEST WIND SPEED    13   HIGHEST WIND DIRECTION    NW (300)
  HIGHEST GUST SPEED    19   HIGHEST GUST DIRECTION     W (280)
  AVERAGE WIND SPEED     5.6


SKY COVER
  POSSIBLE SUNSHINE  MM
  AVERAGE SKY COVER 1.0


WEATHER CONDITIONS
 THE FOLLOWING WEATHER WAS RECORDED YESTERDAY.
  FOG


RELATIVE HUMIDITY (PERCENT)
 HIGHEST   100           800 AM
 LOWEST     84           300 PM
 AVERAGE    92

..........................................................


THE BOWLING GREEN KY CLIMATE NORMALS FOR TODAY
                         NORMAL    RECORD    YEAR
 MAXIMUM TEMPERATURE (F)   73        94      1930
 MINIMUM TEMPERATURE (F)   47        30      1906


SUNRISE AND SUNSET
OCTOBER 12 2017.......SUNRISE   651 AM CDT   SUNSET   613 PM CDT
OCTOBER 13 2017.......SUNRISE   652 AM CDT   SUNSET   611 PM CDT


-  INDICATES NEGATIVE NUMBERS.
R  INDICATES RECORD WAS SET OR TIED.
MM INDICATES DATA IS MISSING.
T  INDICATES TRACE AMOUNT.

$$

SCHOETTMER
