000
CDUS43 KLMK 112032
CLIBWG


CLIMATE REPORT
NATIONAL WEATHER SERVICE LOUISVILLE KY
431 PM EDT FRI AUG 11 2017


...................................

...THE BOWLING GREEN CLIMATE SUMMARY FOR AUGUST 11 2017...
VALID TODAY AS OF 0400 PM LOCAL TIME.

CLIMATE NORMAL PERIOD 1981 TO 2010
CLIMATE RECORD PERIOD 1870 TO 2017


WEATHER ITEM   OBSERVED TIME   RECORD YEAR NORMAL DEPARTURE LAST
                VALUE   (LST)  VALUE       VALUE  FROM      YEAR
                                                  NORMAL
..................................................................
TEMPERATURE (F)
 TODAY
  MAXIMUM         88   1221 PM 105    1918  90     -2       90
  MINIMUM         68    305 AM  54    1962  67      1       76
                                      1888
  AVERAGE         78                        78      0       83

PRECIPITATION (IN)
  TODAY            0.00          1.54 2014   0.10  -0.10     0.00
  MONTH TO DATE    1.39                      1.08   0.31     1.40
  SINCE JUN 1     12.81                      9.38   3.43    14.99
  SINCE JAN 1     33.11                     31.31   1.80    34.16

SNOWFALL (IN)
  TODAY            0.0           0.0    MM   0.0    0.0      0.0
  MONTH TO DATE    0.0                       0.0    0.0      0.0
  SINCE JUN 1      0.0                       0.0    0.0      0.0
  SINCE JUL 1      0.0                       0.0    0.0      0.0
  SNOW DEPTH       0

DEGREE DAYS
 HEATING
  TODAY            0                         0      0        0
  MONTH TO DATE    0                         0      0        0
  SINCE JUN 1      0                         5     -5        0
  SINCE JUL 1      0                         0      0        0

 COOLING
  TODAY           13                        13      0       18
  MONTH TO DATE  110                       144    -34      188
  SINCE JUN 1    868                       872     -4     1089
  SINCE JAN 1   1117                      1025     92     1255
..................................................................


WIND (MPH)
  HIGHEST WIND SPEED     8   HIGHEST WIND DIRECTION    SW (230)
  HIGHEST GUST SPEED    12   HIGHEST GUST DIRECTION     W (260)
  AVERAGE WIND SPEED     1.5


SKY COVER
  POSSIBLE SUNSHINE  MM
  AVERAGE SKY COVER 0.1


WEATHER CONDITIONS
 THE FOLLOWING WEATHER WAS RECORDED TODAY.
  FOG


RELATIVE HUMIDITY (PERCENT)
 HIGHEST   100           400 AM
 LOWEST     55           200 PM
 AVERAGE    78

..........................................................


THE BOWLING GREEN CLIMATE NORMALS FOR TOMORROW
                         NORMAL    RECORD    YEAR
 MAXIMUM TEMPERATURE (F)   89       108      1881
 MINIMUM TEMPERATURE (F)   67        50      1890


SUNRISE AND SUNSET
AUGUST 11 2017........SUNRISE   559 AM CDT   SUNSET   742 PM CDT
AUGUST 12 2017........SUNRISE   600 AM CDT   SUNSET   740 PM CDT


-  INDICATES NEGATIVE NUMBERS.
R  INDICATES RECORD WAS SET OR TIED.
MM INDICATES DATA IS MISSING.
T  INDICATES TRACE AMOUNT.




$$
