000
CDUS43 KLMK 120632
CLIBWG


CLIMATE REPORT
NATIONAL WEATHER SERVICE LOUISVILLE KY
131 AM EST MON FEB 12 2018


...................................

...THE BOWLING GREEN KY CLIMATE SUMMARY FOR FEBRUARY 11 2018...

CLIMATE NORMAL PERIOD 1981 TO 2010
CLIMATE RECORD PERIOD 1870 TO 2018


WEATHER ITEM   OBSERVED TIME   RECORD YEAR NORMAL DEPARTURE LAST
                VALUE   (LST)  VALUE       VALUE  FROM      YEAR
                                                  NORMAL
..................................................................
TEMPERATURE (F)
 YESTERDAY
  MAXIMUM         50    809 AM  72    1999  49      1       69
                                      1938
  MINIMUM         31   1159 PM  -4    1885  29      2       51
  AVERAGE         41                        39      2       60

PRECIPITATION (IN)
  YESTERDAY        0.36          2.06 1965   0.14   0.22     0.00
  MONTH TO DATE    3.11                      1.60   1.51     1.68
  SINCE DEC 1      8.88                     10.01  -1.13    11.48
  SINCE JAN 1      5.39                      5.21   0.18     5.84

SNOWFALL (IN)
  YESTERDAY        0.0           4.0  1988   0.1   -0.1      0.0
                                      1933
  MONTH TO DATE    0.2                       1.6   -1.4      0.0
  SINCE DEC 1      8.4                       6.1    2.3      0.7
  SINCE JUL 1      8.4                       6.1    2.3      0.7
  SNOW DEPTH       0

DEGREE DAYS
 HEATING
  YESTERDAY       24                        26     -2        5
  MONTH TO DATE  313                       299     14      234
  SINCE DEC 1   2137                      2028    109     1669
  SINCE JUL 1   2838                      2791     47     2155

 COOLING
  YESTERDAY        0                         0      0        0
  MONTH TO DATE    0                         0      0        0
  SINCE DEC 1      0                         1     -1        0
  SINCE JAN 1      0                         0      0        0
..................................................................


WIND (MPH)
  HIGHEST WIND SPEED    14   HIGHEST WIND DIRECTION     W (290)
  HIGHEST GUST SPEED    20   HIGHEST GUST DIRECTION     W (280)
  AVERAGE WIND SPEED     5.8


SKY COVER
  POSSIBLE SUNSHINE  MM
  AVERAGE SKY COVER 1.0


WEATHER CONDITIONS
 THE FOLLOWING WEATHER WAS RECORDED YESTERDAY.
  RAIN
  LIGHT RAIN
  FOG


RELATIVE HUMIDITY (PERCENT)
 HIGHEST   100           100 AM
 LOWEST     85           300 PM
 AVERAGE    93

..........................................................


THE BOWLING GREEN KY CLIMATE NORMALS FOR TODAY
                         NORMAL    RECORD    YEAR
 MAXIMUM TEMPERATURE (F)   49        76      1938
 MINIMUM TEMPERATURE (F)   29        -9      1899


SUNRISE AND SUNSET
FEBRUARY 12 2018......SUNRISE   638 AM CST   SUNSET   523 PM CST
FEBRUARY 13 2018......SUNRISE   636 AM CST   SUNSET   524 PM CST


-  INDICATES NEGATIVE NUMBERS.
R  INDICATES RECORD WAS SET OR TIED.
MM INDICATES DATA IS MISSING.
T  INDICATES TRACE AMOUNT.




$$
