000
CDUS43 KLMK 240627
CLIBWG


CLIMATE REPORT
NATIONAL WEATHER SERVICE LOUISVILLE KY
227 AM EDT TUE MAR 24 2015


...................................

...THE BOWLING GREEN KY CLIMATE SUMMARY FOR MARCH 23 2015...

CLIMATE NORMAL PERIOD 1981 TO 2010
CLIMATE RECORD PERIOD 1870 TO 2015


WEATHER ITEM   OBSERVED TIME   RECORD YEAR NORMAL DEPARTURE LAST
                VALUE   (LST)  VALUE       VALUE  FROM      YEAR
                                                  NORMAL
..................................................................
TEMPERATURE (F)
 YESTERDAY
  MAXIMUM         70    329 PM  90    1910  62      8       51
  MINIMUM         37    603 AM   4    1885  39     -2       33
  AVERAGE         54                        51      3       42

PRECIPITATION (IN)
  YESTERDAY        0.00          1.22 1975   0.15  -0.15     0.00
  MONTH TO DATE    5.92                      3.21   2.71     2.93
  SINCE MAR 1      5.92                      3.21   2.71     2.93
  SINCE JAN 1     11.80                     10.78   1.02    10.10

SNOWFALL (IN)
  YESTERDAY        0.0           0.5  1906   0.0    0.0      0.0
  MONTH TO DATE    7.2                       0.8    6.4      4.8
  SINCE MAR 1      7.2                       0.8    6.4      4.8
  SINCE JUL 1     23.5                       8.6   14.9     10.1
  SNOW DEPTH       0

DEGREE DAYS
 HEATING
  YESTERDAY       11                        15     -4       23
  MONTH TO DATE  423                       414      9      499
  SINCE MAR 1    423                       414      9      499
  SINCE JUL 1   3958                      3612    346     4108

 COOLING
  YESTERDAY        0                         0      0        0
  MONTH TO DATE    0                         0      0        0
  SINCE MAR 1      0                         0      0        0
  SINCE JAN 1      0                         0      0        0
..................................................................


WIND (MPH)
  HIGHEST WIND SPEED    13   HIGHEST WIND DIRECTION    SW (220)
  HIGHEST GUST SPEED    23   HIGHEST GUST DIRECTION    SW (240)
  AVERAGE WIND SPEED     3.7


SKY COVER
  POSSIBLE SUNSHINE  MM
  AVERAGE SKY COVER 0.0


WEATHER CONDITIONS
 THE FOLLOWING WEATHER WAS RECORDED YESTERDAY.
  NO SIGNIFICANT WEATHER WAS OBSERVED.


RELATIVE HUMIDITY (PERCENT)
 HIGHEST    71          1100 PM
 LOWEST     24           300 PM
 AVERAGE    48

..........................................................


THE BOWLING GREEN KY CLIMATE NORMALS FOR TODAY
                         NORMAL    RECORD    YEAR
 MAXIMUM TEMPERATURE (F)   63        92      1929
 MINIMUM TEMPERATURE (F)   39        16      1968


SUNRISE AND SUNSET
MARCH 24 2015.........SUNRISE   644 AM CDT   SUNSET   701 PM CDT
MARCH 25 2015.........SUNRISE   642 AM CDT   SUNSET   702 PM CDT


-  INDICATES NEGATIVE NUMBERS.
R  INDICATES RECORD WAS SET OR TIED.
MM INDICATES DATA IS MISSING.
T  INDICATES TRACE AMOUNT.




$$
