000
CDUS43 KLMK 180638
CLIBWG


CLIMATE REPORT
NATIONAL WEATHER SERVICE LOUISVILLE KY
238 AM EDT SUN SEP 18 2016


...................................

...THE BOWLING GREEN KY CLIMATE SUMMARY FOR SEPTEMBER 17 2016...

CLIMATE NORMAL PERIOD 1981 TO 2010
CLIMATE RECORD PERIOD 1870 TO 2016


WEATHER ITEM   OBSERVED TIME   RECORD YEAR NORMAL DEPARTURE LAST
                VALUE   (LST)  VALUE       VALUE  FROM      YEAR
                                                  NORMAL
..................................................................
TEMPERATURE (F)
 YESTERDAY
  MAXIMUM         78   1253 AM 101    1931  82     -4       86
  MINIMUM         71   1202 PM  38    1916  58     13       53
  AVERAGE         75                        70      5       70

PRECIPITATION (IN)
  YESTERDAY        0.88          2.00 2002   0.12   0.76     0.00
  MONTH TO DATE    1.02                      2.23  -1.21     0.71
  SINCE SEP 1      1.02                      2.23  -1.21     0.71
  SINCE JAN 1     38.94                     35.79   3.15    35.75

SNOWFALL (IN)
  YESTERDAY        0.0           0.0    MM   0.0    0.0      0.0
  MONTH TO DATE    0.0                       0.0    0.0      0.0
  SINCE SEP 1      0.0                       0.0    0.0      0.0
  SINCE JUL 1      0.0                       0.0    0.0      0.0
  SNOW DEPTH       0

DEGREE DAYS
 HEATING
  YESTERDAY        0                         1     -1        0
  MONTH TO DATE    0                         4     -4        8
  SINCE SEP 1      0                         4     -4        8
  SINCE JUL 1      0                         5     -5        8

 COOLING
  YESTERDAY       10                         6      4        5
  MONTH TO DATE  209                       135     74      170
  SINCE SEP 1    209                       135     74      170
  SINCE JAN 1   1768                      1404    364     1551
..................................................................


WIND (MPH)
  HIGHEST WIND SPEED    20   HIGHEST WIND DIRECTION    SW (230)
  HIGHEST GUST SPEED    25   HIGHEST GUST DIRECTION    SW (220)
  AVERAGE WIND SPEED     6.0


SKY COVER
  POSSIBLE SUNSHINE  MM
  AVERAGE SKY COVER 0.7


WEATHER CONDITIONS
 THE FOLLOWING WEATHER WAS RECORDED YESTERDAY.
  HEAVY RAIN
  RAIN
  LIGHT RAIN
  FOG


RELATIVE HUMIDITY (PERCENT)
 HIGHEST    93           900 AM
 LOWEST     67           100 AM
 AVERAGE    80

..........................................................


THE BOWLING GREEN KY CLIMATE NORMALS FOR TODAY
                         NORMAL    RECORD    YEAR
 MAXIMUM TEMPERATURE (F)   81       100      1931
 MINIMUM TEMPERATURE (F)   57        35      1903


SUNRISE AND SUNSET
SEPTEMBER 18 2016.....SUNRISE   631 AM CDT   SUNSET   648 PM CDT
SEPTEMBER 19 2016.....SUNRISE   632 AM CDT   SUNSET   646 PM CDT


-  INDICATES NEGATIVE NUMBERS.
R  INDICATES RECORD WAS SET OR TIED.
MM INDICATES DATA IS MISSING.
T  INDICATES TRACE AMOUNT.




$$
