000
CDUS43 KLMK 092029
CLIBWG


CLIMATE REPORT
NATIONAL WEATHER SERVICE LOUISVILLE KY
429 PM EDT WED APR 9 2014


...................................

...THE BOWLING GREEN CLIMATE SUMMARY FOR APRIL 9 2014...
VALID TODAY AS OF 0400 PM LOCAL TIME.

CLIMATE NORMAL PERIOD 1981 TO 2010
CLIMATE RECORD PERIOD 1870 TO 2014


WEATHER ITEM   OBSERVED TIME   RECORD YEAR NORMAL DEPARTURE LAST
                VALUE   (LST)  VALUE       VALUE  FROM      YEAR
                                                  NORMAL
..................................................................
TEMPERATURE (F)
 TODAY
  MAXIMUM         65    100 PM  89    2011  68     -3       80
                                      1978
  MINIMUM         43        MM  22    1914  44     -1       65
  AVERAGE         54                        56     -2       73

PRECIPITATION (IN)
  TODAY            0.00          2.30 1942   0.14  -0.14     0.00
  MONTH TO DATE    2.31                      1.20   1.11     0.17
  SINCE MAR 1      6.04                      5.61   0.43     5.38
  SINCE JAN 1     13.21                     13.18   0.03    13.07

SNOWFALL (IN)
  TODAY           MM             0.0    MM   0.0   MM        0.0
  MONTH TO DATE    0.0                       0.1   -0.1      0.0
  SINCE MAR 1      5.1                       1.2    3.9      2.5
  SINCE JUL 1     10.4                       9.0    1.4      3.8
  SNOW DEPTH      MM

DEGREE DAYS
 HEATING
  TODAY           11                        10      1        0
  MONTH TO DATE   72                       100    -28      103
  SINCE MAR 1    725                       620    105      780
  SINCE JUL 1   4334                      3818    516     3675

 COOLING
  TODAY            0                         1     -1        8
  MONTH TO DATE    3                         8     -5       10
  SINCE MAR 1      3                        13    -10       10
  SINCE JAN 1      3                        13    -10       10
..................................................................


WIND (MPH)
  HIGHEST WIND SPEED    12   HIGHEST WIND DIRECTION     W (280)
  HIGHEST GUST SPEED    21   HIGHEST GUST DIRECTION    SW (240)
  AVERAGE WIND SPEED     4.8


SKY COVER
  POSSIBLE SUNSHINE  MM
  AVERAGE SKY COVER 0.2


WEATHER CONDITIONS
 THE FOLLOWING WEATHER WAS RECORDED TODAY.
  NO SIGNIFICANT WEATHER WAS OBSERVED.


RELATIVE HUMIDITY (PERCENT)
 HIGHEST    83           400 AM
 LOWEST     28           200 PM
 AVERAGE    56

..........................................................


THE BOWLING GREEN CLIMATE NORMALS FOR TOMORROW
                         NORMAL    RECORD    YEAR
 MAXIMUM TEMPERATURE (F)   68        90      1995
 MINIMUM TEMPERATURE (F)   44        24      1892
                                             1966


SUNRISE AND SUNSET
APRIL  9 2014.........SUNRISE   620 AM CDT   SUNSET   715 PM CDT
APRIL 10 2014.........SUNRISE   619 AM CDT   SUNSET   716 PM CDT


-  INDICATES NEGATIVE NUMBERS.
R  INDICATES RECORD WAS SET OR TIED.
MM INDICATES DATA IS MISSING.
T  INDICATES TRACE AMOUNT.




$$
