000
CDUS43 KLMK 140640
CLIBWG


CLIMATE REPORT
NATIONAL WEATHER SERVICE LOUISVILLE KY
140 AM EST TUE FEB 14 2017


...................................

...THE BOWLING GREEN KY CLIMATE SUMMARY FOR FEBRUARY 13 2017...

CLIMATE NORMAL PERIOD 1981 TO 2010
CLIMATE RECORD PERIOD 1870 TO 2017


WEATHER ITEM   OBSERVED TIME   RECORD YEAR NORMAL DEPARTURE LAST
                VALUE   (LST)  VALUE       VALUE  FROM      YEAR
                                                  NORMAL
..................................................................
TEMPERATURE (F)
 YESTERDAY
  MAXIMUM         53    421 PM  82    1962  49      4       30
  MINIMUM         30    644 AM -17    1899  29      1       17
  AVERAGE         42                        39      3       24

PRECIPITATION (IN)
  YESTERDAY        0.00          2.81 1948   0.14  -0.14     0.00
  MONTH TO DATE    1.68                      1.88  -0.20     1.89
  SINCE DEC 1     11.48                     10.29   1.19     8.93
  SINCE JAN 1      5.84                      5.49   0.35     3.70

SNOWFALL (IN)
  YESTERDAY        0.0           7.0  1960   0.1   -0.1      0.0
  MONTH TO DATE    0.0                       1.9   -1.9      3.4
  SINCE DEC 1      0.7                       6.4   -5.7     18.2
  SINCE JUL 1      0.7                       6.4   -5.7     18.2
  SNOW DEPTH       0

DEGREE DAYS
 HEATING
  YESTERDAY       23                        26     -3       41
  MONTH TO DATE  267                       351    -84      370
  SINCE DEC 1   1702                      2080   -378     1755
  SINCE JUL 1   2188                      2843   -655     2293

 COOLING
  YESTERDAY        0                         0      0        0
  MONTH TO DATE    0                         0      0        0
  SINCE DEC 1      0                         1     -1        2
  SINCE JAN 1      0                         0      0        0
..................................................................


WIND (MPH)
  HIGHEST WIND SPEED    10   HIGHEST WIND DIRECTION    NE (50)
  HIGHEST GUST SPEED    15   HIGHEST GUST DIRECTION     E (70)
  AVERAGE WIND SPEED     2.5


SKY COVER
  POSSIBLE SUNSHINE  MM
  AVERAGE SKY COVER 0.1


WEATHER CONDITIONS
 THE FOLLOWING WEATHER WAS RECORDED YESTERDAY.
  NO SIGNIFICANT WEATHER WAS OBSERVED.


RELATIVE HUMIDITY (PERCENT)
 HIGHEST    64          1100 PM
 LOWEST     24           400 PM
 AVERAGE    44

..........................................................


THE BOWLING GREEN KY CLIMATE NORMALS FOR TODAY
                         NORMAL    RECORD    YEAR
 MAXIMUM TEMPERATURE (F)   50        76      1921
 MINIMUM TEMPERATURE (F)   29        -6      1899


SUNRISE AND SUNSET
FEBRUARY 14 2017......SUNRISE   635 AM CST   SUNSET   525 PM CST
FEBRUARY 15 2017......SUNRISE   634 AM CST   SUNSET   526 PM CST


-  INDICATES NEGATIVE NUMBERS.
R  INDICATES RECORD WAS SET OR TIED.
MM INDICATES DATA IS MISSING.
T  INDICATES TRACE AMOUNT.




$$
