000
CDUS43 KLMK 082037
CLIBWG


CLIMATE REPORT
NATIONAL WEATHER SERVICE LOUISVILLE KY
436 PM EDT SUN OCT 8 2017


...................................

...THE BOWLING GREEN CLIMATE SUMMARY FOR OCTOBER 8 2017...
VALID TODAY AS OF 0400 PM LOCAL TIME.

CLIMATE NORMAL PERIOD 1981 TO 2010
CLIMATE RECORD PERIOD 1870 TO 2017


WEATHER ITEM   OBSERVED TIME   RECORD YEAR NORMAL DEPARTURE LAST
                VALUE   (LST)  VALUE       VALUE  FROM      YEAR
                                                  NORMAL
..................................................................
TEMPERATURE (F)
 TODAY
  MAXIMUM         79    135 AM  93    1916  74      5       73
  MINIMUM         64    720 AM  23    1889  49     15       49
  AVERAGE         72                        61     11       61

PRECIPITATION (IN)
  TODAY            0.81          2.30 1927   0.11   0.70     0.00
  MONTH TO DATE    0.81                      0.90  -0.09      T
  SINCE SEP 1      7.28                      4.83   2.45     1.57
  SINCE JAN 1     44.36                     38.39   5.97    39.49

SNOWFALL (IN)
  TODAY            0.0           0.0    MM   0.0    0.0      0.0
  MONTH TO DATE    0.0                       0.0    0.0      0.0
  SINCE SEP 1      0.0                       0.0    0.0      0.0
  SINCE JUL 1      0.0                       0.0    0.0      0.0
  SNOW DEPTH       0

DEGREE DAYS
 HEATING
  TODAY            0                         5     -5        4
  MONTH TO DATE    0                        36    -36        4
  SINCE SEP 1     19                        71    -52       23
  SINCE JUL 1     19                        72    -53       23

 COOLING
  TODAY            7                         2      5        0
  MONTH TO DATE   32                        17     15       33
  SINCE SEP 1    202                       203     -1      338
  SINCE JAN 1   1554                      1472     82     1897
..................................................................


WIND (MPH)
  HIGHEST WIND SPEED    17   HIGHEST WIND DIRECTION     S (190)
  HIGHEST GUST SPEED    24   HIGHEST GUST DIRECTION     S (200)
  AVERAGE WIND SPEED     8.9


SKY COVER
  POSSIBLE SUNSHINE  MM
  AVERAGE SKY COVER 1.0


WEATHER CONDITIONS
 THE FOLLOWING WEATHER WAS RECORDED TODAY.
  HEAVY RAIN
  RAIN
  LIGHT RAIN
  FOG


RELATIVE HUMIDITY (PERCENT)
 HIGHEST   100           700 AM
 LOWEST     79          1200 AM
 AVERAGE    90

..........................................................


THE BOWLING GREEN CLIMATE NORMALS FOR TOMORROW
                         NORMAL    RECORD    YEAR
 MAXIMUM TEMPERATURE (F)   74        90      1928
                                             1913
 MINIMUM TEMPERATURE (F)   48        30      2000
                                             1915
                                             1889


SUNRISE AND SUNSET
OCTOBER  8 2017.......SUNRISE   647 AM CDT   SUNSET   618 PM CDT
OCTOBER  9 2017.......SUNRISE   648 AM CDT   SUNSET   617 PM CDT


-  INDICATES NEGATIVE NUMBERS.
R  INDICATES RECORD WAS SET OR TIED.
MM INDICATES DATA IS MISSING.
T  INDICATES TRACE AMOUNT.




$$
