000
CDUS43 KLMK 120628
CLIBWG


CLIMATE REPORT
NATIONAL WEATHER SERVICE LOUISVILLE KY
228 AM EDT SAT APR 12 2014


...................................

...THE BOWLING GREEN KY CLIMATE SUMMARY FOR APRIL 11 2014...

CLIMATE NORMAL PERIOD 1981 TO 2010
CLIMATE RECORD PERIOD 1870 TO 2014


WEATHER ITEM   OBSERVED TIME   RECORD YEAR NORMAL DEPARTURE LAST
                VALUE   (LST)  VALUE       VALUE  FROM      YEAR
                                                  NORMAL
..................................................................
TEMPERATURE (F)
 YESTERDAY
  MAXIMUM         75    319 PM  92    1930  69      6       75
  MINIMUM         56   1159 PM  24    1973  44     12       51
                                      1989
  AVERAGE         66                        56     10       63

PRECIPITATION (IN)
  YESTERDAY        0.05          2.41 2011   0.14  -0.09     2.06
  MONTH TO DATE    2.36                      1.48   0.88     2.23
  SINCE MAR 1      6.09                      5.89   0.20     7.44
  SINCE JAN 1     13.26                     13.46  -0.20    15.13

SNOWFALL (IN)
  YESTERDAY        0.0           0.0    MM   0.0    0.0      0.0
  MONTH TO DATE    0.0                       0.1   -0.1      0.0
  SINCE MAR 1      5.1                       1.2    3.9      2.5
  SINCE JUL 1     10.4                       9.0    1.4      3.8
  SNOW DEPTH       0

DEGREE DAYS
 HEATING
  YESTERDAY        0                        10    -10        2
  MONTH TO DATE   78                       120    -42      105
  SINCE MAR 1    731                       640     91      782
  SINCE JUL 1   4340                      3838    502     3677

 COOLING
  YESTERDAY        1                         1      0        0
  MONTH TO DATE    4                        10     -6       19
  SINCE MAR 1      4                        15    -11       19
  SINCE JAN 1      4                        15    -11       19
..................................................................


WIND (MPH)
  HIGHEST WIND SPEED    21   HIGHEST WIND DIRECTION     S (190)
  HIGHEST GUST SPEED    26   HIGHEST GUST DIRECTION    SW (240)
  AVERAGE WIND SPEED     9.7


SKY COVER
  POSSIBLE SUNSHINE  MM
  AVERAGE SKY COVER 0.3


WEATHER CONDITIONS
 THE FOLLOWING WEATHER WAS RECORDED YESTERDAY.
  THUNDERSTORM
  LIGHT RAIN


RELATIVE HUMIDITY (PERCENT)
 HIGHEST    93          1000 PM
 LOWEST     43          1200 AM
 AVERAGE    68

..........................................................


THE BOWLING GREEN KY CLIMATE NORMALS FOR TODAY
                         NORMAL    RECORD    YEAR
 MAXIMUM TEMPERATURE (F)   69        94      1906
 MINIMUM TEMPERATURE (F)   45        26      1940


SUNRISE AND SUNSET
APRIL 12 2014.........SUNRISE   616 AM CDT   SUNSET   718 PM CDT
APRIL 13 2014.........SUNRISE   614 AM CDT   SUNSET   719 PM CDT


-  INDICATES NEGATIVE NUMBERS.
R  INDICATES RECORD WAS SET OR TIED.
MM INDICATES DATA IS MISSING.
T  INDICATES TRACE AMOUNT.




$$
