000
CDUS43 KLMK 120627
CLIBWG


CLIMATE REPORT
NATIONAL WEATHER SERVICE LOUISVILLE KY
127 AM EST SUN MAR 12 2017


...................................

...THE BOWLING GREEN KY CLIMATE SUMMARY FOR MARCH 11 2017...

CLIMATE NORMAL PERIOD 1981 TO 2010
CLIMATE RECORD PERIOD 1870 TO 2017


WEATHER ITEM   OBSERVED TIME   RECORD YEAR NORMAL DEPARTURE LAST
                VALUE   (LST)  VALUE       VALUE  FROM      YEAR
                                                  NORMAL
..................................................................
TEMPERATURE (F)
 YESTERDAY
  MAXIMUM         44    306 PM  84    1911  58    -14       62
  MINIMUM         35    656 AM  15    1934  36     -1       54
  AVERAGE         40                        47     -7       58

PRECIPITATION (IN)
  YESTERDAY        0.00          1.84 1963   0.13  -0.13     0.00
  MONTH TO DATE    1.85                      1.48   0.37     1.19
  SINCE MAR 1      1.85                      1.48   0.37     1.19
  SINCE JAN 1      8.43                      9.05  -0.62     7.77

SNOWFALL (IN)
  YESTERDAY        0.0           3.0  1960   0.0    0.0      0.0
  MONTH TO DATE    0.0                       0.4   -0.4      0.0
  SINCE MAR 1      0.0                       0.4   -0.4      0.0
  SINCE JUL 1      0.7                       8.2   -7.5     24.0
  SNOW DEPTH       0

DEGREE DAYS
 HEATING
  YESTERDAY       25                        18      7        7
  MONTH TO DATE  168                       218    -50      156
  SINCE MAR 1    168                       218    -50      156
  SINCE JUL 1   2549                      3416   -867     2756

 COOLING
  YESTERDAY        0                         0      0        0
  MONTH TO DATE    0                         0      0        0
  SINCE MAR 1      0                         0      0        0
  SINCE JAN 1      4                         0      4        0
..................................................................


WIND (MPH)
  HIGHEST WIND SPEED    13   HIGHEST WIND DIRECTION    NE (50)
  HIGHEST GUST SPEED    17   HIGHEST GUST DIRECTION    NE (60)
  AVERAGE WIND SPEED     6.5


SKY COVER
  POSSIBLE SUNSHINE  MM
  AVERAGE SKY COVER 0.8


WEATHER CONDITIONS
 THE FOLLOWING WEATHER WAS RECORDED YESTERDAY.
  NO SIGNIFICANT WEATHER WAS OBSERVED.


RELATIVE HUMIDITY (PERCENT)
 HIGHEST    44           900 AM
 LOWEST     30           400 PM
 AVERAGE    37

..........................................................


THE BOWLING GREEN KY CLIMATE NORMALS FOR TODAY
                         NORMAL    RECORD    YEAR
 MAXIMUM TEMPERATURE (F)   58        82      1967
                                             1911
 MINIMUM TEMPERATURE (F)   36        13      1998


SUNRISE AND SUNSET
MARCH 12 2017.........SUNRISE   701 AM CDT   SUNSET   651 PM CDT
MARCH 13 2017.........SUNRISE   659 AM CDT   SUNSET   651 PM CDT


-  INDICATES NEGATIVE NUMBERS.
R  INDICATES RECORD WAS SET OR TIED.
MM INDICATES DATA IS MISSING.
T  INDICATES TRACE AMOUNT.




$$
