000
CDUS43 KLMK 282126
CLIBWG


CLIMATE REPORT
NATIONAL WEATHER SERVICE LOUISVILLE KY
426 PM EST MON NOV 28 2016


...................................

...THE BOWLING GREEN CLIMATE SUMMARY FOR NOVEMBER 28 2016...
VALID TODAY AS OF 0400 PM LOCAL TIME.

CLIMATE NORMAL PERIOD 1981 TO 2010
CLIMATE RECORD PERIOD 1870 TO 2016


WEATHER ITEM   OBSERVED TIME   RECORD YEAR NORMAL DEPARTURE LAST
                VALUE   (LST)  VALUE       VALUE  FROM      YEAR
                                                  NORMAL
..................................................................
TEMPERATURE (F)
 TODAY
  MAXIMUM         58    411 PM  76    1927  54      4       63
                                      1909
  MINIMUM         41    511 AM   0    1887  34      7       52
  AVERAGE         50                        44      6       58

PRECIPITATION (IN)
  TODAY            0.06          1.63 1905   0.16  -0.10     0.74
  MONTH TO DATE    0.52                      3.90  -3.38     3.79
  SINCE SEP 1      2.65                     11.21  -8.56    12.54
  SINCE JAN 1     40.57                     44.77  -4.20    47.58

SNOWFALL (IN)
  TODAY            0.0           1.0  1976   0.0    0.0      0.0
  MONTH TO DATE    0.0                       0.1   -0.1      0.0
  SINCE SEP 1      0.0                       0.1   -0.1      0.0
  SINCE JUL 1      0.0                       0.1   -0.1      0.0
  SNOW DEPTH       0

DEGREE DAYS
 HEATING
  TODAY           15                        21     -6        7
  MONTH TO DATE  378                       456    -78      328
  SINCE SEP 1    464                       718   -254      514
  SINCE JUL 1    464                       719   -255      514

 COOLING
  TODAY            0                         0      0        0
  MONTH TO DATE   15                         0     15        9
  SINCE SEP 1    420                       219    201      290
  SINCE JAN 1   1979                      1488    491     1671
..................................................................


WIND (MPH)
  HIGHEST WIND SPEED    17   HIGHEST WIND DIRECTION    SE (140)
  HIGHEST GUST SPEED    27   HIGHEST GUST DIRECTION    SE (150)
  AVERAGE WIND SPEED    12.0


SKY COVER
  POSSIBLE SUNSHINE  MM
  AVERAGE SKY COVER 0.6


WEATHER CONDITIONS
 THE FOLLOWING WEATHER WAS RECORDED TODAY.
  LIGHT RAIN


RELATIVE HUMIDITY (PERCENT)
 HIGHEST    86           100 PM
 LOWEST     35           400 AM
 AVERAGE    61

..........................................................


THE BOWLING GREEN CLIMATE NORMALS FOR TOMORROW
                         NORMAL    RECORD    YEAR
 MAXIMUM TEMPERATURE (F)   53        77      1927
 MINIMUM TEMPERATURE (F)   33         9      1887


SUNRISE AND SUNSET
NOVEMBER 28 2016......SUNRISE   638 AM CST   SUNSET   430 PM CST
NOVEMBER 29 2016......SUNRISE   639 AM CST   SUNSET   429 PM CST


-  INDICATES NEGATIVE NUMBERS.
R  INDICATES RECORD WAS SET OR TIED.
MM INDICATES DATA IS MISSING.
T  INDICATES TRACE AMOUNT.




$$
