000
CDUS43 KLMK 160627
CLIBWG


CLIMATE REPORT
NATIONAL WEATHER SERVICE LOUISVILLE KY
127 AM EST THU FEB 16 2017


...................................

...THE BOWLING GREEN KY CLIMATE SUMMARY FOR FEBRUARY 15 2017...

CLIMATE NORMAL PERIOD 1981 TO 2010
CLIMATE RECORD PERIOD 1870 TO 2017


WEATHER ITEM   OBSERVED TIME   RECORD YEAR NORMAL DEPARTURE LAST
                VALUE   (LST)  VALUE       VALUE  FROM      YEAR
                                                  NORMAL
..................................................................
TEMPERATURE (F)
 YESTERDAY
  MAXIMUM         50    251 PM  77    1945  50      0       39
  MINIMUM         34   1159 PM   2    1905  30      4       32
  AVERAGE         42                        40      2       36

PRECIPITATION (IN)
  YESTERDAY        0.00          1.74 1995   0.14  -0.14     0.53
  MONTH TO DATE    2.04                      2.16  -0.12     2.80
  SINCE DEC 1     11.84                     10.57   1.27     9.84
  SINCE JAN 1      6.20                      5.77   0.43     4.61

SNOWFALL (IN)
  YESTERDAY        0.0           4.0  1969   0.2   -0.2      0.0
  MONTH TO DATE    0.0                       2.2   -2.2      8.9
  SINCE DEC 1      0.7                       6.7   -6.0     23.7
  SINCE JUL 1      0.7                       6.7   -6.0     23.7
  SNOW DEPTH       0

DEGREE DAYS
 HEATING
  YESTERDAY       23                        25     -2       29
  MONTH TO DATE  316                       402    -86      436
  SINCE DEC 1   1751                      2131   -380     1821
  SINCE JUL 1   2237                      2894   -657     2359

 COOLING
  YESTERDAY        0                         0      0        0
  MONTH TO DATE    0                         0      0        0
  SINCE DEC 1      0                         1     -1        2
  SINCE JAN 1      0                         0      0        0
..................................................................


WIND (MPH)
  HIGHEST WIND SPEED    16   HIGHEST WIND DIRECTION    NW (310)
  HIGHEST GUST SPEED    23   HIGHEST GUST DIRECTION    NW (300)
  AVERAGE WIND SPEED     6.9


SKY COVER
  POSSIBLE SUNSHINE  MM
  AVERAGE SKY COVER 0.2


WEATHER CONDITIONS
 THE FOLLOWING WEATHER WAS RECORDED YESTERDAY.
  FOG


RELATIVE HUMIDITY (PERCENT)
 HIGHEST    93           100 AM
 LOWEST     29           400 PM
 AVERAGE    61

..........................................................


THE BOWLING GREEN KY CLIMATE NORMALS FOR TODAY
                         NORMAL    RECORD    YEAR
 MAXIMUM TEMPERATURE (F)   50        77      1911
 MINIMUM TEMPERATURE (F)   30        -1      1958


SUNRISE AND SUNSET
FEBRUARY 16 2017......SUNRISE   633 AM CST   SUNSET   527 PM CST
FEBRUARY 17 2017......SUNRISE   632 AM CST   SUNSET   528 PM CST


-  INDICATES NEGATIVE NUMBERS.
R  INDICATES RECORD WAS SET OR TIED.
MM INDICATES DATA IS MISSING.
T  INDICATES TRACE AMOUNT.




$$
