000
CDUS43 KLMK 252135
CLIBWG

CLIMATE REPORT
NATIONAL WEATHER SERVICE LOUISVILLE KY
433 PM EST SUN JAN 25 2015


...................................

...THE BOWLING GREEN CLIMATE SUMMARY FOR JANUARY 25 2015...
VALID TODAY AS OF 0400 PM LOCAL TIME.

CLIMATE NORMAL PERIOD 1981 TO 2010
CLIMATE RECORD PERIOD 1870 TO 2015


WEATHER ITEM   OBSERVED TIME   RECORD YEAR NORMAL DEPARTURE LAST
                VALUE   (LST)  VALUE       VALUE  FROM      YEAR
                                                  NORMAL
..................................................................
TEMPERATURE (F)
 TODAY
  MAXIMUM         49        MM  76    1950  46      3       45
  MINIMUM         34        MM -14    1963  26      8       24
  AVERAGE         42                        36      6       35

PRECIPITATION (IN)
  TODAY            0.00          2.40 1902   0.11  -0.11     0.02
  MONTH TO DATE    1.60                      2.86  -1.26     1.75
  SINCE DEC 1      3.29                      7.66  -4.37     6.76
  SINCE JAN 1      1.60                      2.86  -1.26     1.75

SNOWFALL (IN)
  TODAY            0.0           4.0  1978   0.1   -0.1      0.6
  MONTH TO DATE    2.3                       2.5   -0.2      2.1
  SINCE DEC 1      2.3                       3.7   -1.4      2.2
  SINCE JUL 1      2.6                       3.7   -1.1      3.3
  SNOW DEPTH       0

DEGREE DAYS
 HEATING
  TODAY           23                        29     -6       30
  MONTH TO DATE  764                       738     26      861
  SINCE DEC 1   1480                      1559    -79     1668
  SINCE JUL 1   2377                      2322     55     2548

 COOLING
  TODAY            0                         0      0        0
  MONTH TO DATE    0                         0      0        0
  SINCE DEC 1      0                         1     -1        2
  SINCE JAN 1      0                         0      0        0
..................................................................


WIND (MPH)
  HIGHEST WIND SPEED    13   HIGHEST WIND DIRECTION     S (180)
  HIGHEST GUST SPEED    22   HIGHEST GUST DIRECTION     S (200)
  AVERAGE WIND SPEED     9.2


SKY COVER
  POSSIBLE SUNSHINE  MM
  AVERAGE SKY COVER 0.3


WEATHER CONDITIONS
 THE FOLLOWING WEATHER WAS RECORDED TODAY.
  LIGHT RAIN


RELATIVE HUMIDITY (PERCENT)
 HIGHEST    82           600 AM
 LOWEST     56          1100 AM
 AVERAGE    69

..........................................................


THE BOWLING GREEN CLIMATE NORMALS FOR TOMORROW
                         NORMAL    RECORD    YEAR
 MAXIMUM TEMPERATURE (F)   46        71      1962
 MINIMUM TEMPERATURE (F)   27       -10      1948


SUNRISE AND SUNSET
JANUARY 25 2015.......SUNRISE   653 AM CST   SUNSET   503 PM CST
JANUARY 26 2015.......SUNRISE   653 AM CST   SUNSET   504 PM CST


-  INDICATES NEGATIVE NUMBERS.
R  INDICATES RECORD WAS SET OR TIED.
MM INDICATES DATA IS MISSING.
T  INDICATES TRACE AMOUNT.




$$
