000
CDUS43 KLMK 162031
CLIBWG


CLIMATE REPORT
NATIONAL WEATHER SERVICE LOUISVILLE KY
431 PM EDT TUE SEP 16 2014


...................................

...THE BOWLING GREEN CLIMATE SUMMARY FOR SEPTEMBER 16 2014...
VALID TODAY AS OF 0400 PM LOCAL TIME.

CLIMATE NORMAL PERIOD 1981 TO 2010
CLIMATE RECORD PERIOD 1870 TO 2014


WEATHER ITEM   OBSERVED TIME   RECORD YEAR NORMAL DEPARTURE LAST
                VALUE   (LST)  VALUE       VALUE  FROM      YEAR
                                                  NORMAL
..................................................................
TEMPERATURE (F)
 TODAY
  MAXIMUM         71    210 PM 101    1927  82    -11       76
  MINIMUM         63    710 AM  38    1916  58      5       58
                                      1904
  AVERAGE         67                        70     -3       67

PRECIPITATION (IN)
  TODAY            T             1.98 1894   0.13  -0.13     0.00
  MONTH TO DATE    0.14                      2.11  -1.97     3.50
  SINCE SEP 1      0.14                      2.11  -1.97     3.50
  SINCE JAN 1     36.30                     35.67   0.63    46.20

SNOWFALL (IN)
  TODAY            0.0           0.0    MM   0.0    0.0      0.0
  MONTH TO DATE    0.0                       0.0    0.0      0.0
  SINCE SEP 1      0.0                       0.0    0.0      0.0
  SINCE JUL 1      0.0                       0.0    0.0      0.0
  SNOW DEPTH       0

DEGREE DAYS
 HEATING
  TODAY            0                         1     -1        0
  MONTH TO DATE   12                         3      9        6
  SINCE SEP 1     12                         3      9        6
  SINCE JUL 1     12                         4      8        6

 COOLING
  TODAY            2                         6     -4        2
  MONTH TO DATE  128                       129     -1      139
  SINCE SEP 1    128                       129     -1      139
  SINCE JAN 1   1405                      1398      7     1399
..................................................................


WIND (MPH)
  HIGHEST WIND SPEED     7   HIGHEST WIND DIRECTION    NW (330)
  HIGHEST GUST SPEED    MM   HIGHEST GUST DIRECTION    MM
  AVERAGE WIND SPEED     4.9


SKY COVER
  POSSIBLE SUNSHINE  MM
  AVERAGE SKY COVER 1.0


WEATHER CONDITIONS
 THE FOLLOWING WEATHER WAS RECORDED TODAY.
  LIGHT RAIN
  FOG


RELATIVE HUMIDITY (PERCENT)
 HIGHEST    93           700 AM
 LOWEST     57           200 PM
 AVERAGE    75

..........................................................


THE BOWLING GREEN CLIMATE NORMALS FOR TOMORROW
                         NORMAL    RECORD    YEAR
 MAXIMUM TEMPERATURE (F)   82       101      1931
 MINIMUM TEMPERATURE (F)   58        38      1916


SUNRISE AND SUNSET
SEPTEMBER 16 2014.....SUNRISE   629 AM CDT   SUNSET   652 PM CDT
SEPTEMBER 17 2014.....SUNRISE   629 AM CDT   SUNSET   650 PM CDT


-  INDICATES NEGATIVE NUMBERS.
R  INDICATES RECORD WAS SET OR TIED.
MM INDICATES DATA IS MISSING.
T  INDICATES TRACE AMOUNT.




$$
