000
CDUS43 KLMK 192027
CLIBWG


CLIMATE REPORT
NATIONAL WEATHER SERVICE LOUISVILLE KY
427 PM EDT TUE APR 19 2016


...................................

...THE BOWLING GREEN CLIMATE SUMMARY FOR APRIL 19 2016...
VALID TODAY AS OF 0400 PM LOCAL TIME.

CLIMATE NORMAL PERIOD 1981 TO 2010
CLIMATE RECORD PERIOD 1870 TO 2016


WEATHER ITEM   OBSERVED TIME   RECORD YEAR NORMAL DEPARTURE LAST
                VALUE   (LST)  VALUE       VALUE  FROM      YEAR
                                                  NORMAL
..................................................................
TEMPERATURE (F)
 TODAY
  MAXIMUM         81    200 PM  87    2011  71     10       74
  MINIMUM         52    712 AM  25    1887  47      5       57
  AVERAGE         67                        59      8       66

PRECIPITATION (IN)
  TODAY            0.00          1.74 1973   0.15  -0.15     1.09
  MONTH TO DATE    0.59                      2.60  -2.01     8.25
  SINCE MAR 1      4.41                      7.01  -2.60    14.52
  SINCE JAN 1     10.99                     14.58  -3.59    20.40

SNOWFALL (IN)
  TODAY            0.0           0.0    MM   0.0    0.0      0.0
  MONTH TO DATE    0.0                       0.2   -0.2      0.0
  SINCE MAR 1      T                         1.3   -1.3      7.2
  SINCE JUL 1     24.0                       9.1   14.9     23.5
  SNOW DEPTH       0

DEGREE DAYS
 HEATING
  TODAY            0                         7     -7        0
  MONTH TO DATE  181                       186     -5       74
  SINCE MAR 1    530                       706   -176      614
  SINCE JUL 1   3130                      3904   -774     4149

 COOLING
  TODAY            2                         1      1        1
  MONTH TO DATE    4                        18    -14       31
  SINCE MAR 1      5                        23    -18       31
  SINCE JAN 1      5                        23    -18       31
..................................................................


WIND (MPH)
  HIGHEST WIND SPEED     7   HIGHEST WIND DIRECTION     S (170)
  HIGHEST GUST SPEED     9   HIGHEST GUST DIRECTION     S (160)
  AVERAGE WIND SPEED     1.2


SKY COVER
  POSSIBLE SUNSHINE   0 PERCENT
  AVERAGE SKY COVER 0.0


WEATHER CONDITIONS
 THE FOLLOWING WEATHER WAS RECORDED TODAY.
  NO SIGNIFICANT WEATHER WAS OBSERVED.


RELATIVE HUMIDITY (PERCENT)
 HIGHEST     0          1200 AM
 LOWEST      0          1200 AM
 AVERAGE     0

..........................................................


THE BOWLING GREEN CLIMATE NORMALS FOR TOMORROW
                         NORMAL    RECORD    YEAR
 MAXIMUM TEMPERATURE (F)   71        87      1964
 MINIMUM TEMPERATURE (F)   47        28      1983
                                             1926


SUNRISE AND SUNSET
APRIL 19 2016.........SUNRISE   606 AM CDT   SUNSET   724 PM CDT
APRIL 20 2016.........SUNRISE   604 AM CDT   SUNSET   725 PM CDT


-  INDICATES NEGATIVE NUMBERS.
R  INDICATES RECORD WAS SET OR TIED.
MM INDICATES DATA IS MISSING.
T  INDICATES TRACE AMOUNT.




$$
