633
CDUS43 KLMK 120628
CLIBWG


CLIMATE REPORT
NATIONAL WEATHER SERVICE LOUISVILLE KY
128 AM EST FRI JAN 12 2018


...................................

...THE BOWLING GREEN KY CLIMATE SUMMARY FOR JANUARY 11 2018...

CLIMATE NORMAL PERIOD 1981 TO 2010
CLIMATE RECORD PERIOD 1870 TO 2018


WEATHER ITEM   OBSERVED TIME   RECORD YEAR NORMAL DEPARTURE LAST
                VALUE   (LST)  VALUE       VALUE  FROM      YEAR
                                                  NORMAL
..................................................................
TEMPERATURE (F)
 YESTERDAY
  MAXIMUM         68    408 PM  70    2013  45     23       67
  MINIMUM         56    747 AM -18    1886  26     30       51
  AVERAGE         62                        35     27       59

PRECIPITATION (IN)
  YESTERDAY        0.20          1.40 1922   0.12   0.08     0.20
  MONTH TO DATE    0.65                      1.28  -0.63     1.50
  SINCE DEC 1      4.14                      6.08  -1.94     7.14
  SINCE JAN 1      0.65                      1.28  -0.63     1.50

SNOWFALL (IN)
  YESTERDAY        0.0           3.0  1970   0.1   -0.1      0.0
  MONTH TO DATE    T                         1.0   -1.0      0.7
  SINCE DEC 1      T                         2.2   -2.2      0.7
  SINCE JUL 1      T                         2.2   -2.2      0.7
  SNOW DEPTH       0

DEGREE DAYS
 HEATING
  YESTERDAY        3                        30    -27        6
  MONTH TO DATE  394                       325     69      304
  SINCE DEC 1   1231                      1146     85     1099
  SINCE JUL 1   1932                      1909     23     1585

 COOLING
  YESTERDAY        0                         0      0        0
  MONTH TO DATE    0                         0      0        0
  SINCE DEC 1      0                         1     -1        0
  SINCE JAN 1      0                         0      0        0
..................................................................


WIND (MPH)
  HIGHEST WIND SPEED    20   HIGHEST WIND DIRECTION     S (180)
  HIGHEST GUST SPEED    27   HIGHEST GUST DIRECTION    SW (210)
  AVERAGE WIND SPEED     8.8


SKY COVER
  POSSIBLE SUNSHINE  MM
  AVERAGE SKY COVER 1.0


WEATHER CONDITIONS
 THE FOLLOWING WEATHER WAS RECORDED YESTERDAY.
  RAIN
  LIGHT RAIN
  FOG


RELATIVE HUMIDITY (PERCENT)
 HIGHEST    90          1000 AM
 LOWEST     68           400 PM
 AVERAGE    79

..........................................................


THE BOWLING GREEN KY CLIMATE NORMALS FOR TODAY
                         NORMAL    RECORD    YEAR
 MAXIMUM TEMPERATURE (F)   45        73      1916
 MINIMUM TEMPERATURE (F)   26       -26      1886


SUNRISE AND SUNSET
JANUARY 12 2018.......SUNRISE   659 AM CST   SUNSET   450 PM CST
JANUARY 13 2018.......SUNRISE   658 AM CST   SUNSET   451 PM CST


-  INDICATES NEGATIVE NUMBERS.
R  INDICATES RECORD WAS SET OR TIED.
MM INDICATES DATA IS MISSING.
T  INDICATES TRACE AMOUNT.




$$
