000
CDUS43 KLMK 070639
CLIBWG


CLIMATE REPORT
NATIONAL WEATHER SERVICE LOUISVILLE KY
137 AM EST TUE FEB 7 2017


...................................

...THE BOWLING GREEN KY CLIMATE SUMMARY FOR FEBRUARY 6 2017...

CLIMATE NORMAL PERIOD 1981 TO 2010
CLIMATE RECORD PERIOD 1870 TO 2017


WEATHER ITEM   OBSERVED TIME   RECORD YEAR NORMAL DEPARTURE LAST
                VALUE   (LST)  VALUE       VALUE  FROM      YEAR
                                                  NORMAL
..................................................................
TEMPERATURE (F)
 YESTERDAY
  MAXIMUM         62   1107 PM  69    2008  48     14       54
                                      1925
  MINIMUM         35    401 AM  -2    1886  28      7       25
  AVERAGE         49                        38     11       40

PRECIPITATION (IN)
  YESTERDAY        0.02          1.30 2008   0.15  -0.13     0.00
  MONTH TO DATE    0.02                      0.88  -0.86     1.77
  SINCE DEC 1      9.82                      9.29   0.53     8.81
  SINCE JAN 1      4.18                      4.49  -0.31     3.58

SNOWFALL (IN)
  YESTERDAY        0.0           3.0  1998   0.1   -0.1      0.0
                                      1980
  MONTH TO DATE    0.0                       0.9   -0.9      0.0
  SINCE DEC 1      0.7                       5.4   -4.7     14.8
  SINCE JUL 1      0.7                       5.4   -4.7     14.8
  SNOW DEPTH       0

DEGREE DAYS
 HEATING
  YESTERDAY       16                        27    -11       25
  MONTH TO DATE  146                       166    -20      124
  SINCE DEC 1   1581                      1895   -314     1509
  SINCE JUL 1   2067                      2658   -591     2047

 COOLING
  YESTERDAY        0                         0      0        0
  MONTH TO DATE    0                         0      0        0
  SINCE DEC 1      0                         1     -1        2
  SINCE JAN 1      0                         0      0        0
..................................................................


WIND (MPH)
  HIGHEST WIND SPEED    20   HIGHEST WIND DIRECTION     S (190)
  HIGHEST GUST SPEED    26   HIGHEST GUST DIRECTION     S (190)
  AVERAGE WIND SPEED     9.0


SKY COVER
  POSSIBLE SUNSHINE  MM
  AVERAGE SKY COVER 0.8


WEATHER CONDITIONS
 THE FOLLOWING WEATHER WAS RECORDED YESTERDAY.
  LIGHT RAIN
  FOG
  FOG W/VISIBILITY <= 1/4 MILE


RELATIVE HUMIDITY (PERCENT)
 HIGHEST   100           800 AM
 LOWEST     82          1200 AM
 AVERAGE    91

..........................................................


THE BOWLING GREEN KY CLIMATE NORMALS FOR TODAY
                         NORMAL    RECORD    YEAR
 MAXIMUM TEMPERATURE (F)   48        71      1931
 MINIMUM TEMPERATURE (F)   28        -5      1984


SUNRISE AND SUNSET
FEBRUARY  7 2017......SUNRISE   642 AM CST   SUNSET   518 PM CST
FEBRUARY  8 2017......SUNRISE   641 AM CST   SUNSET   519 PM CST


-  INDICATES NEGATIVE NUMBERS.
R  INDICATES RECORD WAS SET OR TIED.
MM INDICATES DATA IS MISSING.
T  INDICATES TRACE AMOUNT.




$$
