000
CDUS43 KLMK 162034
CLIBWG


CLIMATE REPORT
NATIONAL WEATHER SERVICE LOUISVILLE KY
433 PM EDT TUE MAY 16 2017


...................................

...THE BOWLING GREEN CLIMATE SUMMARY FOR MAY 16 2017...
VALID TODAY AS OF 0400 PM LOCAL TIME.

CLIMATE NORMAL PERIOD 1981 TO 2010
CLIMATE RECORD PERIOD 1870 TO 2017


WEATHER ITEM   OBSERVED TIME   RECORD YEAR NORMAL DEPARTURE LAST
                VALUE   (LST)  VALUE       VALUE  FROM      YEAR
                                                  NORMAL
..................................................................
TEMPERATURE (F)
 TODAY
  MAXIMUM         86    217 PM  93    1911  78      8       66
  MINIMUM         58    447 AM  33    1997  55      3       48
  AVERAGE         72                        66      6       57

PRECIPITATION (IN)
  TODAY            0.00          1.46 2015   0.19  -0.19     0.01
  MONTH TO DATE    1.75                      3.00  -1.25     2.31
  SINCE MAR 1     10.12                     11.75  -1.63     7.66
  SINCE JAN 1     16.70                     19.32  -2.62    14.24

SNOWFALL (IN)
  TODAY            0.0           0.0    MM   0.0    0.0      0.0
  MONTH TO DATE    0.0                       0.0    0.0      0.0
  SINCE MAR 1      T                         1.3   -1.3       T
  SINCE JUL 1      0.7                       9.1   -8.4     24.0
  SNOW DEPTH       0

DEGREE DAYS
 HEATING
  TODAY            0                         2     -2        8
  MONTH TO DATE   56                        53      3       63
  SINCE MAR 1    604                       824   -220      600
  SINCE JUL 1   2985                      4022  -1037     3200

 COOLING
  TODAY            7                         4      3        0
  MONTH TO DATE   41                        41      0       48
  SINCE MAR 1    131                        77     54       92
  SINCE JAN 1    135                        77     58       92
..................................................................


WIND (MPH)
  HIGHEST WIND SPEED    18   HIGHEST WIND DIRECTION     S (190)
  HIGHEST GUST SPEED    30   HIGHEST GUST DIRECTION    SW (220)
  AVERAGE WIND SPEED     5.5


SKY COVER
  POSSIBLE SUNSHINE  MM
  AVERAGE SKY COVER 0.0


WEATHER CONDITIONS
 THE FOLLOWING WEATHER WAS RECORDED TODAY.
  FOG


RELATIVE HUMIDITY (PERCENT)
 HIGHEST   100           100 AM
 LOWEST     37           200 PM
 AVERAGE    69

..........................................................


THE BOWLING GREEN CLIMATE NORMALS FOR TOMORROW
                         NORMAL    RECORD    YEAR
 MAXIMUM TEMPERATURE (F)   78        94      1931
                                             1911
                                             1906
 MINIMUM TEMPERATURE (F)   55        40      1973
                                             1895


SUNRISE AND SUNSET
MAY 16 2017...........SUNRISE   537 AM CDT   SUNSET   748 PM CDT
MAY 17 2017...........SUNRISE   536 AM CDT   SUNSET   749 PM CDT


-  INDICATES NEGATIVE NUMBERS.
R  INDICATES RECORD WAS SET OR TIED.
MM INDICATES DATA IS MISSING.
T  INDICATES TRACE AMOUNT.




$$
