000
CDUS43 KLMK 280635
CLIBWG


CLIMATE REPORT
NATIONAL WEATHER SERVICE LOUISVILLE KY
134 AM EST SAT FEB 28 2015


...................................

...THE BOWLING GREEN KY CLIMATE SUMMARY FOR FEBRUARY 27 2015...

CLIMATE NORMAL PERIOD 1981 TO 2010
CLIMATE RECORD PERIOD 1870 TO 2015


WEATHER ITEM   OBSERVED TIME   RECORD YEAR NORMAL DEPARTURE LAST
                VALUE   (LST)  VALUE       VALUE  FROM      YEAR
                                                  NORMAL
..................................................................
TEMPERATURE (F)
 YESTERDAY
  MAXIMUM         29    416 PM  74    1981  54    -25       39
                                      1955
                                      1948
  MINIMUM         19    706 AM   3    1934  33    -14       17
  AVERAGE         24                        43    -19       28

PRECIPITATION (IN)
  YESTERDAY        0.00          2.19 1962   0.14  -0.14     0.00
  MONTH TO DATE    4.00                      3.83   0.17     5.42
  SINCE DEC 1      7.57                     12.24  -4.67    12.18
  SINCE JAN 1      5.88                      7.44  -1.56     7.17

SNOWFALL (IN)
  YESTERDAY        0.0           4.0  1906   0.0    0.0      0.0
  MONTH TO DATE   12.6                       3.2    9.4      2.0
  SINCE DEC 1     16.0                       7.7    8.3      4.2
  SINCE JUL 1     16.3                       7.7    8.6      5.3
  SNOW DEPTH       1

DEGREE DAYS
 HEATING
  YESTERDAY       41                        22     19       37
  MONTH TO DATE  956                       683    273      794
  SINCE DEC 1   2604                      2412    192     2697
  SINCE JUL 1   3501                      3175    326     3577

 COOLING
  YESTERDAY        0                         0      0        0
  MONTH TO DATE    0                         0      0        0
  SINCE DEC 1      0                         1     -1        2
  SINCE JAN 1      0                         0      0        0
..................................................................


WIND (MPH)
  HIGHEST WIND SPEED    12   HIGHEST WIND DIRECTION    NE (60)
  HIGHEST GUST SPEED    16   HIGHEST GUST DIRECTION    NE (40)
  AVERAGE WIND SPEED     7.0


SKY COVER
  POSSIBLE SUNSHINE  MM
  AVERAGE SKY COVER 0.6


WEATHER CONDITIONS
 THE FOLLOWING WEATHER WAS RECORDED YESTERDAY.
  NO SIGNIFICANT WEATHER WAS OBSERVED.


RELATIVE HUMIDITY (PERCENT)
 HIGHEST    68           100 AM
 LOWEST     35           400 PM
 AVERAGE    52

..........................................................


THE BOWLING GREEN KY CLIMATE NORMALS FOR TODAY
                         NORMAL    RECORD    YEAR
 MAXIMUM TEMPERATURE (F)   54        83      1918
 MINIMUM TEMPERATURE (F)   33         4      1888


SUNRISE AND SUNSET
FEBRUARY 28 2015......SUNRISE   618 AM CST   SUNSET   539 PM CST
MARCH  1 2015.........SUNRISE   617 AM CST   SUNSET   540 PM CST


-  INDICATES NEGATIVE NUMBERS.
R  INDICATES RECORD WAS SET OR TIED.
MM INDICATES DATA IS MISSING.
T  INDICATES TRACE AMOUNT.




$$
