000
CDUS43 KLMK 072137
CLIBWG


CLIMATE REPORT
NATIONAL WEATHER SERVICE LOUISVILLE KY
436 PM EST TUE NOV 7 2017


...................................

...THE BOWLING GREEN CLIMATE SUMMARY FOR NOVEMBER 7 2017...
VALID TODAY AS OF 0400 PM LOCAL TIME.

CLIMATE NORMAL PERIOD 1981 TO 2010
CLIMATE RECORD PERIOD 1870 TO 2017


WEATHER ITEM   OBSERVED TIME   RECORD YEAR NORMAL DEPARTURE LAST
                VALUE   (LST)  VALUE       VALUE  FROM      YEAR
                                                  NORMAL
..................................................................
TEMPERATURE (F)
 TODAY
  MAXIMUM         55    234 AM  82    1909  63     -8       77
  MINIMUM         50    325 PM  20    1953  40     10       40
                                      1886
  AVERAGE         53                        52      1       59

PRECIPITATION (IN)
  TODAY            0.01          2.45 1972   0.12  -0.11     0.00
  MONTH TO DATE    1.40                      0.90   0.50     0.00
  SINCE SEP 1     11.34                      8.21   3.13     2.13
  SINCE JAN 1     48.42                     41.77   6.65    40.05

SNOWFALL (IN)
  TODAY            0.0           T    1989   0.0    0.0      0.0
  MONTH TO DATE    0.0                       0.0    0.0      0.0
  SINCE SEP 1      T                         T      0.0      0.0
  SINCE JUL 1      T                         T      0.0      0.0
  SNOW DEPTH       0

DEGREE DAYS
 HEATING
  TODAY           12                        13     -1        6
  MONTH TO DATE   25                        88    -63       33
  SINCE SEP 1    245                       350   -105      119
  SINCE JUL 1    245                       351   -106      119

 COOLING
  TODAY            0                         0      0        0
  MONTH TO DATE   12                         0     12       15
  SINCE SEP 1    248                       219     29      420
  SINCE JAN 1   1600                      1488    112     1979
..................................................................


WIND (MPH)
  HIGHEST WIND SPEED    10   HIGHEST WIND DIRECTION    NE (30)
  HIGHEST GUST SPEED    16   HIGHEST GUST DIRECTION     N (20)
  AVERAGE WIND SPEED     5.4


SKY COVER
  POSSIBLE SUNSHINE  MM
  AVERAGE SKY COVER 0.7


WEATHER CONDITIONS
 THE FOLLOWING WEATHER WAS RECORDED TODAY.
  LIGHT RAIN
  FOG


RELATIVE HUMIDITY (PERCENT)
 HIGHEST   100           500 AM
 LOWEST     89          1200 PM
 AVERAGE    95

..........................................................


THE BOWLING GREEN CLIMATE NORMALS FOR TOMORROW
                         NORMAL    RECORD    YEAR
 MAXIMUM TEMPERATURE (F)   63        82      2005
 MINIMUM TEMPERATURE (F)   40        19      1993
                                             1971


SUNRISE AND SUNSET
NOVEMBER  7 2017......SUNRISE   616 AM CST   SUNSET   442 PM CST
NOVEMBER  8 2017......SUNRISE   617 AM CST   SUNSET   441 PM CST


-  INDICATES NEGATIVE NUMBERS.
R  INDICATES RECORD WAS SET OR TIED.
MM INDICATES DATA IS MISSING.
T  INDICATES TRACE AMOUNT.




$$
