000
CDUS43 KLMK 070629
CLIBWG


CLIMATE REPORT
NATIONAL WEATHER SERVICE LOUISVILLE KY
229 AM EDT MON APR 7 2014


...................................

...THE BOWLING GREEN KY CLIMATE SUMMARY FOR APRIL 6 2014...

CLIMATE NORMAL PERIOD 1981 TO 2010
CLIMATE RECORD PERIOD 1870 TO 2014


WEATHER ITEM   OBSERVED TIME   RECORD YEAR NORMAL DEPARTURE LAST
                VALUE   (LST)  VALUE       VALUE  FROM      YEAR
                                                  NORMAL
..................................................................
TEMPERATURE (F)
 YESTERDAY
  MAXIMUM         64    438 PM  87    2010  67     -3       73
                                      1929
  MINIMUM         34    509 AM  25    1887  43     -9       40
  AVERAGE         49                        55     -6       57

PRECIPITATION (IN)
  YESTERDAY        T             1.82 1935   0.13  -0.13     0.00
  MONTH TO DATE    2.14                      0.78   1.36     0.17
  SINCE MAR 1      5.87                      5.19   0.68     5.38
  SINCE JAN 1     13.04                     12.76   0.28    13.07

SNOWFALL (IN)
  YESTERDAY        0.0           T    1920   0.0    0.0      0.0
  MONTH TO DATE    0.0                       0.1   -0.1      0.0
  SINCE MAR 1      5.1                       1.2    3.9      2.5
  SINCE JUL 1     10.4                       9.0    1.4      3.8
  SNOW DEPTH       0

DEGREE DAYS
 HEATING
  YESTERDAY       16                        11      5        8
  MONTH TO DATE   41                        69    -28      103
  SINCE MAR 1    694                       589    105      780
  SINCE JUL 1   4303                      3787    516     3675

 COOLING
  YESTERDAY        0                         1     -1        0
  MONTH TO DATE    3                         5     -2        0
  SINCE MAR 1      3                        10     -7        0
  SINCE JAN 1      3                        10     -7        0
..................................................................


WIND (MPH)
  HIGHEST WIND SPEED    14   HIGHEST WIND DIRECTION     S (190)
  HIGHEST GUST SPEED    17   HIGHEST GUST DIRECTION     E (90)
  AVERAGE WIND SPEED     3.7


SKY COVER
  POSSIBLE SUNSHINE  MM
  AVERAGE SKY COVER 0.2


WEATHER CONDITIONS
 THE FOLLOWING WEATHER WAS RECORDED YESTERDAY.
  LIGHT RAIN


RELATIVE HUMIDITY (PERCENT)
 HIGHEST    85           400 AM
 LOWEST     31           300 PM
 AVERAGE    58

..........................................................


THE BOWLING GREEN KY CLIMATE NORMALS FOR TODAY
                         NORMAL    RECORD    YEAR
 MAXIMUM TEMPERATURE (F)   67        88      2001
                                             1915
                                             1929
 MINIMUM TEMPERATURE (F)   43        23      1982


SUNRISE AND SUNSET
APRIL  7 2014.........SUNRISE   623 AM CDT   SUNSET   713 PM CDT
APRIL  8 2014.........SUNRISE   621 AM CDT   SUNSET   714 PM CDT


-  INDICATES NEGATIVE NUMBERS.
R  INDICATES RECORD WAS SET OR TIED.
MM INDICATES DATA IS MISSING.
T  INDICATES TRACE AMOUNT.




$$
