000
CDUS43 KLMK 100628
CLIBWG


CLIMATE REPORT
NATIONAL WEATHER SERVICE LOUISVILLE KY
128 AM EST WED JAN 10 2018


...................................

...THE BOWLING GREEN KY CLIMATE SUMMARY FOR JANUARY 9 2018...

CLIMATE NORMAL PERIOD 1981 TO 2010
CLIMATE RECORD PERIOD 1870 TO 2018


WEATHER ITEM   OBSERVED TIME   RECORD YEAR NORMAL DEPARTURE LAST
                VALUE   (LST)  VALUE       VALUE  FROM      YEAR
                                                  NORMAL
..................................................................
TEMPERATURE (F)
 YESTERDAY
  MAXIMUM         47    412 PM  70    1930  45      2       44
  MINIMUM         36   1236 AM -24    1877  26     10       22
  AVERAGE         42                        35      7       33

PRECIPITATION (IN)
  YESTERDAY        0.02          2.19 1965   0.11  -0.09     0.00
  MONTH TO DATE    0.45                      1.05  -0.60     0.96
  SINCE DEC 1      3.94                      5.85  -1.91     6.60
  SINCE JAN 1      0.45                      1.05  -0.60     0.96

SNOWFALL (IN)
  YESTERDAY        0.0           3.0  1977   0.1   -0.1      0.0
                                      1918
  MONTH TO DATE    T                         0.8   -0.8      0.7
  SINCE DEC 1      T                         2.0   -2.0      0.7
  SINCE JUL 1      T                         2.0   -2.0      0.7
  SNOW DEPTH       0

DEGREE DAYS
 HEATING
  YESTERDAY       23                        30     -7       32
  MONTH TO DATE  378                       265    113      284
  SINCE DEC 1   1215                      1086    129     1079
  SINCE JUL 1   1916                      1849     67     1565

 COOLING
  YESTERDAY        0                         0      0        0
  MONTH TO DATE    0                         0      0        0
  SINCE DEC 1      0                         1     -1        0
  SINCE JAN 1      0                         0      0        0
..................................................................


WIND (MPH)
  HIGHEST WIND SPEED    10   HIGHEST WIND DIRECTION     E (70)
  HIGHEST GUST SPEED    13   HIGHEST GUST DIRECTION    NE (60)
  AVERAGE WIND SPEED     3.7


SKY COVER
  POSSIBLE SUNSHINE  MM
  AVERAGE SKY COVER 1.0


WEATHER CONDITIONS
 THE FOLLOWING WEATHER WAS RECORDED YESTERDAY.
  LIGHT RAIN
  FOG
  FOG W/VISIBILITY <= 1/4 MILE


RELATIVE HUMIDITY (PERCENT)
 HIGHEST   100          1200 AM
 LOWEST     92          1100 AM
 AVERAGE    96

..........................................................


THE BOWLING GREEN KY CLIMATE NORMALS FOR TODAY
                         NORMAL    RECORD    YEAR
 MAXIMUM TEMPERATURE (F)   45        70      1949
 MINIMUM TEMPERATURE (F)   26       -19      1879


SUNRISE AND SUNSET
JANUARY 10 2018.......SUNRISE   659 AM CST   SUNSET   448 PM CST
JANUARY 11 2018.......SUNRISE   659 AM CST   SUNSET   449 PM CST


-  INDICATES NEGATIVE NUMBERS.
R  INDICATES RECORD WAS SET OR TIED.
MM INDICATES DATA IS MISSING.
T  INDICATES TRACE AMOUNT.




$$
