000
CDUS43 KLMK 242129
CLIBWG

CLIMATE REPORT
NATIONAL WEATHER SERVICE LOUISVILLE KY
427 PM EST SAT JAN 24 2015


...................................

...THE BOWLING GREEN CLIMATE SUMMARY FOR JANUARY 24 2015...
VALID TODAY AS OF 0400 PM LOCAL TIME.

CLIMATE NORMAL PERIOD 1981 TO 2010
CLIMATE RECORD PERIOD 1870 TO 2015


WEATHER ITEM   OBSERVED TIME   RECORD YEAR NORMAL DEPARTURE LAST
                VALUE   (LST)  VALUE       VALUE  FROM      YEAR
                                                  NORMAL
..................................................................
TEMPERATURE (F)
 TODAY
  MAXIMUM         47    300 PM  78    1943  45      2       25
  MINIMUM         24        MM -21    1963  26     -2        2
  AVERAGE         36                        36      0       14

PRECIPITATION (IN)
  TODAY            T             1.75 1899   0.12  -0.12     0.00
  MONTH TO DATE    1.60                      2.75  -1.15     1.73
  SINCE DEC 1      3.29                      7.55  -4.26     6.74
  SINCE JAN 1      1.60                      2.75  -1.15     1.73

SNOWFALL (IN)
  TODAY            T             5.5  1948   0.1   -0.1      0.0
  MONTH TO DATE    2.3                       2.4   -0.1      1.5
  SINCE DEC 1      2.3                       3.6   -1.3      1.6
  SINCE JUL 1      2.6                       3.6   -1.0      2.7
  SNOW DEPTH       2

DEGREE DAYS
 HEATING
  TODAY           29                        29      0       51
  MONTH TO DATE  741                       709     32      831
  SINCE DEC 1   1457                      1530    -73     1638
  SINCE JUL 1   2354                      2293     61     2518

 COOLING
  TODAY            0                         0      0        0
  MONTH TO DATE    0                         0      0        0
  SINCE DEC 1      0                         1     -1        2
  SINCE JAN 1      0                         0      0        0
..................................................................


WIND (MPH)
  HIGHEST WIND SPEED    17   HIGHEST WIND DIRECTION    SW (220)
  HIGHEST GUST SPEED    21   HIGHEST GUST DIRECTION    SW (230)
  AVERAGE WIND SPEED     8.0


SKY COVER
  POSSIBLE SUNSHINE  MM
  AVERAGE SKY COVER 0.3


WEATHER CONDITIONS
 THE FOLLOWING WEATHER WAS RECORDED TODAY.
  LIGHT SNOW
  FOG
  HAZE


RELATIVE HUMIDITY (PERCENT)
 HIGHEST    92           800 AM
 LOWEST     58           300 PM
 AVERAGE    75

..........................................................


THE BOWLING GREEN CLIMATE NORMALS FOR TOMORROW
                         NORMAL    RECORD    YEAR
 MAXIMUM TEMPERATURE (F)   46        76      1950
 MINIMUM TEMPERATURE (F)   26       -14      1963


SUNRISE AND SUNSET
JANUARY 24 2015.......SUNRISE   654 AM CST   SUNSET   502 PM CST
JANUARY 25 2015.......SUNRISE   653 AM CST   SUNSET   503 PM CST


-  INDICATES NEGATIVE NUMBERS.
R  INDICATES RECORD WAS SET OR TIED.
MM INDICATES DATA IS MISSING.
T  INDICATES TRACE AMOUNT.




$$
