000
CDUS43 KLMK 282037
CLIBWG


CLIMATE REPORT
NATIONAL WEATHER SERVICE LOUISVILLE KY
437 PM EDT THU MAY 28 2015


...................................

...THE BOWLING GREEN CLIMATE SUMMARY FOR MAY 28 2015...
VALID TODAY AS OF 0400 PM LOCAL TIME.

CLIMATE NORMAL PERIOD 1981 TO 2010
CLIMATE RECORD PERIOD 1870 TO 2015


WEATHER ITEM   OBSERVED TIME   RECORD YEAR NORMAL DEPARTURE LAST
                VALUE   (LST)  VALUE       VALUE  FROM      YEAR
                                                  NORMAL
..................................................................
TEMPERATURE (F)
 TODAY
  MAXIMUM         82    200 PM 100    1911  81      1       85
  MINIMUM         64    342 AM  38    1907  59      5       66
  AVERAGE         73                        70      3       76

PRECIPITATION (IN)
  TODAY            0.00          1.62 1976   0.18  -0.18     0.16
  MONTH TO DATE    2.77                      5.09  -2.32     3.11
  SINCE MAR 1     18.12                     13.84   4.28    13.41
  SINCE JAN 1     24.00                     21.41   2.59    20.58

SNOWFALL (IN)
  TODAY            0.0           0.0    MM   0.0    0.0      0.0
  MONTH TO DATE    0.0                       0.0    0.0      0.0
  SINCE MAR 1      7.2                       1.3    5.9      5.1
  SINCE JUL 1     23.5                       9.1   14.4     10.4
  SNOW DEPTH       0

DEGREE DAYS
 HEATING
  TODAY            0                         1     -1        0
  MONTH TO DATE   38                        71    -33       76
  SINCE MAR 1    750                       842    -92      924
  SINCE JUL 1   4285                      4040    245     4533

 COOLING
  TODAY            8                         6      2       11
  MONTH TO DATE  137                        99     38      148
  SINCE MAR 1    172                       135     37      162
  SINCE JAN 1    172                       135     37      162
..................................................................


WIND (MPH)
  HIGHEST WIND SPEED    13   HIGHEST WIND DIRECTION    SE (130)
  HIGHEST GUST SPEED    17   HIGHEST GUST DIRECTION     S (160)
  AVERAGE WIND SPEED     3.9


SKY COVER
  POSSIBLE SUNSHINE  MM
  AVERAGE SKY COVER 0.4


WEATHER CONDITIONS
 THE FOLLOWING WEATHER WAS RECORDED TODAY.
  FOG


RELATIVE HUMIDITY (PERCENT)
 HIGHEST    93           200 AM
 LOWEST     51           100 PM
 AVERAGE    72

..........................................................


THE BOWLING GREEN CLIMATE NORMALS FOR TOMORROW
                         NORMAL    RECORD    YEAR
 MAXIMUM TEMPERATURE (F)   82        98      1911
 MINIMUM TEMPERATURE (F)   59        41      1902


SUNRISE AND SUNSET
MAY 28 2015...........SUNRISE   530 AM CDT   SUNSET   757 PM CDT
MAY 29 2015...........SUNRISE   529 AM CDT   SUNSET   758 PM CDT


-  INDICATES NEGATIVE NUMBERS.
R  INDICATES RECORD WAS SET OR TIED.
MM INDICATES DATA IS MISSING.
T  INDICATES TRACE AMOUNT.




$$
