000
CDUS43 KLMK 270630
CLIBWG


CLIMATE REPORT
NATIONAL WEATHER SERVICE LOUISVILLE KY
229 AM EDT FRI MAY 27 2016


...................................

...THE BOWLING GREEN KY CLIMATE SUMMARY FOR MAY 26 2016...

CLIMATE NORMAL PERIOD 1981 TO 2010
CLIMATE RECORD PERIOD 1870 TO 2016


WEATHER ITEM   OBSERVED TIME   RECORD YEAR NORMAL DEPARTURE LAST
                VALUE   (LST)  VALUE       VALUE  FROM      YEAR
                                                  NORMAL
..................................................................
TEMPERATURE (F)
 YESTERDAY
  MAXIMUM         84   1109 AM  97    1914  81      3       82
                                      1911
  MINIMUM         63    334 AM  38    1925  58      5       64
  AVERAGE         74                        69      5       73

PRECIPITATION (IN)
  YESTERDAY        1.33          2.41 2004   0.17   1.16     0.21
  MONTH TO DATE    7.20                      4.73   2.47     2.76
  SINCE MAR 1     12.55                     13.48  -0.93    18.11
  SINCE JAN 1     19.13                     21.05  -1.92    23.99

SNOWFALL (IN)
  YESTERDAY        0.0           0.0    MM   0.0    0.0      0.0
  MONTH TO DATE    0.0                       0.0    0.0      0.0
  SINCE MAR 1      T                         1.3   -1.3      7.2
  SINCE JUL 1     24.0                       9.1   14.9     23.5
  SNOW DEPTH       0

DEGREE DAYS
 HEATING
  YESTERDAY        0                         1     -1        0
  MONTH TO DATE   93                        69     24       38
  SINCE MAR 1    630                       840   -210      750
  SINCE JUL 1   3230                      4038   -808     4285

 COOLING
  YESTERDAY        9                         5      4        8
  MONTH TO DATE   70                        87    -17      119
  SINCE MAR 1    114                       123     -9      154
  SINCE JAN 1    114                       123     -9      154
..................................................................


WIND (MPH)
  HIGHEST WIND SPEED    17   HIGHEST WIND DIRECTION     S (180)
  HIGHEST GUST SPEED    21   HIGHEST GUST DIRECTION     S (180)
  AVERAGE WIND SPEED     6.2


SKY COVER
  POSSIBLE SUNSHINE  MM
  AVERAGE SKY COVER 0.5


WEATHER CONDITIONS
 THE FOLLOWING WEATHER WAS RECORDED YESTERDAY.
  THUNDERSTORM
  HEAVY RAIN
  RAIN
  LIGHT RAIN
  FOG


RELATIVE HUMIDITY (PERCENT)
 HIGHEST   100          1100 PM
 LOWEST     67           900 AM
 AVERAGE    84

..........................................................


THE BOWLING GREEN KY CLIMATE NORMALS FOR TODAY
                         NORMAL    RECORD    YEAR
 MAXIMUM TEMPERATURE (F)   81        98      1911
 MINIMUM TEMPERATURE (F)   58        35      1961


SUNRISE AND SUNSET
MAY 27 2016...........SUNRISE   530 AM CDT   SUNSET   757 PM CDT
MAY 28 2016...........SUNRISE   529 AM CDT   SUNSET   757 PM CDT


-  INDICATES NEGATIVE NUMBERS.
R  INDICATES RECORD WAS SET OR TIED.
MM INDICATES DATA IS MISSING.
T  INDICATES TRACE AMOUNT.




$$
