000
CDUS43 KLMK 222130
CLIBWG

CLIMATE REPORT
NATIONAL WEATHER SERVICE LOUISVILLE KY
426 PM EST SAT NOV 22 2014


...................................

...THE BOWLING GREEN CLIMATE SUMMARY FOR NOVEMBER 22 2014...
VALID TODAY AS OF 0400 PM LOCAL TIME.

CLIMATE NORMAL PERIOD 1981 TO 2010
CLIMATE RECORD PERIOD 1870 TO 2014


WEATHER ITEM   OBSERVED TIME   RECORD YEAR NORMAL DEPARTURE LAST
                VALUE   (LST)  VALUE       VALUE  FROM      YEAR
                                                  NORMAL
..................................................................
TEMPERATURE (F)
 TODAY
  MAXIMUM         65    300 PM  78    1934  57      8       60
                                      1931
  MINIMUM         40    612 AM   8    1880  36      4       44
  AVERAGE         53                        46      7       52

PRECIPITATION (IN)
  TODAY            T             1.89 1940   0.14  -0.14     0.28
  MONTH TO DATE    1.85                      2.98  -1.13     2.63
  SINCE SEP 1      7.60                     10.29  -2.69    11.76
  SINCE JAN 1     43.76                     43.85  -0.09    54.46

SNOWFALL (IN)
  TODAY            0.0           3.8  1929   0.0    0.0      0.0
  MONTH TO DATE    0.3                       0.0    0.3       T
  SINCE SEP 1      0.3                       T      0.3       T
  SINCE JUL 1      0.3                       T      0.3       T
  SNOW DEPTH       0

DEGREE DAYS
 HEATING
  TODAY           12                        19     -7       13
  MONTH TO DATE  523                       334    189      371
  SINCE SEP 1    741                       596    145      621
  SINCE JUL 1    741                       597    144      621

 COOLING
  TODAY            0                         0      0        0
  MONTH TO DATE    0                         0      0        0
  SINCE SEP 1    211                       219     -8      239
  SINCE JAN 1   1488                      1488      0     1499
..................................................................


WIND (MPH)
  HIGHEST WIND SPEED    18   HIGHEST WIND DIRECTION     S (190)
  HIGHEST GUST SPEED    23   HIGHEST GUST DIRECTION     S (200)
  AVERAGE WIND SPEED     8.6


SKY COVER
  POSSIBLE SUNSHINE  MM
  AVERAGE SKY COVER 0.9


WEATHER CONDITIONS
 THE FOLLOWING WEATHER WAS RECORDED TODAY.
  NO SIGNIFICANT WEATHER WAS OBSERVED.


RELATIVE HUMIDITY (PERCENT)
 HIGHEST    70           300 AM
 LOWEST     31           300 PM
 AVERAGE    51

..........................................................


THE BOWLING GREEN CLIMATE NORMALS FOR TOMORROW
                         NORMAL    RECORD    YEAR
 MAXIMUM TEMPERATURE (F)   56        78      1931
 MINIMUM TEMPERATURE (F)   35        10      1880


SUNRISE AND SUNSET
NOVEMBER 22 2014......SUNRISE   631 AM CST   SUNSET   432 PM CST
NOVEMBER 23 2014......SUNRISE   632 AM CST   SUNSET   432 PM CST


-  INDICATES NEGATIVE NUMBERS.
R  INDICATES RECORD WAS SET OR TIED.
MM INDICATES DATA IS MISSING.
T  INDICATES TRACE AMOUNT.




$$
