000
CDUS43 KLMK 042038
CLIBWG


CLIMATE REPORT
NATIONAL WEATHER SERVICE LOUISVILLE KY
438 PM EDT FRI AUG 4 2017


...................................

...THE BOWLING GREEN CLIMATE SUMMARY FOR AUGUST 4 2017...
VALID TODAY AS OF 0400 PM LOCAL TIME.

CLIMATE NORMAL PERIOD 1981 TO 2010
CLIMATE RECORD PERIOD 1870 TO 2017


WEATHER ITEM   OBSERVED TIME   RECORD YEAR NORMAL DEPARTURE LAST
                VALUE   (LST)  VALUE       VALUE  FROM      YEAR
                                                  NORMAL
..................................................................
TEMPERATURE (F)
 TODAY
  MAXIMUM         81    153 PM 104    1930  90     -9       91
  MINIMUM         73    958 AM  49    1912  67      6       74
  AVERAGE         77                        78     -1       83

PRECIPITATION (IN)
  TODAY            0.20          1.73 1980   0.10   0.10     0.26
  MONTH TO DATE    0.26                      0.39  -0.13     0.31
  SINCE JUN 1     11.68                      8.69   2.99    13.90
  SINCE JAN 1     31.98                     30.62   1.36    33.07

SNOWFALL (IN)
  TODAY            0.0           0.0    MM   0.0    0.0      0.0
  MONTH TO DATE    0.0                       0.0    0.0      0.0
  SINCE JUN 1      0.0                       0.0    0.0      0.0
  SINCE JUL 1      0.0                       0.0    0.0      0.0
  SNOW DEPTH       0

DEGREE DAYS
 HEATING
  TODAY            0                         0      0        0
  MONTH TO DATE    0                         0      0        0
  SINCE JUN 1      0                         5     -5        0
  SINCE JUL 1      0                         0      0        0

 COOLING
  TODAY           12                        13     -1       18
  MONTH TO DATE   52                        53     -1       69
  SINCE JUN 1    810                       781     29      970
  SINCE JAN 1   1059                       934    125     1136
..................................................................


WIND (MPH)
  HIGHEST WIND SPEED    13   HIGHEST WIND DIRECTION     W (290)
  HIGHEST GUST SPEED    18   HIGHEST GUST DIRECTION     W (290)
  AVERAGE WIND SPEED     7.5


SKY COVER
  POSSIBLE SUNSHINE  MM
  AVERAGE SKY COVER 0.5


WEATHER CONDITIONS
 THE FOLLOWING WEATHER WAS RECORDED TODAY.
  THUNDERSTORM
  HEAVY RAIN
  LIGHT RAIN
  FOG


RELATIVE HUMIDITY (PERCENT)
 HIGHEST    93           900 AM
 LOWEST     62           100 PM
 AVERAGE    78

..........................................................


THE BOWLING GREEN CLIMATE NORMALS FOR TOMORROW
                         NORMAL    RECORD    YEAR
 MAXIMUM TEMPERATURE (F)   90       105      1918
 MINIMUM TEMPERATURE (F)   67        49      1912


SUNRISE AND SUNSET
AUGUST  4 2017........SUNRISE   554 AM CDT   SUNSET   749 PM CDT
AUGUST  5 2017........SUNRISE   555 AM CDT   SUNSET   748 PM CDT


-  INDICATES NEGATIVE NUMBERS.
R  INDICATES RECORD WAS SET OR TIED.
MM INDICATES DATA IS MISSING.
T  INDICATES TRACE AMOUNT.




$$
