000
CDUS43 KLMK 202036
CLIBWG


CLIMATE REPORT
NATIONAL WEATHER SERVICE LOUISVILLE KY
435 PM EDT SUN JUL 20 2014


...................................

...THE BOWLING GREEN CLIMATE SUMMARY FOR JULY 20 2014...
VALID TODAY AS OF 0400 PM LOCAL TIME.

CLIMATE NORMAL PERIOD 1981 TO 2010
CLIMATE RECORD PERIOD 1870 TO 2014


WEATHER ITEM   OBSERVED TIME   RECORD YEAR NORMAL DEPARTURE LAST
                VALUE   (LST)  VALUE       VALUE  FROM      YEAR
                                                  NORMAL
..................................................................
TEMPERATURE (F)
 TODAY
  MAXIMUM         85    200 PM 103    1901  90     -5       91
                                      1926
  MINIMUM         69    538 AM  52    1947  68      1       73
  AVERAGE         77                        79     -2       82

PRECIPITATION (IN)
  TODAY            0.00          3.20 1938   0.12  -0.12     0.24
  MONTH TO DATE    2.48                      2.83  -0.35     7.60
  SINCE JUN 1      4.20                      7.03  -2.83     9.97
  SINCE JAN 1     24.78                     28.96  -4.18    34.50

SNOWFALL (IN)
  TODAY            0.0           0.0    MM   0.0    0.0      0.0
  MONTH TO DATE    0.0                       0.0    0.0      0.0
  SINCE JUN 1      0.0                       0.0    0.0      0.0
  SINCE JUL 1      0.0                       0.0    0.0      0.0
  SNOW DEPTH       0

DEGREE DAYS
 HEATING
  TODAY            0                         0      0        0
  MONTH TO DATE    0                         0      0        0
  SINCE JUN 1      0                         5     -5        0
  SINCE JUL 1      0                         0      0        0

 COOLING
  TODAY           12                        14     -2       17
  MONTH TO DATE  197                       275    -78      256
  SINCE JUN 1    546                       580    -34      590
  SINCE JAN 1    743                       733     10      803
..................................................................


WIND (MPH)
  HIGHEST WIND SPEED     8   HIGHEST WIND DIRECTION     W (280)
  HIGHEST GUST SPEED    11   HIGHEST GUST DIRECTION     W (280)
  AVERAGE WIND SPEED     1.9


SKY COVER
  POSSIBLE SUNSHINE  MM
  AVERAGE SKY COVER 0.8


WEATHER CONDITIONS
 THE FOLLOWING WEATHER WAS RECORDED TODAY.
  FOG


RELATIVE HUMIDITY (PERCENT)
 HIGHEST    97          1200 AM
 LOWEST     48           200 PM
 AVERAGE    73

..........................................................


THE BOWLING GREEN CLIMATE NORMALS FOR TOMORROW
                         NORMAL    RECORD    YEAR
 MAXIMUM TEMPERATURE (F)   90       105      1901
 MINIMUM TEMPERATURE (F)   68        51      1888


SUNRISE AND SUNSET
JULY 20 2014..........SUNRISE   542 AM CDT   SUNSET   802 PM CDT
JULY 21 2014..........SUNRISE   542 AM CDT   SUNSET   802 PM CDT


-  INDICATES NEGATIVE NUMBERS.
R  INDICATES RECORD WAS SET OR TIED.
MM INDICATES DATA IS MISSING.
T  INDICATES TRACE AMOUNT.




$$
