000
CDUS43 KLMK 230627
CLIBWG


CLIMATE REPORT
NATIONAL WEATHER SERVICE LOUISVILLE KY
127 AM EST FRI JAN 23 2015


...................................

...THE BOWLING GREEN KY CLIMATE SUMMARY FOR JANUARY 22 2015...

CLIMATE NORMAL PERIOD 1981 TO 2010
CLIMATE RECORD PERIOD 1870 TO 2015


WEATHER ITEM   OBSERVED TIME   RECORD YEAR NORMAL DEPARTURE LAST
                VALUE   (LST)  VALUE       VALUE  FROM      YEAR
                                                  NORMAL
..................................................................
TEMPERATURE (F)
 YESTERDAY
  MAXIMUM         43    203 PM  71    1999  45     -2       23
  MINIMUM         26    536 AM  -7    1984  26      0        5
  AVERAGE         35                        36     -1       14

PRECIPITATION (IN)
  YESTERDAY        0.00          2.72 1999   0.12  -0.12     0.00
  MONTH TO DATE    1.27                      2.52  -1.25     1.73
  SINCE DEC 1      2.96                      7.32  -4.36     6.74
  SINCE JAN 1      1.27                      2.52  -1.25     1.73

SNOWFALL (IN)
  YESTERDAY        0.0           8.0  1935   0.2   -0.2      0.0
  MONTH TO DATE    0.6                       2.2   -1.6      1.5
  SINCE DEC 1      0.6                       3.4   -2.8      1.6
  SINCE JUL 1      0.9                       3.4   -2.5      2.7
  SNOW DEPTH       0

DEGREE DAYS
 HEATING
  YESTERDAY       30                        29      1       51
  MONTH TO DATE  682                       651     31      728
  SINCE DEC 1   1398                      1472    -74     1535
  SINCE JUL 1   2295                      2235     60     2415

 COOLING
  YESTERDAY        0                         0      0        0
  MONTH TO DATE    0                         0      0        0
  SINCE DEC 1      0                         1     -1        2
  SINCE JAN 1      0                         0      0        0
..................................................................


WIND (MPH)
  HIGHEST WIND SPEED    10   HIGHEST WIND DIRECTION    NE (50)
  HIGHEST GUST SPEED    10   HIGHEST GUST DIRECTION    NE (50)
  AVERAGE WIND SPEED     3.3


SKY COVER
  POSSIBLE SUNSHINE  MM
  AVERAGE SKY COVER 0.3


WEATHER CONDITIONS
 THE FOLLOWING WEATHER WAS RECORDED YESTERDAY.
  FOG


RELATIVE HUMIDITY (PERCENT)
 HIGHEST    92           500 AM
 LOWEST     53           200 PM
 AVERAGE    73

..........................................................


THE BOWLING GREEN KY CLIMATE NORMALS FOR TODAY
                         NORMAL    RECORD    YEAR
 MAXIMUM TEMPERATURE (F)   45        75      1909
 MINIMUM TEMPERATURE (F)   26       -21      1963


SUNRISE AND SUNSET
JANUARY 23 2015.......SUNRISE   655 AM CST   SUNSET   501 PM CST
JANUARY 24 2015.......SUNRISE   654 AM CST   SUNSET   502 PM CST


-  INDICATES NEGATIVE NUMBERS.
R  INDICATES RECORD WAS SET OR TIED.
MM INDICATES DATA IS MISSING.
T  INDICATES TRACE AMOUNT.




$$
