212
CDUS43 KLMK 092131 RRD
CLIBWG

CLIMATE REPORT
NATIONAL WEATHER SERVICE LOUISVILLE KY
429 PM EST TUE FEB 9 2016


...................................

...THE BOWLING GREEN CLIMATE SUMMARY FOR FEBRUARY 9 2016...
VALID TODAY AS OF 0400 PM LOCAL TIME.

CLIMATE NORMAL PERIOD 1981 TO 2010
CLIMATE RECORD PERIOD 1870 TO 2016


WEATHER ITEM   OBSERVED TIME   RECORD YEAR NORMAL DEPARTURE LAST
                VALUE   (LST)  VALUE       VALUE  FROM      YEAR
                                                  NORMAL
..................................................................
TEMPERATURE (F)
 TODAY
  MAXIMUM         27   1249 PM  74    1894  48    -21       56
  MINIMUM         23    901 AM -11    1899  28     -5       32
  AVERAGE         25                        38    -13       44

PRECIPITATION (IN)
  TODAY            T             2.03 1990   0.14  -0.14      T
  MONTH TO DATE    1.82                      1.31   0.51     1.00
  SINCE DEC 1      8.86                      9.72  -0.86     4.57
  SINCE JAN 1      3.63                      4.92  -1.29     2.88

SNOWFALL (IN)
  TODAY            0.2           4.5  1896   0.1    0.1      0.0
  MONTH TO DATE    1.5                       1.3    0.2       T
  SINCE DEC 1     16.3                       5.8   10.5      3.4
  SINCE JUL 1     16.3                       5.8   10.5      3.7
  SNOW DEPTH       1

DEGREE DAYS
 HEATING
  TODAY           40                        27     13       21
  MONTH TO DATE  218                       247    -29      228
  SINCE DEC 1   1603                      1976   -373     1876
  SINCE JUL 1   2141                      2739   -598     2773

 COOLING
  TODAY            0                         0      0        0
  MONTH TO DATE    0                         0      0        0
  SINCE DEC 1      2                         1      1        0
  SINCE JAN 1      0                         0      0        0
..................................................................


WIND (MPH)
  HIGHEST WIND SPEED    14   HIGHEST WIND DIRECTION     W (290)
  HIGHEST GUST SPEED    22   HIGHEST GUST DIRECTION     W (290)
  AVERAGE WIND SPEED     8.6


SKY COVER
  POSSIBLE SUNSHINE  MM
  AVERAGE SKY COVER 1.0


WEATHER CONDITIONS
 THE FOLLOWING WEATHER WAS RECORDED TODAY.
  LIGHT SNOW
  FOG


RELATIVE HUMIDITY (PERCENT)
 HIGHEST    81          1200 AM
 LOWEST     62           200 PM
 AVERAGE    72

..........................................................


THE BOWLING GREEN CLIMATE NORMALS FOR TOMORROW
                         NORMAL    RECORD    YEAR
 MAXIMUM TEMPERATURE (F)   49        79      1932
 MINIMUM TEMPERATURE (F)   29       -16      1899


SUNRISE AND SUNSET
FEBRUARY  9 2016......SUNRISE   641 AM CST   SUNSET   519 PM CST
FEBRUARY 10 2016......SUNRISE   640 AM CST   SUNSET   520 PM CST


-  INDICATES NEGATIVE NUMBERS.
R  INDICATES RECORD WAS SET OR TIED.
MM INDICATES DATA IS MISSING.
T  INDICATES TRACE AMOUNT.




$$
