000
CDUS43 KLMK 152130
CLIBWG


CLIMATE REPORT
NATIONAL WEATHER SERVICE LOUISVILLE KY
429 PM EST THU FEB 15 2018


...................................

...THE BOWLING GREEN CLIMATE SUMMARY FOR FEBRUARY 15 2018...
VALID TODAY AS OF 0400 PM LOCAL TIME.

CLIMATE NORMAL PERIOD 1981 TO 2010
CLIMATE RECORD PERIOD 1870 TO 2018


WEATHER ITEM   OBSERVED TIME   RECORD YEAR NORMAL DEPARTURE LAST
                VALUE   (LST)  VALUE       VALUE  FROM      YEAR
                                                  NORMAL
..................................................................
TEMPERATURE (F)
 TODAY
  MAXIMUM         77R   319 PM  77    1945  50     27       50
  MINIMUM         63   1258 AM   2    1905  30     33       34
  AVERAGE         70                        40     30       42

PRECIPITATION (IN)
  TODAY            T             1.74 1995   0.14  -0.14     0.00
  MONTH TO DATE    3.19                      2.16   1.03     2.04
  SINCE DEC 1      8.96                     10.57  -1.61    11.84
  SINCE JAN 1      5.47                      5.77  -0.30     6.20

SNOWFALL (IN)
  TODAY            0.0           4.0  1969   0.2   -0.2      0.0
  MONTH TO DATE    0.2                       2.2   -2.0      0.0
  SINCE DEC 1      8.4                       6.7    1.7      0.7
  SINCE JUL 1      8.4                       6.7    1.7      0.7
  SNOW DEPTH       0

DEGREE DAYS
 HEATING
  TODAY            0                        25    -25       23
  MONTH TO DATE  373                       402    -29      316
  SINCE DEC 1   2197                      2131     66     1751
  SINCE JUL 1   2898                      2894      4     2237

 COOLING
  TODAY            5                         0      5        0
  MONTH TO DATE    5                         0      5        0
  SINCE DEC 1      5                         1      4        0
  SINCE JAN 1      5                         0      5        0
..................................................................


WIND (MPH)
  HIGHEST WIND SPEED    31   HIGHEST WIND DIRECTION    SW (220)
  HIGHEST GUST SPEED    45   HIGHEST GUST DIRECTION    SW (220)
  AVERAGE WIND SPEED    17.2


SKY COVER
  POSSIBLE SUNSHINE  MM
  AVERAGE SKY COVER 0.8


WEATHER CONDITIONS
 THE FOLLOWING WEATHER WAS RECORDED TODAY.
  LIGHT RAIN


RELATIVE HUMIDITY (PERCENT)
 HIGHEST   100          1200 AM
 LOWEST     56           200 PM
 AVERAGE    78

..........................................................


THE BOWLING GREEN CLIMATE NORMALS FOR TOMORROW
                         NORMAL    RECORD    YEAR
 MAXIMUM TEMPERATURE (F)   50        77      1911
 MINIMUM TEMPERATURE (F)   30        -1      1958


SUNRISE AND SUNSET
FEBRUARY 15 2018......SUNRISE   634 AM CST   SUNSET   526 PM CST
FEBRUARY 16 2018......SUNRISE   633 AM CST   SUNSET   527 PM CST


-  INDICATES NEGATIVE NUMBERS.
R  INDICATES RECORD WAS SET OR TIED.
MM INDICATES DATA IS MISSING.
T  INDICATES TRACE AMOUNT.




$$
