000
CDUS43 KLMK 242030
CLIBWG


CLIMATE REPORT
NATIONAL WEATHER SERVICE LOUISVILLE KY
430 PM EDT TUE MAR 24 2015


...................................

...THE BOWLING GREEN CLIMATE SUMMARY FOR MARCH 24 2015...
VALID TODAY AS OF 0400 PM LOCAL TIME.

CLIMATE NORMAL PERIOD 1981 TO 2010
CLIMATE RECORD PERIOD 1870 TO 2015


WEATHER ITEM   OBSERVED TIME   RECORD YEAR NORMAL DEPARTURE LAST
                VALUE   (LST)  VALUE       VALUE  FROM      YEAR
                                                  NORMAL
..................................................................
TEMPERATURE (F)
 TODAY
  MAXIMUM         67    200 PM  92    1929  63      4       50
  MINIMUM         40    344 AM  16    1968  39      1       26
  AVERAGE         54                        51      3       38

PRECIPITATION (IN)
  TODAY            0.00          1.55 1912   0.14  -0.14     0.00
  MONTH TO DATE    5.92                      3.35   2.57     2.93
  SINCE MAR 1      5.92                      3.35   2.57     2.93
  SINCE JAN 1     11.80                     10.92   0.88    10.10

SNOWFALL (IN)
  TODAY            0.0           T    2013   0.1   -0.1      0.0
  MONTH TO DATE    7.2                       0.9    6.3      4.8
  SINCE MAR 1      7.2                       0.9    6.3      4.8
  SINCE JUL 1     23.5                       8.7   14.8     10.1
  SNOW DEPTH       0

DEGREE DAYS
 HEATING
  TODAY           11                        14     -3       27
  MONTH TO DATE  434                       428      6      526
  SINCE MAR 1    434                       428      6      526
  SINCE JUL 1   3969                      3626    343     4135

 COOLING
  TODAY            0                         0      0        0
  MONTH TO DATE    0                         0      0        0
  SINCE MAR 1      0                         0      0        0
  SINCE JAN 1      0                         0      0        0
..................................................................


WIND (MPH)
  HIGHEST WIND SPEED     7   HIGHEST WIND DIRECTION     E (70)
  HIGHEST GUST SPEED    18   HIGHEST GUST DIRECTION    SE (120)
  AVERAGE WIND SPEED     3.0


SKY COVER
  POSSIBLE SUNSHINE   0 PERCENT
  AVERAGE SKY COVER 0.0


WEATHER CONDITIONS
 THE FOLLOWING WEATHER WAS RECORDED TODAY.
  NO SIGNIFICANT WEATHER WAS OBSERVED.


RELATIVE HUMIDITY (PERCENT)
 HIGHEST     0          1200 AM
 LOWEST      0          1200 AM
 AVERAGE     0

..........................................................


THE BOWLING GREEN CLIMATE NORMALS FOR TOMORROW
                         NORMAL    RECORD    YEAR
 MAXIMUM TEMPERATURE (F)   63        90      1929
                                             1907
 MINIMUM TEMPERATURE (F)   39        20      1960


SUNRISE AND SUNSET
MARCH 24 2015.........SUNRISE   644 AM CDT   SUNSET   701 PM CDT
MARCH 25 2015.........SUNRISE   642 AM CDT   SUNSET   702 PM CDT


-  INDICATES NEGATIVE NUMBERS.
R  INDICATES RECORD WAS SET OR TIED.
MM INDICATES DATA IS MISSING.
T  INDICATES TRACE AMOUNT.




$$
