000
CDUS43 KLMK 260631
CLIBWG


CLIMATE REPORT
NATIONAL WEATHER SERVICE LOUISVILLE KY
131 AM EST THU FEB 26 2015


...................................

...THE BOWLING GREEN KY CLIMATE SUMMARY FOR FEBRUARY 25 2015...

CLIMATE NORMAL PERIOD 1981 TO 2010
CLIMATE RECORD PERIOD 1870 TO 2015


WEATHER ITEM   OBSERVED TIME   RECORD YEAR NORMAL DEPARTURE LAST
                VALUE   (LST)  VALUE       VALUE  FROM      YEAR
                                                  NORMAL
..................................................................
TEMPERATURE (F)
 YESTERDAY
  MAXIMUM         37    405 PM  79    1930  53    -16       46
  MINIMUM         16    453 AM   2    1967  32    -16       28
  AVERAGE         27                        42    -15       37

PRECIPITATION (IN)
  YESTERDAY        0.00          1.55 1962   0.14  -0.14     0.00
  MONTH TO DATE    4.00                      3.56   0.44     5.42
  SINCE DEC 1      7.57                     11.97  -4.40    12.18
  SINCE JAN 1      5.88                      7.17  -1.29     7.17

SNOWFALL (IN)
  YESTERDAY        0.0           5.0  1965   0.0    0.0      0.0
  MONTH TO DATE   12.6                       3.1    9.5      2.0
  SINCE DEC 1     16.0                       7.6    8.4      4.2
  SINCE JUL 1     16.3                       7.6    8.7      5.3
  SNOW DEPTH       2

DEGREE DAYS
 HEATING
  YESTERDAY       38                        22     16       28
  MONTH TO DATE  883                       639    244      716
  SINCE DEC 1   2531                      2368    163     2619
  SINCE JUL 1   3428                      3131    297     3499

 COOLING
  YESTERDAY        0                         0      0        0
  MONTH TO DATE    0                         0      0        0
  SINCE DEC 1      0                         1     -1        2
  SINCE JAN 1      0                         0      0        0
..................................................................


WIND (MPH)
  HIGHEST WIND SPEED     8   HIGHEST WIND DIRECTION    NE (50)
  HIGHEST GUST SPEED     9   HIGHEST GUST DIRECTION    NE (50)
  AVERAGE WIND SPEED     1.9


SKY COVER
  POSSIBLE SUNSHINE  MM
  AVERAGE SKY COVER 0.2


WEATHER CONDITIONS
 THE FOLLOWING WEATHER WAS RECORDED YESTERDAY.
  NO SIGNIFICANT WEATHER WAS OBSERVED.


RELATIVE HUMIDITY (PERCENT)
 HIGHEST    88           500 AM
 LOWEST     52           100 PM
 AVERAGE    70

..........................................................


THE BOWLING GREEN KY CLIMATE NORMALS FOR TODAY
                         NORMAL    RECORD    YEAR
 MAXIMUM TEMPERATURE (F)   53        78      1917
 MINIMUM TEMPERATURE (F)   32         7      1967


SUNRISE AND SUNSET
FEBRUARY 26 2015......SUNRISE   621 AM CST   SUNSET   537 PM CST
FEBRUARY 27 2015......SUNRISE   620 AM CST   SUNSET   538 PM CST


-  INDICATES NEGATIVE NUMBERS.
R  INDICATES RECORD WAS SET OR TIED.
MM INDICATES DATA IS MISSING.
T  INDICATES TRACE AMOUNT.




$$
