000
CDUS43 KLMK 172029
CLIBWG


CLIMATE REPORT
NATIONAL WEATHER SERVICE LOUISVILLE KY
428 PM EDT TUE MAY 17 2016


...................................

...THE BOWLING GREEN CLIMATE SUMMARY FOR MAY 17 2016...
VALID TODAY AS OF 0400 PM LOCAL TIME.

CLIMATE NORMAL PERIOD 1981 TO 2010
CLIMATE RECORD PERIOD 1870 TO 2016


WEATHER ITEM   OBSERVED TIME   RECORD YEAR NORMAL DEPARTURE LAST
                VALUE   (LST)  VALUE       VALUE  FROM      YEAR
                                                  NORMAL
..................................................................
TEMPERATURE (F)
 TODAY
  MAXIMUM         64    200 PM  94    1931  78    -14       84
                                      1911
                                      1906
  MINIMUM         51    227 AM  40    1973  55     -4       66
                                      1895
  AVERAGE         58                        67     -9       75

PRECIPITATION (IN)
  TODAY            0.32          2.48 1980   0.18   0.14     0.46
  MONTH TO DATE    2.63                      3.18  -0.55     2.00
  SINCE MAR 1      7.98                     11.93  -3.95    17.35
  SINCE JAN 1     14.56                     19.50  -4.94    23.23

SNOWFALL (IN)
  TODAY            0.0           0.0    MM   0.0    0.0      0.0
  MONTH TO DATE    0.0                       0.0    0.0      0.0
  SINCE MAR 1      T                         1.3   -1.3      7.2
  SINCE JUL 1     24.0                       9.1   14.9     23.5
  SNOW DEPTH       0

DEGREE DAYS
 HEATING
  TODAY            7                         2      5        0
  MONTH TO DATE   70                        55     15       19
  SINCE MAR 1    607                       826   -219      731
  SINCE JUL 1   3207                      4024   -817     4266

 COOLING
  TODAY            0                         4     -4       10
  MONTH TO DATE   48                        45      3       90
  SINCE MAR 1     92                        81     11      125
  SINCE JAN 1     92                        81     11      125
..................................................................


WIND (MPH)
  HIGHEST WIND SPEED    13   HIGHEST WIND DIRECTION     E (70)
  HIGHEST GUST SPEED    15   HIGHEST GUST DIRECTION    NE (60)
  AVERAGE WIND SPEED     7.1


SKY COVER
  POSSIBLE SUNSHINE  MM
  AVERAGE SKY COVER 0.9


WEATHER CONDITIONS
 THE FOLLOWING WEATHER WAS RECORDED TODAY.
  RAIN
  LIGHT RAIN
  FOG


RELATIVE HUMIDITY (PERCENT)
 HIGHEST    96           200 AM
 LOWEST     78           200 PM
 AVERAGE    87

..........................................................


THE BOWLING GREEN CLIMATE NORMALS FOR TOMORROW
                         NORMAL    RECORD    YEAR
 MAXIMUM TEMPERATURE (F)   78        96      1911
 MINIMUM TEMPERATURE (F)   56        39      1894


SUNRISE AND SUNSET
MAY 17 2016...........SUNRISE   536 AM CDT   SUNSET   749 PM CDT
MAY 18 2016...........SUNRISE   535 AM CDT   SUNSET   750 PM CDT


-  INDICATES NEGATIVE NUMBERS.
R  INDICATES RECORD WAS SET OR TIED.
MM INDICATES DATA IS MISSING.
T  INDICATES TRACE AMOUNT.




$$
