000
CDUS43 KLMK 100628
CLIBWG


CLIMATE REPORT
NATIONAL WEATHER SERVICE LOUISVILLE KY
127 AM EST WED DEC 10 2014


...................................

...THE BOWLING GREEN KY CLIMATE SUMMARY FOR DECEMBER 9 2014...

CLIMATE NORMAL PERIOD 1981 TO 2010
CLIMATE RECORD PERIOD 1870 TO 2014


WEATHER ITEM   OBSERVED TIME   RECORD YEAR NORMAL DEPARTURE LAST
                VALUE   (LST)  VALUE       VALUE  FROM      YEAR
                                                  NORMAL
..................................................................
TEMPERATURE (F)
 YESTERDAY
  MAXIMUM         46    255 AM  71    1952  50     -4       36
  MINIMUM         38    912 PM -10    1917  30      8       28
  AVERAGE         42                        40      2       32

PRECIPITATION (IN)
  YESTERDAY        0.00          2.62 1961   0.17  -0.17     0.00
  MONTH TO DATE    1.05                      1.46  -0.41     2.55
  SINCE DEC 1      1.05                      1.46  -0.41     2.55
  SINCE JAN 1     45.48                     46.55  -1.07    57.20

SNOWFALL (IN)
  YESTERDAY        0.0           0.2  1988   0.0    0.0      0.0
  MONTH TO DATE    0.0                       0.1   -0.1      0.0
  SINCE DEC 1      0.0                       0.1   -0.1      0.0
  SINCE JUL 1      0.3                       0.1    0.2      1.1
  SNOW DEPTH       0

DEGREE DAYS
 HEATING
  YESTERDAY       23                        25     -2       33
  MONTH TO DATE  176                       213    -37      194
  SINCE DEC 1    176                       213    -37      194
  SINCE JUL 1   1073                       976     97     1074

 COOLING
  YESTERDAY        0                         0      0        0
  MONTH TO DATE    0                         0      0        0
  SINCE DEC 1      0                         0      0        0
  SINCE JAN 1   1488                      1491     -3     1499
..................................................................


WIND (MPH)
  HIGHEST WIND SPEED    15   HIGHEST WIND DIRECTION    NW (330)
  HIGHEST GUST SPEED    24   HIGHEST GUST DIRECTION    NW (320)
  AVERAGE WIND SPEED     8.3


SKY COVER
  POSSIBLE SUNSHINE  MM
  AVERAGE SKY COVER 1.0


WEATHER CONDITIONS
 THE FOLLOWING WEATHER WAS RECORDED YESTERDAY.
  NO SIGNIFICANT WEATHER WAS OBSERVED.


RELATIVE HUMIDITY (PERCENT)
 HIGHEST    79           900 PM
 LOWEST     60           100 PM
 AVERAGE    70

..........................................................


THE BOWLING GREEN KY CLIMATE NORMALS FOR TODAY
                         NORMAL    RECORD    YEAR
 MAXIMUM TEMPERATURE (F)   49        74      1971
 MINIMUM TEMPERATURE (F)   30        -7      1917


SUNRISE AND SUNSET
DECEMBER 10 2014......SUNRISE   648 AM CST   SUNSET   429 PM CST
DECEMBER 11 2014......SUNRISE   649 AM CST   SUNSET   429 PM CST


-  INDICATES NEGATIVE NUMBERS.
R  INDICATES RECORD WAS SET OR TIED.
MM INDICATES DATA IS MISSING.
T  INDICATES TRACE AMOUNT.




$$
