000
CDUS43 KLMK 132035
CLIBWG


CLIMATE REPORT
NATIONAL WEATHER SERVICE LOUISVILLE KY
435 PM EDT THU APR 13 2017


...................................

...THE BOWLING GREEN CLIMATE SUMMARY FOR APRIL 13 2017...
VALID TODAY AS OF 0400 PM LOCAL TIME.

CLIMATE NORMAL PERIOD 1981 TO 2010
CLIMATE RECORD PERIOD 1870 TO 2017


WEATHER ITEM   OBSERVED TIME   RECORD YEAR NORMAL DEPARTURE LAST
                VALUE   (LST)  VALUE       VALUE  FROM      YEAR
                                                  NORMAL
..................................................................
TEMPERATURE (F)
 TODAY
  MAXIMUM         82    146 PM  91    1930  69     13       70
  MINIMUM         44    509 AM  24    1950  45     -1       37
  AVERAGE         63                        57      6       54

PRECIPITATION (IN)
  TODAY            0.00          1.19 1923   0.13  -0.13     0.00
  MONTH TO DATE    1.24                      1.75  -0.51     0.51
  SINCE MAR 1      5.03                      6.16  -1.13     4.33
  SINCE JAN 1     11.61                     13.73  -2.12    10.91

SNOWFALL (IN)
  TODAY            0.0           T    2004   0.0    0.0      0.0
  MONTH TO DATE    0.0                       0.2   -0.2      0.0
  SINCE MAR 1      T                         1.3   -1.3       T
  SINCE JUL 1      0.7                       9.1   -8.4     24.0
  SNOW DEPTH       0

DEGREE DAYS
 HEATING
  TODAY            2                         9     -7       11
  MONTH TO DATE   78                       138    -60      172
  SINCE MAR 1    517                       658   -141      521
  SINCE JUL 1   2898                      3856   -958     3121

 COOLING
  TODAY            0                         1     -1        0
  MONTH TO DATE   12                        12      0        0
  SINCE MAR 1     18                        17      1        1
  SINCE JAN 1     22                        17      5        1
..................................................................


WIND (MPH)
  HIGHEST WIND SPEED    12   HIGHEST WIND DIRECTION    SW (220)
  HIGHEST GUST SPEED    14   HIGHEST GUST DIRECTION    SW (230)
  AVERAGE WIND SPEED     1.2


SKY COVER
  POSSIBLE SUNSHINE  MM
  AVERAGE SKY COVER 0.0


WEATHER CONDITIONS
 THE FOLLOWING WEATHER WAS RECORDED TODAY.
  NO SIGNIFICANT WEATHER WAS OBSERVED.


RELATIVE HUMIDITY (PERCENT)
 HIGHEST    92           600 AM
 LOWEST     28           100 PM
 AVERAGE    60

..........................................................


THE BOWLING GREEN CLIMATE NORMALS FOR TOMORROW
                         NORMAL    RECORD    YEAR
 MAXIMUM TEMPERATURE (F)   69        88      1919
 MINIMUM TEMPERATURE (F)   45        22      1950


SUNRISE AND SUNSET
APRIL 13 2017.........SUNRISE   614 AM CDT   SUNSET   719 PM CDT
APRIL 14 2017.........SUNRISE   613 AM CDT   SUNSET   720 PM CDT


-  INDICATES NEGATIVE NUMBERS.
R  INDICATES RECORD WAS SET OR TIED.
MM INDICATES DATA IS MISSING.
T  INDICATES TRACE AMOUNT.




$$
