000
CDUS43 KLMK 062031
CLIBWG


CLIMATE REPORT
NATIONAL WEATHER SERVICE LOUISVILLE KY
431 PM EDT SUN APR 6 2014


...................................

...THE BOWLING GREEN CLIMATE SUMMARY FOR APRIL 6 2014...
VALID TODAY AS OF 0400 PM LOCAL TIME.

CLIMATE NORMAL PERIOD 1981 TO 2010
CLIMATE RECORD PERIOD 1870 TO 2014


WEATHER ITEM   OBSERVED TIME   RECORD YEAR NORMAL DEPARTURE LAST
                VALUE   (LST)  VALUE       VALUE  FROM      YEAR
                                                  NORMAL
..................................................................
TEMPERATURE (F)
 TODAY
  MAXIMUM         64    202 PM  87    2010  67     -3       73
                                      1929
  MINIMUM         34    509 AM  25    1887  43     -9       40
  AVERAGE         49                        55     -6       57

PRECIPITATION (IN)
  TODAY            0.00          1.82 1935   0.13  -0.13     0.00
  MONTH TO DATE    2.14                      0.78   1.36     0.17
  SINCE MAR 1      5.87                      5.19   0.68     5.38
  SINCE JAN 1     13.04                     12.76   0.28    13.07

SNOWFALL (IN)
  TODAY            0.0           T    1920   0.0    0.0      0.0
  MONTH TO DATE    0.0                       0.1   -0.1      0.0
  SINCE MAR 1      5.1                       1.2    3.9      2.5
  SINCE JUL 1     10.4                       9.0    1.4      3.8
  SNOW DEPTH       0

DEGREE DAYS
 HEATING
  TODAY           16                        11      5        8
  MONTH TO DATE   41                        69    -28      103
  SINCE MAR 1    694                       589    105      780
  SINCE JUL 1   4303                      3787    516     3675

 COOLING
  TODAY            0                         1     -1        0
  MONTH TO DATE    3                         5     -2        0
  SINCE MAR 1      3                        10     -7        0
  SINCE JAN 1      3                        10     -7        0
..................................................................


WIND (MPH)
  HIGHEST WIND SPEED    14   HIGHEST WIND DIRECTION     E (80)
  HIGHEST GUST SPEED    17   HIGHEST GUST DIRECTION     E (90)
  AVERAGE WIND SPEED     4.2


SKY COVER
  POSSIBLE SUNSHINE  MM
  AVERAGE SKY COVER 0.0


WEATHER CONDITIONS
 THE FOLLOWING WEATHER WAS RECORDED TODAY.
  NO SIGNIFICANT WEATHER WAS OBSERVED.


RELATIVE HUMIDITY (PERCENT)
 HIGHEST    85           400 AM
 LOWEST     34           200 PM
 AVERAGE    60

..........................................................


THE BOWLING GREEN CLIMATE NORMALS FOR TOMORROW
                         NORMAL    RECORD    YEAR
 MAXIMUM TEMPERATURE (F)   67        88      2001
                                             1915
                                             1929
 MINIMUM TEMPERATURE (F)   43        23      1982


SUNRISE AND SUNSET
APRIL  6 2014.........SUNRISE   624 AM CDT   SUNSET   713 PM CDT
APRIL  7 2014.........SUNRISE   623 AM CDT   SUNSET   713 PM CDT


-  INDICATES NEGATIVE NUMBERS.
R  INDICATES RECORD WAS SET OR TIED.
MM INDICATES DATA IS MISSING.
T  INDICATES TRACE AMOUNT.




$$
