000
CDUS43 KLMK 152136
CLIBWG


CLIMATE REPORT
NATIONAL WEATHER SERVICE LOUISVILLE KY
434 PM EST SAT NOV 15 2014


...................................

...THE BOWLING GREEN CLIMATE SUMMARY FOR NOVEMBER 15 2014...
VALID TODAY AS OF 0400 PM LOCAL TIME.

CLIMATE NORMAL PERIOD 1981 TO 2010
CLIMATE RECORD PERIOD 1870 TO 2014


WEATHER ITEM   OBSERVED TIME   RECORD YEAR NORMAL DEPARTURE LAST
                VALUE   (LST)  VALUE       VALUE  FROM      YEAR
                                                  NORMAL
..................................................................
TEMPERATURE (F)
 TODAY
  MAXIMUM         42    251 PM  80    1931  60    -18       55
  MINIMUM         20    653 AM   9    1883  38    -18       29
  AVERAGE         31                        49    -18       42

PRECIPITATION (IN)
  TODAY            0.00          1.50 1926   0.15  -0.15     0.06
                                      1924
  MONTH TO DATE    0.92                      1.95  -1.03     0.79
  SINCE SEP 1      6.67                      9.26  -2.59     9.92
  SINCE JAN 1     42.83                     42.82   0.01    52.62

SNOWFALL (IN)
  TODAY            0.0           4.5  1906   0.0    0.0      0.0
  MONTH TO DATE    0.0                       0.0    0.0       T
  SINCE SEP 1      0.0                       T      0.0       T
  SINCE JUL 1      0.0                       T      0.0       T
  SNOW DEPTH       0

DEGREE DAYS
 HEATING
  TODAY           34                        16     18       23
  MONTH TO DATE  319                       209    110      274
  SINCE SEP 1    537                       471     66      524
  SINCE JUL 1    537                       472     65      524

 COOLING
  TODAY            0                         0      0        0
  MONTH TO DATE    0                         0      0        0
  SINCE SEP 1    211                       219     -8      239
  SINCE JAN 1   1488                      1488      0     1499
..................................................................


WIND (MPH)
  HIGHEST WIND SPEED    10   HIGHEST WIND DIRECTION    SE (120)
  HIGHEST GUST SPEED    15   HIGHEST GUST DIRECTION     E (100)
  AVERAGE WIND SPEED     2.9


SKY COVER
  POSSIBLE SUNSHINE   0 PERCENT
  AVERAGE SKY COVER 0.0


WEATHER CONDITIONS
 THE FOLLOWING WEATHER WAS RECORDED TODAY.
  NO SIGNIFICANT WEATHER WAS OBSERVED.


RELATIVE HUMIDITY (PERCENT)
 HIGHEST     0          1200 AM
 LOWEST      0          1200 AM
 AVERAGE     0

..........................................................


THE BOWLING GREEN CLIMATE NORMALS FOR TOMORROW
                         NORMAL    RECORD    YEAR
 MAXIMUM TEMPERATURE (F)   59        79      1931
 MINIMUM TEMPERATURE (F)   37        10      1883


SUNRISE AND SUNSET
NOVEMBER 15 2014......SUNRISE   624 AM CST   SUNSET   436 PM CST
NOVEMBER 16 2014......SUNRISE   625 AM CST   SUNSET   435 PM CST


-  INDICATES NEGATIVE NUMBERS.
R  INDICATES RECORD WAS SET OR TIED.
MM INDICATES DATA IS MISSING.
T  INDICATES TRACE AMOUNT.




$$
