000
CDUS43 KLMK 210629
CLIBWG


CLIMATE REPORT
NATIONAL WEATHER SERVICE LOUISVILLE KY
229 AM EDT TUE MAR 21 2017


...................................

...THE BOWLING GREEN KY CLIMATE SUMMARY FOR MARCH 20 2017...

CLIMATE NORMAL PERIOD 1981 TO 2010
CLIMATE RECORD PERIOD 1870 TO 2017


WEATHER ITEM   OBSERVED TIME   RECORD YEAR NORMAL DEPARTURE LAST
                VALUE   (LST)  VALUE       VALUE  FROM      YEAR
                                                  NORMAL
..................................................................
TEMPERATURE (F)
 YESTERDAY
  MAXIMUM         82    302 PM  85    2012  61     21       43
                                      1921
  MINIMUM         39   1250 AM  16    1914  38      1       35
  AVERAGE         61                        50     11       39

PRECIPITATION (IN)
  YESTERDAY        0.00          1.78 1980   0.14  -0.14     0.07
  MONTH TO DATE    2.40                      2.77  -0.37     1.81
  SINCE MAR 1      2.40                      2.77  -0.37     1.81
  SINCE JAN 1      8.98                     10.34  -1.36     8.39

SNOWFALL (IN)
  YESTERDAY        0.0           6.0  1914   0.0    0.0       T
  MONTH TO DATE    T                         0.7   -0.7       T
  SINCE MAR 1      T                         0.7   -0.7       T
  SINCE JUL 1      0.7                       8.5   -7.8     24.0
  SNOW DEPTH       0

DEGREE DAYS
 HEATING
  YESTERDAY        4                        16    -12       26
  MONTH TO DATE  380                       369     11      230
  SINCE MAR 1    380                       369     11      230
  SINCE JUL 1   2761                      3567   -806     2830

 COOLING
  YESTERDAY        0                         0      0        0
  MONTH TO DATE    0                         0      0        0
  SINCE MAR 1      0                         0      0        0
  SINCE JAN 1      4                         0      4        0
..................................................................


WIND (MPH)
  HIGHEST WIND SPEED    23   HIGHEST WIND DIRECTION     S (190)
  HIGHEST GUST SPEED    29   HIGHEST GUST DIRECTION     S (190)
  AVERAGE WIND SPEED     6.7


SKY COVER
  POSSIBLE SUNSHINE  MM
  AVERAGE SKY COVER 0.3


WEATHER CONDITIONS
 THE FOLLOWING WEATHER WAS RECORDED YESTERDAY.
  NO SIGNIFICANT WEATHER WAS OBSERVED.


RELATIVE HUMIDITY (PERCENT)
 HIGHEST    82           300 AM
 LOWEST     35           200 PM
 AVERAGE    59

..........................................................


THE BOWLING GREEN KY CLIMATE NORMALS FOR TODAY
                         NORMAL    RECORD    YEAR
 MAXIMUM TEMPERATURE (F)   62        91      1907
 MINIMUM TEMPERATURE (F)   38        20      2013


SUNRISE AND SUNSET
MARCH 21 2017.........SUNRISE   647 AM CDT   SUNSET   659 PM CDT
MARCH 22 2017.........SUNRISE   646 AM CDT   SUNSET   700 PM CDT


-  INDICATES NEGATIVE NUMBERS.
R  INDICATES RECORD WAS SET OR TIED.
MM INDICATES DATA IS MISSING.
T  INDICATES TRACE AMOUNT.




$$
