000
CDUS43 KLMK 190634
CLIBWG


CLIMATE REPORT
NATIONAL WEATHER SERVICE LOUISVILLE KY
133 AM EST THU FEB 19 2015


...................................

...THE BOWLING GREEN KY CLIMATE SUMMARY FOR FEBRUARY 18 2015...

CLIMATE NORMAL PERIOD 1981 TO 2010
CLIMATE RECORD PERIOD 1870 TO 2015


WEATHER ITEM   OBSERVED TIME   RECORD YEAR NORMAL DEPARTURE LAST
                VALUE   (LST)  VALUE       VALUE  FROM      YEAR
                                                  NORMAL
..................................................................
TEMPERATURE (F)
 YESTERDAY
  MAXIMUM         26    551 AM  72    1913  51    -25       61
  MINIMUM          3   1159 PM  -7    1958  30    -27       26
  AVERAGE         15                        40    -25       44

PRECIPITATION (IN)
  YESTERDAY        0.03          1.15 2009   0.14  -0.11     0.00
  MONTH TO DATE    1.74                      2.57  -0.83     4.80
  SINCE DEC 1      5.31                     10.98  -5.67    11.56
  SINCE JAN 1      3.62                      6.18  -2.56     6.55

SNOWFALL (IN)
  YESTERDAY        2.0           5.0  1979   0.1    1.9      0.0
  MONTH TO DATE   11.6                       2.5    9.1      2.0
  SINCE DEC 1     15.0                       7.0    8.0      4.2
  SINCE JUL 1     15.3                       7.0    8.3      5.3
  SNOW DEPTH      10

DEGREE DAYS
 HEATING
  YESTERDAY       50                        24     26       21
  MONTH TO DATE  593                       476    117      579
  SINCE DEC 1   2241                      2205     36     2482
  SINCE JUL 1   3138                      2968    170     3362

 COOLING
  YESTERDAY        0                         0      0        0
  MONTH TO DATE    0                         0      0        0
  SINCE DEC 1      0                         1     -1        2
  SINCE JAN 1      0                         0      0        0
..................................................................


WIND (MPH)
  HIGHEST WIND SPEED    25   HIGHEST WIND DIRECTION     W (290)
  HIGHEST GUST SPEED    33   HIGHEST GUST DIRECTION     W (290)
  AVERAGE WIND SPEED    11.5


SKY COVER
  POSSIBLE SUNSHINE  MM
  AVERAGE SKY COVER 0.6


WEATHER CONDITIONS
 THE FOLLOWING WEATHER WAS RECORDED YESTERDAY.
  LIGHT SNOW
  FOG
  HAZE


RELATIVE HUMIDITY (PERCENT)
 HIGHEST    88           400 AM
 LOWEST     39          1200 PM
 AVERAGE    64

..........................................................


THE BOWLING GREEN KY CLIMATE NORMALS FOR TODAY
                         NORMAL    RECORD    YEAR
 MAXIMUM TEMPERATURE (F)   51        73      1994
                                             1939
                                             1913
 MINIMUM TEMPERATURE (F)   31         2      1958


SUNRISE AND SUNSET
FEBRUARY 19 2015......SUNRISE   630 AM CST   SUNSET   530 PM CST
FEBRUARY 20 2015......SUNRISE   629 AM CST   SUNSET   531 PM CST


-  INDICATES NEGATIVE NUMBERS.
R  INDICATES RECORD WAS SET OR TIED.
MM INDICATES DATA IS MISSING.
T  INDICATES TRACE AMOUNT.




$$
