000
CDUS43 KLMK 182031
CLIBWG


CLIMATE REPORT
NATIONAL WEATHER SERVICE LOUISVILLE KY
430 PM EDT MON MAY 18 2015


...................................

...THE BOWLING GREEN CLIMATE SUMMARY FOR MAY 18 2015...
VALID TODAY AS OF 0400 PM LOCAL TIME.

CLIMATE NORMAL PERIOD 1981 TO 2010
CLIMATE RECORD PERIOD 1870 TO 2015


WEATHER ITEM   OBSERVED TIME   RECORD YEAR NORMAL DEPARTURE LAST
                VALUE   (LST)  VALUE       VALUE  FROM      YEAR
                                                  NORMAL
..................................................................
TEMPERATURE (F)
 TODAY
  MAXIMUM         80    138 PM  96    1911  78      2       69
  MINIMUM         68    316 AM  39    1894  56     12       43
  AVERAGE         74                        67      7       56

PRECIPITATION (IN)
  TODAY            0.09          3.14 1995   0.17  -0.08     0.00
  MONTH TO DATE    2.09                      3.35  -1.26     2.90
  SINCE MAR 1     17.44                     12.10   5.34    13.20
  SINCE JAN 1     23.32                     19.67   3.65    20.37

SNOWFALL (IN)
  TODAY            0.0           0.0    MM   0.0    0.0      0.0
  MONTH TO DATE    0.0                       0.0    0.0      0.0
  SINCE MAR 1      7.2                       1.3    5.9      5.1
  SINCE JUL 1     23.5                       9.1   14.4     10.4
  SNOW DEPTH       0

DEGREE DAYS
 HEATING
  TODAY            0                         2     -2        9
  MONTH TO DATE   19                        57    -38       71
  SINCE MAR 1    731                       828    -97      919
  SINCE JUL 1   4266                      4026    240     4528

 COOLING
  TODAY            9                         4      5        0
  MONTH TO DATE   99                        49     50       74
  SINCE MAR 1    134                        85     49       88
  SINCE JAN 1    134                        85     49       88
..................................................................


WIND (MPH)
  HIGHEST WIND SPEED    13   HIGHEST WIND DIRECTION    SW (220)
  HIGHEST GUST SPEED    18   HIGHEST GUST DIRECTION    SW (220)
  AVERAGE WIND SPEED     4.6


SKY COVER
  POSSIBLE SUNSHINE  MM
  AVERAGE SKY COVER 0.7


WEATHER CONDITIONS
 THE FOLLOWING WEATHER WAS RECORDED TODAY.
  RAIN
  LIGHT RAIN
  FOG


RELATIVE HUMIDITY (PERCENT)
 HIGHEST    93          1200 AM
 LOWEST     67           200 PM
 AVERAGE    80

..........................................................


THE BOWLING GREEN CLIMATE NORMALS FOR TOMORROW
                         NORMAL    RECORD    YEAR
 MAXIMUM TEMPERATURE (F)   79        93      1951
                                             1938
                                             1921
 MINIMUM TEMPERATURE (F)   56        39      1894


SUNRISE AND SUNSET
MAY 18 2015...........SUNRISE   536 AM CDT   SUNSET   749 PM CDT
MAY 19 2015...........SUNRISE   535 AM CDT   SUNSET   750 PM CDT


-  INDICATES NEGATIVE NUMBERS.
R  INDICATES RECORD WAS SET OR TIED.
MM INDICATES DATA IS MISSING.
T  INDICATES TRACE AMOUNT.




$$
