000
CDUS43 KLMK 140634
CLIBWG


CLIMATE REPORT
NATIONAL WEATHER SERVICE LOUISVILLE KY
134 AM EST SUN DEC 14 2014


...................................

...THE BOWLING GREEN KY CLIMATE SUMMARY FOR DECEMBER 13 2014...

CLIMATE NORMAL PERIOD 1981 TO 2010
CLIMATE RECORD PERIOD 1870 TO 2014


WEATHER ITEM   OBSERVED TIME   RECORD YEAR NORMAL DEPARTURE LAST
                VALUE   (LST)  VALUE       VALUE  FROM      YEAR
                                                  NORMAL
..................................................................
TEMPERATURE (F)
 YESTERDAY
  MAXIMUM         48    347 PM  76    1927  48      0       44
  MINIMUM         38    256 AM  -8    1962  30      8       16
  AVERAGE         43                        39      4       30

PRECIPITATION (IN)
  YESTERDAY        0.00          2.10 1931   0.16  -0.16      T
  MONTH TO DATE    1.05                      2.13  -1.08     2.55
  SINCE DEC 1      1.05                      2.13  -1.08     2.55
  SINCE JAN 1     45.48                     47.22  -1.74    57.20

SNOWFALL (IN)
  YESTERDAY        0.0           1.0  1945   0.1   -0.1      0.0
                                      1914
  MONTH TO DATE    0.0                       0.3   -0.3      0.1
  SINCE DEC 1      0.0                       0.3   -0.3      0.1
  SINCE JUL 1      0.3                       0.3    0.0      1.2
  SNOW DEPTH       0

DEGREE DAYS
 HEATING
  YESTERDAY       22                        26     -4       35
  MONTH TO DATE  282                       316    -34      340
  SINCE DEC 1    282                       316    -34      340
  SINCE JUL 1   1179                      1079    100     1220

 COOLING
  YESTERDAY        0                         0      0        0
  MONTH TO DATE    0                         0      0        0
  SINCE DEC 1      0                         0      0        0
  SINCE JAN 1   1488                      1491     -3     1499
..................................................................


WIND (MPH)
  HIGHEST WIND SPEED     7   HIGHEST WIND DIRECTION     S (190)
  HIGHEST GUST SPEED     8   HIGHEST GUST DIRECTION     S (190)
  AVERAGE WIND SPEED     2.2


SKY COVER
  POSSIBLE SUNSHINE  MM
  AVERAGE SKY COVER 1.0


WEATHER CONDITIONS
 THE FOLLOWING WEATHER WAS RECORDED YESTERDAY.
  NO SIGNIFICANT WEATHER WAS OBSERVED.


RELATIVE HUMIDITY (PERCENT)
 HIGHEST    85           200 AM
 LOWEST     65           100 PM
 AVERAGE    75

..........................................................


THE BOWLING GREEN KY CLIMATE NORMALS FOR TODAY
                         NORMAL    RECORD    YEAR
 MAXIMUM TEMPERATURE (F)   48        71      1984
                                             1927
 MINIMUM TEMPERATURE (F)   29         0      1898


SUNRISE AND SUNSET
DECEMBER 14 2014......SUNRISE   651 AM CST   SUNSET   430 PM CST
DECEMBER 15 2014......SUNRISE   652 AM CST   SUNSET   430 PM CST


-  INDICATES NEGATIVE NUMBERS.
R  INDICATES RECORD WAS SET OR TIED.
MM INDICATES DATA IS MISSING.
T  INDICATES TRACE AMOUNT.




$$
