851
CDUS43 KLMK 182129
CLIBWG


CLIMATE REPORT
NATIONAL WEATHER SERVICE LOUISVILLE KY
428 PM EST WED JAN 18 2017


...................................

...THE BOWLING GREEN CLIMATE SUMMARY FOR JANUARY 18 2017...
VALID TODAY AS OF 0400 PM LOCAL TIME.

CLIMATE NORMAL PERIOD 1981 TO 2010
CLIMATE RECORD PERIOD 1870 TO 2017


WEATHER ITEM   OBSERVED TIME   RECORD YEAR NORMAL DEPARTURE LAST
                VALUE   (LST)  VALUE       VALUE  FROM      YEAR
                                                  NORMAL
..................................................................
TEMPERATURE (F)
 TODAY
  MAXIMUM         51    210 PM  74    1929  45      6       22
  MINIMUM         45   1124 AM -11    1948  26     19       10
  AVERAGE         48                        36     12       16

PRECIPITATION (IN)
  TODAY            0.00          3.75 1937   0.11  -0.11      T
  MONTH TO DATE    3.14                      2.05   1.09     0.57
  SINCE DEC 1      8.78                      6.85   1.93     5.80
  SINCE JAN 1      3.14                      2.05   1.09     0.57

SNOWFALL (IN)
  TODAY            0.0           4.5  1984   0.1   -0.1     MM
  MONTH TO DATE    0.7                       1.7   -1.0      0.1
  SINCE DEC 1      0.7                       2.9   -2.2      0.1
  SINCE JUL 1      0.7                       2.9   -2.2      0.1
  SNOW DEPTH       0

DEGREE DAYS
 HEATING
  TODAY           17                        30    -13       49
  MONTH TO DATE  408                       535   -127      534
  SINCE DEC 1   1203                      1356   -153      975
  SINCE JUL 1   1689                      2119   -430     1513

 COOLING
  TODAY            0                         0      0        0
  MONTH TO DATE    0                         0      0        0
  SINCE DEC 1      0                         1     -1        2
  SINCE JAN 1      0                         0      0        0
..................................................................


WIND (MPH)
  HIGHEST WIND SPEED    12   HIGHEST WIND DIRECTION     W (270)
  HIGHEST GUST SPEED    14   HIGHEST GUST DIRECTION     W (280)
  AVERAGE WIND SPEED     3.3


SKY COVER
  POSSIBLE SUNSHINE  MM
  AVERAGE SKY COVER 0.8


WEATHER CONDITIONS
 THE FOLLOWING WEATHER WAS RECORDED TODAY.
  NO SIGNIFICANT WEATHER WAS OBSERVED.


RELATIVE HUMIDITY (PERCENT)
 HIGHEST    83           600 AM
 LOWEST     61           100 PM
 AVERAGE    72

..........................................................


THE BOWLING GREEN CLIMATE NORMALS FOR TOMORROW
                         NORMAL    RECORD    YEAR
 MAXIMUM TEMPERATURE (F)   45        75      1907
 MINIMUM TEMPERATURE (F)   26       -11      1994


SUNRISE AND SUNSET
JANUARY 18 2017.......SUNRISE   657 AM CST   SUNSET   456 PM CST
JANUARY 19 2017.......SUNRISE   656 AM CST   SUNSET   457 PM CST


-  INDICATES NEGATIVE NUMBERS.
R  INDICATES RECORD WAS SET OR TIED.
MM INDICATES DATA IS MISSING.
T  INDICATES TRACE AMOUNT.




$$
