900
CDUS43 KLMK 182043
CLIBWG


CLIMATE REPORT
NATIONAL WEATHER SERVICE LOUISVILLE KY
443 PM EDT THU AUG 18 2016


...................................

...THE BOWLING GREEN CLIMATE SUMMARY FOR AUGUST 18 2016...
VALID TODAY AS OF 0400 PM LOCAL TIME.

CLIMATE NORMAL PERIOD 1981 TO 2010
CLIMATE RECORD PERIOD 1870 TO 2016


WEATHER ITEM   OBSERVED TIME   RECORD YEAR NORMAL DEPARTURE LAST
                VALUE   (LST)  VALUE       VALUE  FROM      YEAR
                                                  NORMAL
..................................................................
TEMPERATURE (F)
 TODAY
  MAXIMUM         80    211 PM 105    1936  89     -9       89
  MINIMUM         74   1112 AM  54    1976  66      8       69
  AVERAGE         77                        78     -1       79

PRECIPITATION (IN)
  TODAY            0.47          3.23 2010   0.11   0.36     0.00
  MONTH TO DATE    2.95                      1.83   1.12     1.34
  SINCE JUN 1     16.54                     10.13   6.41    10.62
  SINCE JAN 1     35.71                     32.06   3.65    34.81

SNOWFALL (IN)
  TODAY            0.0           0.0    MM   0.0    0.0      0.0
  MONTH TO DATE    0.0                       0.0    0.0      0.0
  SINCE JUN 1      0.0                       0.0    0.0      0.0
  SINCE JUL 1      0.0                       0.0    0.0      0.0
  SNOW DEPTH       0

DEGREE DAYS
 HEATING
  TODAY            0                         0      0        0
  MONTH TO DATE    0                         0      0        0
  SINCE JUN 1      0                         5     -5        3
  SINCE JUL 1      0                         0      0        0

 COOLING
  TODAY           12                        13     -1       14
  MONTH TO DATE  298                       235     63      214
  SINCE JUN 1   1199                       963    236     1075
  SINCE JAN 1   1365                      1116    249     1278
..................................................................


WIND (MPH)
  HIGHEST WIND SPEED    12   HIGHEST WIND DIRECTION    SW (210)
  HIGHEST GUST SPEED    16   HIGHEST GUST DIRECTION    SW (220)
  AVERAGE WIND SPEED     3.3


SKY COVER
  POSSIBLE SUNSHINE  MM
  AVERAGE SKY COVER 0.8


WEATHER CONDITIONS
 THE FOLLOWING WEATHER WAS RECORDED TODAY.
  HEAVY RAIN
  RAIN
  LIGHT RAIN
  FOG


RELATIVE HUMIDITY (PERCENT)
 HIGHEST   100           300 AM
 LOWEST     87           500 AM
 AVERAGE    94

..........................................................


THE BOWLING GREEN CLIMATE NORMALS FOR TOMORROW
                         NORMAL    RECORD    YEAR
 MAXIMUM TEMPERATURE (F)   89       105      1936
 MINIMUM TEMPERATURE (F)   66        50      1943


SUNRISE AND SUNSET
AUGUST 18 2016........SUNRISE   605 AM CDT   SUNSET   733 PM CDT
AUGUST 19 2016........SUNRISE   606 AM CDT   SUNSET   731 PM CDT


-  INDICATES NEGATIVE NUMBERS.
R  INDICATES RECORD WAS SET OR TIED.
MM INDICATES DATA IS MISSING.
T  INDICATES TRACE AMOUNT.




$$
