000
CDUS43 KLMK 050631
CLIBWG


CLIMATE REPORT
NATIONAL WEATHER SERVICE LOUISVILLE KY
131 AM EST MON FEB 5 2018


...................................

...THE BOWLING GREEN KY CLIMATE SUMMARY FOR FEBRUARY 4 2018...

CLIMATE NORMAL PERIOD 1981 TO 2010
CLIMATE RECORD PERIOD 1870 TO 2018


WEATHER ITEM   OBSERVED TIME   RECORD YEAR NORMAL DEPARTURE LAST
                VALUE   (LST)  VALUE       VALUE  FROM      YEAR
                                                  NORMAL
..................................................................
TEMPERATURE (F)
 YESTERDAY
  MAXIMUM         50    131 PM  72    1962  47      3       47
  MINIMUM         25   1159 PM -10    1886  28     -3       15
  AVERAGE         38                        37      1       31

PRECIPITATION (IN)
  YESTERDAY        0.41          2.56 2014   0.15   0.26     0.00
  MONTH TO DATE    0.55                      0.59  -0.04     0.00
  SINCE DEC 1      6.32                      9.00  -2.68     9.80
  SINCE JAN 1      2.83                      4.20  -1.37     4.16

SNOWFALL (IN)
  YESTERDAY        0.0           3.0  1907   0.1   -0.1      0.0
  MONTH TO DATE    0.2                       0.6   -0.4      0.0
  SINCE DEC 1      8.4                       5.1    3.3      0.7
  SINCE JUL 1      8.4                       5.1    3.3      0.7
  SNOW DEPTH       0

DEGREE DAYS
 HEATING
  YESTERDAY       27                        28     -1       34
  MONTH TO DATE  129                       112     17      116
  SINCE DEC 1   1953                      1841    112     1551
  SINCE JUL 1   2654                      2604     50     2037

 COOLING
  YESTERDAY        0                         0      0        0
  MONTH TO DATE    0                         0      0        0
  SINCE DEC 1      0                         1     -1        0
  SINCE JAN 1      0                         0      0        0
..................................................................


WIND (MPH)
  HIGHEST WIND SPEED    18   HIGHEST WIND DIRECTION    NW (300)
  HIGHEST GUST SPEED    30   HIGHEST GUST DIRECTION    NW (300)
  AVERAGE WIND SPEED     8.2


SKY COVER
  POSSIBLE SUNSHINE  MM
  AVERAGE SKY COVER 1.0


WEATHER CONDITIONS
 THE FOLLOWING WEATHER WAS RECORDED YESTERDAY.
  RAIN
  LIGHT RAIN
  FOG


RELATIVE HUMIDITY (PERCENT)
 HIGHEST   100           200 AM
 LOWEST     66           300 PM
 AVERAGE    83

..........................................................


THE BOWLING GREEN KY CLIMATE NORMALS FOR TODAY
                         NORMAL    RECORD    YEAR
 MAXIMUM TEMPERATURE (F)   47        75      1927
 MINIMUM TEMPERATURE (F)   28        -3      1917


SUNRISE AND SUNSET
FEBRUARY  5 2018......SUNRISE   645 AM CST   SUNSET   515 PM CST
FEBRUARY  6 2018......SUNRISE   644 AM CST   SUNSET   516 PM CST


-  INDICATES NEGATIVE NUMBERS.
R  INDICATES RECORD WAS SET OR TIED.
MM INDICATES DATA IS MISSING.
T  INDICATES TRACE AMOUNT.




$$
