000
CDUS43 KLMK 132034
CLIBWG


CLIMATE REPORT
NATIONAL WEATHER SERVICE LOUISVILLE KY
432 PM EDT FRI MAY 13 2016


...................................

...THE BOWLING GREEN CLIMATE SUMMARY FOR MAY 13 2016...
VALID TODAY AS OF 0400 PM LOCAL TIME.

CLIMATE NORMAL PERIOD 1981 TO 2010
CLIMATE RECORD PERIOD 1870 TO 2016


WEATHER ITEM   OBSERVED TIME   RECORD YEAR NORMAL DEPARTURE LAST
                VALUE   (LST)  VALUE       VALUE  FROM      YEAR
                                                  NORMAL
..................................................................
TEMPERATURE (F)
 TODAY
  MAXIMUM         74    211 PM  96    1916  77     -3       77
  MINIMUM         56    530 AM  35    1895  54      2       47
  AVERAGE         65                        66     -1       62

PRECIPITATION (IN)
  TODAY            0.00          2.40 1922   0.19  -0.19     0.00
  MONTH TO DATE    2.30                      2.42  -0.12     0.08
  SINCE MAR 1      7.65                     11.17  -3.52    15.43
  SINCE JAN 1     14.23                     18.74  -4.51    21.31

SNOWFALL (IN)
  TODAY            0.0           0.0    MM   0.0    0.0      0.0
  MONTH TO DATE    0.0                       0.0    0.0      0.0
  SINCE MAR 1      T                         1.3   -1.3      7.2
  SINCE JUL 1     24.0                       9.1   14.9     23.5
  SNOW DEPTH       0

DEGREE DAYS
 HEATING
  TODAY            0                         3     -3        3
  MONTH TO DATE   32                        46    -14       19
  SINCE MAR 1    569                       817   -248      731
  SINCE JUL 1   3169                      4015   -846     4266

 COOLING
  TODAY            0                         3     -3        0
  MONTH TO DATE   48                        31     17       63
  SINCE MAR 1     92                        67     25       98
  SINCE JAN 1     92                        67     25       98
..................................................................


WIND (MPH)
  HIGHEST WIND SPEED    16   HIGHEST WIND DIRECTION     W (280)
  HIGHEST GUST SPEED    19   HIGHEST GUST DIRECTION     W (270)
  AVERAGE WIND SPEED     5.6


SKY COVER
  POSSIBLE SUNSHINE  MM
  AVERAGE SKY COVER 0.1


WEATHER CONDITIONS
 THE FOLLOWING WEATHER WAS RECORDED TODAY.
  NO SIGNIFICANT WEATHER WAS OBSERVED.


RELATIVE HUMIDITY (PERCENT)
 HIGHEST    97           100 AM
 LOWEST     44          1200 PM
 AVERAGE    71

..........................................................


THE BOWLING GREEN CLIMATE NORMALS FOR TOMORROW
                         NORMAL    RECORD    YEAR
 MAXIMUM TEMPERATURE (F)   77        96      1916
 MINIMUM TEMPERATURE (F)   54        37      1910


SUNRISE AND SUNSET
MAY 13 2016...........SUNRISE   539 AM CDT   SUNSET   746 PM CDT
MAY 14 2016...........SUNRISE   538 AM CDT   SUNSET   746 PM CDT


-  INDICATES NEGATIVE NUMBERS.
R  INDICATES RECORD WAS SET OR TIED.
MM INDICATES DATA IS MISSING.
T  INDICATES TRACE AMOUNT.




$$
