000
CDUS43 KLMK 082140
CLIBWG


CLIMATE REPORT
NATIONAL WEATHER SERVICE LOUISVILLE KY
440 PM EST SUN JAN 8 2017


...................................

...THE BOWLING GREEN CLIMATE SUMMARY FOR JANUARY 8 2017...
VALID TODAY AS OF 0400 PM LOCAL TIME.

CLIMATE NORMAL PERIOD 1981 TO 2010
CLIMATE RECORD PERIOD 1870 TO 2017


WEATHER ITEM   OBSERVED TIME   RECORD YEAR NORMAL DEPARTURE LAST
                VALUE   (LST)  VALUE       VALUE  FROM      YEAR
                                                  NORMAL
..................................................................
TEMPERATURE (F)
 TODAY
  MAXIMUM         28    245 PM  69    2008  45    -17       58
                                      2006
  MINIMUM          9    728 AM -12    1877  26    -17       47
  AVERAGE         19                        35    -16       53

PRECIPITATION (IN)
  TODAY            0.00          3.40 1920   0.11  -0.11     0.04
  MONTH TO DATE    0.96                      0.94   0.02     0.04
  SINCE DEC 1      5.70                      5.74  -0.04     5.27
  SINCE JAN 1      0.96                      0.94   0.02     0.04

SNOWFALL (IN)
  TODAY            0.0           4.0  1926   0.1   -0.1      0.0
  MONTH TO DATE    0.7                       0.7    0.0      0.0
  SINCE DEC 1      0.7                       1.9   -1.2       T
  SINCE JUL 1      0.7                       1.9   -1.2       T
  SNOW DEPTH       T

DEGREE DAYS
 HEATING
  TODAY           46                        30     16       12
  MONTH TO DATE  252                       235     17      216
  SINCE DEC 1   1047                      1056     -9      657
  SINCE JUL 1   1533                      1819   -286     1195

 COOLING
  TODAY            0                         0      0        0
  MONTH TO DATE    0                         0      0        0
  SINCE DEC 1      0                         1     -1        2
  SINCE JAN 1      0                         0      0        0
..................................................................


WIND (MPH)
  HIGHEST WIND SPEED    24   HIGHEST WIND DIRECTION    SW (210)
  HIGHEST GUST SPEED    30   HIGHEST GUST DIRECTION    SW (210)
  AVERAGE WIND SPEED     1.8


SKY COVER
  POSSIBLE SUNSHINE  MM
  AVERAGE SKY COVER  MM


WEATHER CONDITIONS
 THE FOLLOWING WEATHER WAS RECORDED TODAY.
  NO SIGNIFICANT WEATHER WAS OBSERVED.


RELATIVE HUMIDITY (PERCENT)
 HIGHEST     0          1200 AM
 LOWEST      0          1200 AM
 AVERAGE     0

..........................................................


THE BOWLING GREEN CLIMATE NORMALS FOR TOMORROW
                         NORMAL    RECORD    YEAR
 MAXIMUM TEMPERATURE (F)   45        70      1930
 MINIMUM TEMPERATURE (F)   26       -24      1877


SUNRISE AND SUNSET
JANUARY  8 2017.......SUNRISE   659 AM CST   SUNSET   446 PM CST
JANUARY  9 2017.......SUNRISE   659 AM CST   SUNSET   447 PM CST


-  INDICATES NEGATIVE NUMBERS.
R  INDICATES RECORD WAS SET OR TIED.
MM INDICATES DATA IS MISSING.
T  INDICATES TRACE AMOUNT.




$$
