866
CDUS43 KLMK 180629
CLIBWG


CLIMATE REPORT
NATIONAL WEATHER SERVICE LOUISVILLE KY
229 AM EDT TUE APR 18 2017


...................................

...THE BOWLING GREEN KY CLIMATE SUMMARY FOR APRIL 17 2017...

CLIMATE NORMAL PERIOD 1981 TO 2010
CLIMATE RECORD PERIOD 1870 TO 2017


WEATHER ITEM   OBSERVED TIME   RECORD YEAR NORMAL DEPARTURE LAST
                VALUE   (LST)  VALUE       VALUE  FROM      YEAR
                                                  NORMAL
..................................................................
TEMPERATURE (F)
 YESTERDAY
  MAXIMUM         76   1257 PM  90    1955  70      6       81
                                      1914
                                      1909
  MINIMUM         62   1159 PM  18    1875  46     16       45
  AVERAGE         69                        58     11       63

PRECIPITATION (IN)
  YESTERDAY        0.32          1.20 1982   0.14   0.18     0.00
  MONTH TO DATE    2.20                      2.30  -0.10     0.59
  SINCE MAR 1      5.99                      6.71  -0.72     4.41
  SINCE JAN 1     12.57                     14.28  -1.71    10.99

SNOWFALL (IN)
  YESTERDAY        0.0           0.0    MM   0.0    0.0      0.0
  MONTH TO DATE    0.0                       0.2   -0.2      0.0
  SINCE MAR 1      T                         1.3   -1.3       T
  SINCE JUL 1      0.7                       9.1   -8.4     24.0
  SNOW DEPTH       0

DEGREE DAYS
 HEATING
  YESTERDAY        0                         8     -8        2
  MONTH TO DATE   78                       171    -93      180
  SINCE MAR 1    517                       691   -174      529
  SINCE JUL 1   2898                      3889   -991     3129

 COOLING
  YESTERDAY        4                         1      3        0
  MONTH TO DATE   32                        16     16        2
  SINCE MAR 1     38                        21     17        3
  SINCE JAN 1     42                        21     21        3
..................................................................


WIND (MPH)
  HIGHEST WIND SPEED    12   HIGHEST WIND DIRECTION     E (70)
  HIGHEST GUST SPEED    14   HIGHEST GUST DIRECTION    NE (60)
  AVERAGE WIND SPEED     5.3


SKY COVER
  POSSIBLE SUNSHINE  MM
  AVERAGE SKY COVER 0.9


WEATHER CONDITIONS
 THE FOLLOWING WEATHER WAS RECORDED YESTERDAY.
  HEAVY RAIN
  RAIN
  LIGHT RAIN
  FOG


RELATIVE HUMIDITY (PERCENT)
 HIGHEST    93          1200 AM
 LOWEST     60           100 PM
 AVERAGE    77

..........................................................


THE BOWLING GREEN KY CLIMATE NORMALS FOR TODAY
                         NORMAL    RECORD    YEAR
 MAXIMUM TEMPERATURE (F)   71        90      1917
                                             1909
 MINIMUM TEMPERATURE (F)   46        20      1875


SUNRISE AND SUNSET
APRIL 18 2017.........SUNRISE   607 AM CDT   SUNSET   723 PM CDT
APRIL 19 2017.........SUNRISE   606 AM CDT   SUNSET   724 PM CDT


-  INDICATES NEGATIVE NUMBERS.
R  INDICATES RECORD WAS SET OR TIED.
MM INDICATES DATA IS MISSING.
T  INDICATES TRACE AMOUNT.




$$
