000
CDUS43 KLMK 152032
CLIBWG


CLIMATE REPORT
NATIONAL WEATHER SERVICE LOUISVILLE KY
431 PM EDT WED OCT 15 2014


...................................

...THE BOWLING GREEN CLIMATE SUMMARY FOR OCTOBER 15 2014...
VALID TODAY AS OF 0400 PM LOCAL TIME.

CLIMATE NORMAL PERIOD 1981 TO 2010
CLIMATE RECORD PERIOD 1870 TO 2014


WEATHER ITEM   OBSERVED TIME   RECORD YEAR NORMAL DEPARTURE LAST
                VALUE   (LST)  VALUE       VALUE  FROM      YEAR
                                                  NORMAL
..................................................................
TEMPERATURE (F)
 TODAY
  MAXIMUM         58    122 PM  87    1924  72    -14       75
                                      1920
                                      1897
  MINIMUM         54    614 AM  28    1901  46      8       55
  AVERAGE         56                        59     -3       65

PRECIPITATION (IN)
  TODAY            0.20          1.15 1974   0.11   0.09      T
  MONTH TO DATE    4.63                      1.63   3.00     2.07
  SINCE SEP 1      5.00                      5.56  -0.56     7.16
  SINCE JAN 1     41.16                     39.12   2.04    49.86

SNOWFALL (IN)
  TODAY            0.0           0.0    MM   0.0    0.0      0.0
  MONTH TO DATE    0.0                       0.0    0.0      0.0
  SINCE SEP 1      0.0                       0.0    0.0      0.0
  SINCE JUL 1      0.0                       0.0    0.0      0.0
  SNOW DEPTH       0

DEGREE DAYS
 HEATING
  TODAY            9                         7      2        0
  MONTH TO DATE   49                        80    -31       28
  SINCE SEP 1     73                       115    -42       40
  SINCE JUL 1     73                       116    -43       40

 COOLING
  TODAY            0                         1     -1        0
  MONTH TO DATE   29                        24      5       43
  SINCE SEP 1    208                       210     -2      235
  SINCE JAN 1   1485                      1479      6     1495
..................................................................


WIND (MPH)
  HIGHEST WIND SPEED    16   HIGHEST WIND DIRECTION    SW (240)
  HIGHEST GUST SPEED    21   HIGHEST GUST DIRECTION     W (250)
  AVERAGE WIND SPEED     9.9


SKY COVER
  POSSIBLE SUNSHINE  MM
  AVERAGE SKY COVER 1.0


WEATHER CONDITIONS
 THE FOLLOWING WEATHER WAS RECORDED TODAY.
  RAIN
  LIGHT RAIN
  FOG


RELATIVE HUMIDITY (PERCENT)
 HIGHEST    93          1000 AM
 LOWEST     77          1200 AM
 AVERAGE    85

..........................................................


THE BOWLING GREEN CLIMATE NORMALS FOR TOMORROW
                         NORMAL    RECORD    YEAR
 MAXIMUM TEMPERATURE (F)   71        89      1947
                                             1920
 MINIMUM TEMPERATURE (F)   46        30      1945


SUNRISE AND SUNSET
OCTOBER 15 2014.......SUNRISE   653 AM CDT   SUNSET   609 PM CDT
OCTOBER 16 2014.......SUNRISE   654 AM CDT   SUNSET   608 PM CDT


-  INDICATES NEGATIVE NUMBERS.
R  INDICATES RECORD WAS SET OR TIED.
MM INDICATES DATA IS MISSING.
T  INDICATES TRACE AMOUNT.




$$
