800
CDUS43 KLMK 152029
CLIBWG


CLIMATE REPORT
NATIONAL WEATHER SERVICE LOUISVILLE KY
429 PM EDT SUN OCT 15 2017


...................................

...THE BOWLING GREEN CLIMATE SUMMARY FOR OCTOBER 15 2017...
VALID TODAY AS OF 0400 PM LOCAL TIME.

CLIMATE NORMAL PERIOD 1981 TO 2010
CLIMATE RECORD PERIOD 1870 TO 2017


WEATHER ITEM   OBSERVED TIME   RECORD YEAR NORMAL DEPARTURE LAST
                VALUE   (LST)  VALUE       VALUE  FROM      YEAR
                                                  NORMAL
..................................................................
TEMPERATURE (F)
 TODAY
  MAXIMUM         80    312 PM  87    1924  72      8       83
                                      1920
                                      1897
  MINIMUM         64    200 PM  28    1901  46     18       56
  AVERAGE         72                        59     13       70

PRECIPITATION (IN)
  TODAY            0.17          1.15 1974   0.11   0.06     0.00
  MONTH TO DATE    1.29                      1.63  -0.34     0.18
  SINCE SEP 1      7.76                      5.56   2.20     1.75
  SINCE JAN 1     44.84                     39.12   5.72    39.67

SNOWFALL (IN)
  TODAY            0.0           0.0    MM   0.0    0.0      0.0
  MONTH TO DATE    0.0                       0.0    0.0      0.0
  SINCE SEP 1      0.0                       0.0    0.0      0.0
  SINCE JUL 1      0.0                       0.0    0.0      0.0
  SNOW DEPTH       0

DEGREE DAYS
 HEATING
  TODAY            0                         7     -7        0
  MONTH TO DATE    9                        80    -71       18
  SINCE SEP 1     28                       115    -87       37
  SINCE JUL 1     28                       116    -88       37

 COOLING
  TODAY            7                         1      6        5
  MONTH TO DATE   68                        24     44       40
  SINCE SEP 1    238                       210     28      345
  SINCE JAN 1   1590                      1479    111     1904
..................................................................


WIND (MPH)
  HIGHEST WIND SPEED    18   HIGHEST WIND DIRECTION    SW (240)
  HIGHEST GUST SPEED    35   HIGHEST GUST DIRECTION     W (290)
  AVERAGE WIND SPEED    11.3


SKY COVER
  POSSIBLE SUNSHINE  MM
  AVERAGE SKY COVER 0.5


WEATHER CONDITIONS
 THE FOLLOWING WEATHER WAS RECORDED TODAY.
  HEAVY RAIN
  LIGHT RAIN
  FOG


RELATIVE HUMIDITY (PERCENT)
 HIGHEST    93           400 AM
 LOWEST     67           100 PM
 AVERAGE    80

..........................................................


THE BOWLING GREEN CLIMATE NORMALS FOR TOMORROW
                         NORMAL    RECORD    YEAR
 MAXIMUM TEMPERATURE (F)   71        89      1947
                                             1920
 MINIMUM TEMPERATURE (F)   46        30      1945


SUNRISE AND SUNSET
OCTOBER 15 2017.......SUNRISE   654 AM CDT   SUNSET   609 PM CDT
OCTOBER 16 2017.......SUNRISE   655 AM CDT   SUNSET   607 PM CDT


-  INDICATES NEGATIVE NUMBERS.
R  INDICATES RECORD WAS SET OR TIED.
MM INDICATES DATA IS MISSING.
T  INDICATES TRACE AMOUNT.




$$
