000
CDUS43 KLMK 150626
CLIBWG


CLIMATE REPORT
NATIONAL WEATHER SERVICE LOUISVILLE KY
225 AM EDT SUN MAY 15 2016


...................................

...THE BOWLING GREEN KY CLIMATE SUMMARY FOR MAY 14 2016...

CLIMATE NORMAL PERIOD 1981 TO 2010
CLIMATE RECORD PERIOD 1870 TO 2016


WEATHER ITEM   OBSERVED TIME   RECORD YEAR NORMAL DEPARTURE LAST
                VALUE   (LST)  VALUE       VALUE  FROM      YEAR
                                                  NORMAL
..................................................................
TEMPERATURE (F)
 YESTERDAY
  MAXIMUM         62    520 AM  96    1916  77    -15       79
  MINIMUM         43   1138 PM  37    1910  54    -11       50
  AVERAGE         53                        66    -13       65

PRECIPITATION (IN)
  YESTERDAY        T             2.98 1967   0.20  -0.20     0.00
  MONTH TO DATE    2.30                      2.62  -0.32     0.08
  SINCE MAR 1      7.65                     11.37  -3.72    15.43
  SINCE JAN 1     14.23                     18.94  -4.71    21.31

SNOWFALL (IN)
  YESTERDAY       MM             0.0    MM   0.0   MM        0.0
  MONTH TO DATE    0.0                       0.0    0.0      0.0
  SINCE MAR 1      T                         1.3   -1.3      7.2
  SINCE JUL 1     24.0                       9.1   14.9     23.5
  SNOW DEPTH       0

DEGREE DAYS
 HEATING
  YESTERDAY       12                         3      9        0
  MONTH TO DATE   44                        49     -5       19
  SINCE MAR 1    581                       820   -239      731
  SINCE JUL 1   3181                      4018   -837     4266

 COOLING
  YESTERDAY        0                         3     -3        0
  MONTH TO DATE   48                        34     14       63
  SINCE MAR 1     92                        70     22       98
  SINCE JAN 1     92                        70     22       98
..................................................................


WIND (MPH)
  HIGHEST WIND SPEED    20   HIGHEST WIND DIRECTION    NW (320)
  HIGHEST GUST SPEED    29   HIGHEST GUST DIRECTION    NW (320)
  AVERAGE WIND SPEED     7.4


SKY COVER
  POSSIBLE SUNSHINE  MM
  AVERAGE SKY COVER 0.5


WEATHER CONDITIONS
 THE FOLLOWING WEATHER WAS RECORDED YESTERDAY.
  LIGHT RAIN
  FOG


RELATIVE HUMIDITY (PERCENT)
 HIGHEST    83           700 AM
 LOWEST     46           600 PM
 AVERAGE    65

..........................................................


THE BOWLING GREEN KY CLIMATE NORMALS FOR TODAY
                         NORMAL    RECORD    YEAR
 MAXIMUM TEMPERATURE (F)   77        92      1962
                                             1900
 MINIMUM TEMPERATURE (F)   55        36      1904


SUNRISE AND SUNSET
MAY 15 2016...........SUNRISE   537 AM CDT   SUNSET   747 PM CDT
MAY 16 2016...........SUNRISE   537 AM CDT   SUNSET   748 PM CDT


-  INDICATES NEGATIVE NUMBERS.
R  INDICATES RECORD WAS SET OR TIED.
MM INDICATES DATA IS MISSING.
T  INDICATES TRACE AMOUNT.




$$
