000
CDUS43 KLMK 180632
CLIBWG


CLIMATE REPORT
NATIONAL WEATHER SERVICE LOUISVILLE KY
228 AM EDT MON APR 18 2016


...................................

...THE BOWLING GREEN KY CLIMATE SUMMARY FOR APRIL 17 2016...

CLIMATE NORMAL PERIOD 1981 TO 2010
CLIMATE RECORD PERIOD 1870 TO 2016


WEATHER ITEM   OBSERVED TIME   RECORD YEAR NORMAL DEPARTURE LAST
                VALUE   (LST)  VALUE       VALUE  FROM      YEAR
                                                  NORMAL
..................................................................
TEMPERATURE (F)
 YESTERDAY
  MAXIMUM         81    402 PM  90    1955  70     11       75
                                      1914
                                      1909
  MINIMUM         45    530 AM  18    1875  46     -1       55
  AVERAGE         63                        58      5       65

PRECIPITATION (IN)
  YESTERDAY        0.00          1.20 1982   0.14  -0.14     0.00
  MONTH TO DATE    0.59                      2.30  -1.71     7.16
  SINCE MAR 1      4.41                      6.71  -2.30    13.43
  SINCE JAN 1     10.99                     14.28  -3.29    19.31

SNOWFALL (IN)
  YESTERDAY        0.0           0.0    MM   0.0    0.0      0.0
  MONTH TO DATE    0.0                       0.2   -0.2      0.0
  SINCE MAR 1      T                         1.3   -1.3      7.2
  SINCE JUL 1     24.0                       9.1   14.9     23.5
  SNOW DEPTH       0

DEGREE DAYS
 HEATING
  YESTERDAY        2                         8     -6        0
  MONTH TO DATE  180                       171      9       74
  SINCE MAR 1    529                       691   -162      614
  SINCE JUL 1   3129                      3889   -760     4149

 COOLING
  YESTERDAY        0                         1     -1        0
  MONTH TO DATE    2                        16    -14       28
  SINCE MAR 1      3                        21    -18       28
  SINCE JAN 1      3                        21    -18       28
..................................................................


WIND (MPH)
  HIGHEST WIND SPEED    12   HIGHEST WIND DIRECTION     E (90)
  HIGHEST GUST SPEED    16   HIGHEST GUST DIRECTION     E (100)
  AVERAGE WIND SPEED     2.4


SKY COVER
  POSSIBLE SUNSHINE  MM
  AVERAGE SKY COVER 0.0


WEATHER CONDITIONS
 THE FOLLOWING WEATHER WAS RECORDED YESTERDAY.
  NO SIGNIFICANT WEATHER WAS OBSERVED.


RELATIVE HUMIDITY (PERCENT)
 HIGHEST    93           500 AM
 LOWEST     28           400 PM
 AVERAGE    61

..........................................................


THE BOWLING GREEN KY CLIMATE NORMALS FOR TODAY
                         NORMAL    RECORD    YEAR
 MAXIMUM TEMPERATURE (F)   71        90      1917
                                             1909
 MINIMUM TEMPERATURE (F)   46        20      1875


SUNRISE AND SUNSET
APRIL 18 2016.........SUNRISE   607 AM CDT   SUNSET   724 PM CDT
APRIL 19 2016.........SUNRISE   606 AM CDT   SUNSET   724 PM CDT


-  INDICATES NEGATIVE NUMBERS.
R  INDICATES RECORD WAS SET OR TIED.
MM INDICATES DATA IS MISSING.
T  INDICATES TRACE AMOUNT.

$$

SCHOETTMER
