000
CDUS43 KLMK 132031
CLIBWG


CLIMATE REPORT
NATIONAL WEATHER SERVICE LOUISVILLE KY
430 PM EDT WED AUG 13 2014


...................................

...THE BOWLING GREEN CLIMATE SUMMARY FOR AUGUST 13 2014...
VALID TODAY AS OF 0400 PM LOCAL TIME.

CLIMATE NORMAL PERIOD 1981 TO 2010
CLIMATE RECORD PERIOD 1870 TO 2014


WEATHER ITEM   OBSERVED TIME   RECORD YEAR NORMAL DEPARTURE LAST
                VALUE   (LST)  VALUE       VALUE  FROM      YEAR
                                                  NORMAL
..................................................................
TEMPERATURE (F)
 TODAY
  MAXIMUM         78    216 PM 110    1881  89    -11       83
  MINIMUM         59    436 AM  50    1964  67     -8       66
  AVERAGE         69                        78     -9       75

PRECIPITATION (IN)
  TODAY            0.00          1.75 1941   0.10  -0.10     0.00
  MONTH TO DATE    4.60                      1.28   3.32     3.49
  SINCE JUN 1      8.85                      9.58  -0.73    15.53
  SINCE JAN 1     29.43                     31.51  -2.08    40.06

SNOWFALL (IN)
  TODAY            0.0           0.0    MM   0.0    0.0      0.0
  MONTH TO DATE    0.0                       0.0    0.0      0.0
  SINCE JUN 1      0.0                       0.0    0.0      0.0
  SINCE JUL 1      0.0                       0.0    0.0      0.0
  SNOW DEPTH       0

DEGREE DAYS
 HEATING
  TODAY            0                         0      0        0
  MONTH TO DATE    0                         0      0        0
  SINCE JUN 1      0                         5     -5        0
  SINCE JUL 1      0                         0      0        0

 COOLING
  TODAY            4                        13     -9       10
  MONTH TO DATE  157                       170    -13      155
  SINCE JUN 1    823                       898    -75      845
  SINCE JAN 1   1020                      1051    -31     1058
..................................................................


WIND (MPH)
  HIGHEST WIND SPEED    12   HIGHEST WIND DIRECTION    NE (40)
  HIGHEST GUST SPEED    16   HIGHEST GUST DIRECTION    NE (40)
  AVERAGE WIND SPEED     3.5


SKY COVER
  POSSIBLE SUNSHINE  MM
  AVERAGE SKY COVER 0.2


WEATHER CONDITIONS
 THE FOLLOWING WEATHER WAS RECORDED TODAY.
  NO SIGNIFICANT WEATHER WAS OBSERVED.


RELATIVE HUMIDITY (PERCENT)
 HIGHEST    84           100 AM
 LOWEST     42           200 PM
 AVERAGE    63

..........................................................


THE BOWLING GREEN CLIMATE NORMALS FOR TOMORROW
                         NORMAL    RECORD    YEAR
 MAXIMUM TEMPERATURE (F)   89       103      1918
 MINIMUM TEMPERATURE (F)   67        49      2004


SUNRISE AND SUNSET
AUGUST 13 2014........SUNRISE   601 AM CDT   SUNSET   740 PM CDT
AUGUST 14 2014........SUNRISE   602 AM CDT   SUNSET   738 PM CDT


-  INDICATES NEGATIVE NUMBERS.
R  INDICATES RECORD WAS SET OR TIED.
MM INDICATES DATA IS MISSING.
T  INDICATES TRACE AMOUNT.




$$
