000
CDUS43 KLMK 060631
CLIBWG


CLIMATE REPORT
NATIONAL WEATHER SERVICE LOUISVILLE KY
131 AM EST SAT FEB 6 2016


...................................

...THE BOWLING GREEN KY CLIMATE SUMMARY FOR FEBRUARY 5 2016...

CLIMATE NORMAL PERIOD 1981 TO 2010
CLIMATE RECORD PERIOD 1870 TO 2016


WEATHER ITEM   OBSERVED TIME   RECORD YEAR NORMAL DEPARTURE LAST
                VALUE   (LST)  VALUE       VALUE  FROM      YEAR
                                                  NORMAL
..................................................................
TEMPERATURE (F)
 YESTERDAY
  MAXIMUM         47    351 PM  75    1927  47      0       34
  MINIMUM         21    522 AM  -3    1917  28     -7       18
  AVERAGE         34                        38     -4       26

PRECIPITATION (IN)
  YESTERDAY        0.00          2.24 1955   0.14  -0.14      T
  MONTH TO DATE    1.77                      0.73   1.04     1.00
  SINCE DEC 1      8.81                      9.14  -0.33     4.57
  SINCE JAN 1      3.58                      4.34  -0.76     2.88

SNOWFALL (IN)
  YESTERDAY        0.0           4.0  1984   0.2   -0.2       T
  MONTH TO DATE    0.0                       0.8   -0.8       T
  SINCE DEC 1     14.8                       5.3    9.5      3.4
  SINCE JUL 1     14.8                       5.3    9.5      3.7
  SNOW DEPTH       0

DEGREE DAYS
 HEATING
  YESTERDAY       31                        27      4       39
  MONTH TO DATE   99                       139    -40      146
  SINCE DEC 1   1484                      1868   -384     1794
  SINCE JUL 1   2022                      2631   -609     2691

 COOLING
  YESTERDAY        0                         0      0        0
  MONTH TO DATE    0                         0      0        0
  SINCE DEC 1      2                         1      1        0
  SINCE JAN 1      0                         0      0        0
..................................................................


WIND (MPH)
  HIGHEST WIND SPEED    14   HIGHEST WIND DIRECTION    SW (210)
  HIGHEST GUST SPEED    17   HIGHEST GUST DIRECTION     S (170)
  AVERAGE WIND SPEED     3.7


SKY COVER
  POSSIBLE SUNSHINE  MM
  AVERAGE SKY COVER 0.0


WEATHER CONDITIONS
 THE FOLLOWING WEATHER WAS RECORDED YESTERDAY.
  NO SIGNIFICANT WEATHER WAS OBSERVED.


RELATIVE HUMIDITY (PERCENT)
 HIGHEST    92           600 AM
 LOWEST     31           200 PM
 AVERAGE    62

..........................................................


THE BOWLING GREEN KY CLIMATE NORMALS FOR TODAY
                         NORMAL    RECORD    YEAR
 MAXIMUM TEMPERATURE (F)   48        69      2008
                                             1925
 MINIMUM TEMPERATURE (F)   28        -2      1886


SUNRISE AND SUNSET
FEBRUARY  6 2016......SUNRISE   644 AM CST   SUNSET   516 PM CST
FEBRUARY  7 2016......SUNRISE   643 AM CST   SUNSET   517 PM CST


-  INDICATES NEGATIVE NUMBERS.
R  INDICATES RECORD WAS SET OR TIED.
MM INDICATES DATA IS MISSING.
T  INDICATES TRACE AMOUNT.




$$
