000
CDUS43 KLMK 150627
CLIBWG


CLIMATE REPORT
NATIONAL WEATHER SERVICE LOUISVILLE KY
126 AM EST WED FEB 15 2017


...................................

...THE BOWLING GREEN KY CLIMATE SUMMARY FOR FEBRUARY 14 2017...

CLIMATE NORMAL PERIOD 1981 TO 2010
CLIMATE RECORD PERIOD 1870 TO 2017


WEATHER ITEM   OBSERVED TIME   RECORD YEAR NORMAL DEPARTURE LAST
                VALUE   (LST)  VALUE       VALUE  FROM      YEAR
                                                  NORMAL
..................................................................
TEMPERATURE (F)
 YESTERDAY
  MAXIMUM         47    300 PM  76    1921  50     -3       32
  MINIMUM         31   1251 AM  -6    1899  29      2       23
  AVERAGE         39                        40     -1       28

PRECIPITATION (IN)
  YESTERDAY        0.36          2.93 1989   0.14   0.22     0.38
  MONTH TO DATE    2.04                      2.02   0.02     2.27
  SINCE DEC 1     11.84                     10.43   1.41     9.31
  SINCE JAN 1      6.20                      5.63   0.57     4.08

SNOWFALL (IN)
  YESTERDAY        0.0           6.4  1986   0.1   -0.1      5.5
  MONTH TO DATE    0.0                       2.0   -2.0      8.9
  SINCE DEC 1      0.7                       6.5   -5.8     23.7
  SINCE JUL 1      0.7                       6.5   -5.8     23.7
  SNOW DEPTH       0

DEGREE DAYS
 HEATING
  YESTERDAY       26                        26      0       37
  MONTH TO DATE  293                       377    -84      407
  SINCE DEC 1   1728                      2106   -378     1792
  SINCE JUL 1   2214                      2869   -655     2330

 COOLING
  YESTERDAY        0                         0      0        0
  MONTH TO DATE    0                         0      0        0
  SINCE DEC 1      0                         1     -1        2
  SINCE JAN 1      0                         0      0        0
..................................................................


WIND (MPH)
  HIGHEST WIND SPEED    13   HIGHEST WIND DIRECTION     S (200)
  HIGHEST GUST SPEED    14   HIGHEST GUST DIRECTION     S (200)
  AVERAGE WIND SPEED     3.5


SKY COVER
  POSSIBLE SUNSHINE  MM
  AVERAGE SKY COVER 0.9


WEATHER CONDITIONS
 THE FOLLOWING WEATHER WAS RECORDED YESTERDAY.
  RAIN
  LIGHT RAIN
  FOG


RELATIVE HUMIDITY (PERCENT)
 HIGHEST    93           900 PM
 LOWEST     60           700 AM
 AVERAGE    77

..........................................................


THE BOWLING GREEN KY CLIMATE NORMALS FOR TODAY
                         NORMAL    RECORD    YEAR
 MAXIMUM TEMPERATURE (F)   50        77      1945
 MINIMUM TEMPERATURE (F)   30         2      1905


SUNRISE AND SUNSET
FEBRUARY 15 2017......SUNRISE   634 AM CST   SUNSET   526 PM CST
FEBRUARY 16 2017......SUNRISE   633 AM CST   SUNSET   527 PM CST


-  INDICATES NEGATIVE NUMBERS.
R  INDICATES RECORD WAS SET OR TIED.
MM INDICATES DATA IS MISSING.
T  INDICATES TRACE AMOUNT.




$$
