000
CDUS43 KLMK 162029
CLIBWG


CLIMATE REPORT
NATIONAL WEATHER SERVICE LOUISVILLE KY
429 PM EDT THU OCT 16 2014


...................................

...THE BOWLING GREEN CLIMATE SUMMARY FOR OCTOBER 16 2014...
VALID TODAY AS OF 0400 PM LOCAL TIME.

CLIMATE NORMAL PERIOD 1981 TO 2010
CLIMATE RECORD PERIOD 1870 TO 2014


WEATHER ITEM   OBSERVED TIME   RECORD YEAR NORMAL DEPARTURE LAST
                VALUE   (LST)  VALUE       VALUE  FROM      YEAR
                                                  NORMAL
..................................................................
TEMPERATURE (F)
 TODAY
  MAXIMUM         61    200 PM  89    1947  71    -10       68
                                      1920
  MINIMUM         53        MM  30    1945  46      7       58
  AVERAGE         57                        59     -2       63

PRECIPITATION (IN)
  TODAY            0.00          2.16 1975   0.10  -0.10     0.26
  MONTH TO DATE    4.98                      1.73   3.25     2.33
  SINCE SEP 1      5.35                      5.66  -0.31     7.42
  SINCE JAN 1     41.51                     39.22   2.29    50.12

SNOWFALL (IN)
  TODAY            0.0           0.0    MM   0.0    0.0      0.0
  MONTH TO DATE    0.0                       0.0    0.0      0.0
  SINCE SEP 1      0.0                       0.0    0.0      0.0
  SINCE JUL 1      0.0                       0.0    0.0      0.0
  SNOW DEPTH       0

DEGREE DAYS
 HEATING
  TODAY            8                         7      1        2
  MONTH TO DATE   57                        87    -30       30
  SINCE SEP 1     81                       122    -41       42
  SINCE JUL 1     81                       123    -42       42

 COOLING
  TODAY            0                         1     -1        0
  MONTH TO DATE   29                        25      4       43
  SINCE SEP 1    208                       211     -3      235
  SINCE JAN 1   1485                      1480      5     1495
..................................................................


WIND (MPH)
  HIGHEST WIND SPEED    10   HIGHEST WIND DIRECTION     W (260)
  HIGHEST GUST SPEED    MM   HIGHEST GUST DIRECTION    MM
  AVERAGE WIND SPEED     7.8


SKY COVER
  POSSIBLE SUNSHINE  MM
  AVERAGE SKY COVER 1.0


WEATHER CONDITIONS
 THE FOLLOWING WEATHER WAS RECORDED TODAY.
  NO SIGNIFICANT WEATHER WAS OBSERVED.


RELATIVE HUMIDITY (PERCENT)
 HIGHEST    89          1200 AM
 LOWEST     64           100 PM
 AVERAGE    77

..........................................................


THE BOWLING GREEN CLIMATE NORMALS FOR TOMORROW
                         NORMAL    RECORD    YEAR
 MAXIMUM TEMPERATURE (F)   71        90      1917
 MINIMUM TEMPERATURE (F)   46        29      1948


SUNRISE AND SUNSET
OCTOBER 16 2014.......SUNRISE   654 AM CDT   SUNSET   608 PM CDT
OCTOBER 17 2014.......SUNRISE   655 AM CDT   SUNSET   606 PM CDT


-  INDICATES NEGATIVE NUMBERS.
R  INDICATES RECORD WAS SET OR TIED.
MM INDICATES DATA IS MISSING.
T  INDICATES TRACE AMOUNT.




$$
