000
CDUS43 KLMK 122027 RRB
CLIBWG

CLIMATE REPORT
NATIONAL WEATHER SERVICE LOUISVILLE KY
426 PM EDT MON SEP 12 2016


...................................

...THE BOWLING GREEN CLIMATE SUMMARY FOR SEPTEMBER 12 2016...
VALID TODAY AS OF 0400 PM LOCAL TIME.

CLIMATE NORMAL PERIOD 1981 TO 2010
CLIMATE RECORD PERIOD 1870 TO 2016


WEATHER ITEM   OBSERVED TIME   RECORD YEAR NORMAL DEPARTURE LAST
                VALUE   (LST)  VALUE       VALUE  FROM      YEAR
                                                  NORMAL
..................................................................
TEMPERATURE (F)
 TODAY
  MAXIMUM         85    200 PM  98    1939  84      1       73
  MINIMUM         54    544 AM  42    1940  60     -6       54
  AVERAGE         70                        72     -2       64

PRECIPITATION (IN)
  TODAY            0.00          1.20 1938   0.14  -0.14      T
  MONTH TO DATE    0.03                      1.57  -1.54     0.71
  SINCE SEP 1      0.03                      1.57  -1.54     0.71
  SINCE JAN 1     37.95                     35.13   2.82    35.75

SNOWFALL (IN)
  TODAY            0.0           0.0    MM   0.0    0.0      0.0
  MONTH TO DATE    0.0                       0.0    0.0      0.0
  SINCE SEP 1      0.0                       0.0    0.0      0.0
  SINCE JUL 1      0.0                       0.0    0.0      0.0
  SNOW DEPTH       0

DEGREE DAYS
 HEATING
  TODAY            0                         0      0        1
  MONTH TO DATE    0                         0      0        1
  SINCE SEP 1      0                         0      0        1
  SINCE JUL 1      0                         1     -1        1

 COOLING
  TODAY            5                         7     -2        0
  MONTH TO DATE  141                       104     37      159
  SINCE SEP 1    141                       104     37      159
  SINCE JAN 1   1700                      1373    327     1540
..................................................................


WIND (MPH)
  HIGHEST WIND SPEED     7   HIGHEST WIND DIRECTION     E (110)
  HIGHEST GUST SPEED    11   HIGHEST GUST DIRECTION     S (160)
  AVERAGE WIND SPEED     1.4


SKY COVER
  POSSIBLE SUNSHINE  MM
  AVERAGE SKY COVER 0.0


WEATHER CONDITIONS
 THE FOLLOWING WEATHER WAS RECORDED TODAY.
  FOG


RELATIVE HUMIDITY (PERCENT)
 HIGHEST   100           100 AM
 LOWEST     37           200 PM
 AVERAGE    69

..........................................................


THE BOWLING GREEN CLIMATE NORMALS FOR TOMORROW
                         NORMAL    RECORD    YEAR
 MAXIMUM TEMPERATURE (F)   83       100      1939
                                             1927
 MINIMUM TEMPERATURE (F)   59        36      1902


SUNRISE AND SUNSET
SEPTEMBER 12 2016.....SUNRISE   626 AM CDT   SUNSET   657 PM CDT
SEPTEMBER 13 2016.....SUNRISE   627 AM CDT   SUNSET   656 PM CDT


-  INDICATES NEGATIVE NUMBERS.
R  INDICATES RECORD WAS SET OR TIED.
MM INDICATES DATA IS MISSING.
T  INDICATES TRACE AMOUNT.




$$
