000
CDUS43 KLMK 302131
CLIBWG


CLIMATE REPORT
NATIONAL WEATHER SERVICE LOUISVILLE KY
431 PM EST THU NOV 30 2017


...................................

...THE BOWLING GREEN CLIMATE SUMMARY FOR NOVEMBER 30 2017...
VALID TODAY AS OF 0400 PM LOCAL TIME.

CLIMATE NORMAL PERIOD 1981 TO 2010
CLIMATE RECORD PERIOD 1870 TO 2017


WEATHER ITEM   OBSERVED TIME   RECORD YEAR NORMAL DEPARTURE LAST
                VALUE   (LST)  VALUE       VALUE  FROM      YEAR
                                                  NORMAL
..................................................................
TEMPERATURE (F)
 TODAY
  MAXIMUM         61    256 PM  76    2006  53      8       59
  MINIMUM         42   1236 AM   4    1929  33      9       40
  AVERAGE         52                        43      9       50

PRECIPITATION (IN)
  TODAY            0.05          1.31 2004   0.16  -0.11     0.24
                                      1975
  MONTH TO DATE    1.96                      4.22  -2.26     1.91
  SINCE SEP 1     11.90                     11.53   0.37     4.04
  SINCE JAN 1     48.98                     45.09   3.89    41.96

SNOWFALL (IN)
  TODAY            0.0           0.6  1964   0.0    0.0      0.0
  MONTH TO DATE    0.0                       0.0    0.0      0.0
  SINCE SEP 1      T                         T      0.0      0.0
  SINCE JUL 1      T                         T      0.0      0.0
  SNOW DEPTH       0

DEGREE DAYS
 HEATING
  TODAY           13                        22     -9       15
  MONTH TO DATE  477                       500    -23      400
  SINCE SEP 1    697                       762    -65      486
  SINCE JUL 1    697                       763    -66      486

 COOLING
  TODAY            0                         0      0        0
  MONTH TO DATE   12                         3      9       15
  SINCE SEP 1    248                       222     26      420
  SINCE JAN 1   1600                      1491    109     1979
..................................................................


WIND (MPH)
  HIGHEST WIND SPEED     9   HIGHEST WIND DIRECTION     W (290)
  HIGHEST GUST SPEED    13   HIGHEST GUST DIRECTION     W (280)
  AVERAGE WIND SPEED     1.5


SKY COVER
  POSSIBLE SUNSHINE  MM
  AVERAGE SKY COVER 0.9


WEATHER CONDITIONS
 THE FOLLOWING WEATHER WAS RECORDED TODAY.
  LIGHT RAIN
  FOG


RELATIVE HUMIDITY (PERCENT)
 HIGHEST    93           700 AM
 LOWEST     76           100 AM
 AVERAGE    85

..........................................................


THE BOWLING GREEN CLIMATE NORMALS FOR TOMORROW
                         NORMAL    RECORD    YEAR
 MAXIMUM TEMPERATURE (F)   53        71      1933
 MINIMUM TEMPERATURE (F)   33        14      1964


SUNRISE AND SUNSET
NOVEMBER 30 2017......SUNRISE   639 AM CST   SUNSET   429 PM CST
DECEMBER  1 2017......SUNRISE   640 AM CST   SUNSET   429 PM CST


-  INDICATES NEGATIVE NUMBERS.
R  INDICATES RECORD WAS SET OR TIED.
MM INDICATES DATA IS MISSING.
T  INDICATES TRACE AMOUNT.




$$
