916
CDUS43 KLMK 292137
CLIBWG

CLIMATE REPORT
NATIONAL WEATHER SERVICE LOUISVILLE KY
436 PM EST FRI JAN 29 2016


...................................

...THE BOWLING GREEN CLIMATE SUMMARY FOR JANUARY 29 2016...
VALID TODAY AS OF 0400 PM LOCAL TIME.

CLIMATE NORMAL PERIOD 1981 TO 2010
CLIMATE RECORD PERIOD 1870 TO 2016


WEATHER ITEM   OBSERVED TIME   RECORD YEAR NORMAL DEPARTURE LAST
                VALUE   (LST)  VALUE       VALUE  FROM      YEAR
                                                  NORMAL
..................................................................
TEMPERATURE (F)
 TODAY
  MAXIMUM         48    300 PM  74    1975  46      2       61
  MINIMUM         29        MM  -4    1977  27      2       36
                                      1966
  AVERAGE         39                        36      3       49

PRECIPITATION (IN)
  TODAY            0.00          4.75 1956   0.12  -0.12     0.04
  MONTH TO DATE    1.79                      3.34  -1.55     1.88
  SINCE DEC 1      7.02                      8.14  -1.12     3.57
  SINCE JAN 1      1.79                      3.34  -1.55     1.88

SNOWFALL (IN)
  TODAY            0.0           4.0  1895   0.1   -0.1      0.0
  MONTH TO DATE   14.8                       3.0   11.8      3.4
  SINCE DEC 1     14.8                       4.2   10.6      3.4
  SINCE JUL 1     14.8                       4.2   10.6      3.7
  SNOW DEPTH       T

DEGREE DAYS
 HEATING
  TODAY           26                        29     -3       16
  MONTH TO DATE  925                       854     71      870
  SINCE DEC 1   1366                      1675   -309     1586
  SINCE JUL 1   1904                      2438   -534     2483

 COOLING
  TODAY            0                         0      0        0
  MONTH TO DATE    0                         0      0        0
  SINCE DEC 1      2                         1      1        0
  SINCE JAN 1      0                         0      0        0
..................................................................


WIND (MPH)
  HIGHEST WIND SPEED    10   HIGHEST WIND DIRECTION    NW (310)
  HIGHEST GUST SPEED    MM   HIGHEST GUST DIRECTION    MM
  AVERAGE WIND SPEED     4.6


SKY COVER
  POSSIBLE SUNSHINE  MM
  AVERAGE SKY COVER  MM


WEATHER CONDITIONS
 THE FOLLOWING WEATHER WAS RECORDED TODAY.
  NO SIGNIFICANT WEATHER WAS OBSERVED.


RELATIVE HUMIDITY (PERCENT)
 HIGHEST     0          1200 AM
 LOWEST      0          1200 AM
 AVERAGE     0

..........................................................


THE BOWLING GREEN CLIMATE NORMALS FOR TOMORROW
                         NORMAL    RECORD    YEAR
 MAXIMUM TEMPERATURE (F)   46        72      2013
 MINIMUM TEMPERATURE (F)   27       -11      1966


SUNRISE AND SUNSET
JANUARY 29 2016.......SUNRISE   651 AM CST   SUNSET   507 PM CST
JANUARY 30 2016.......SUNRISE   650 AM CST   SUNSET   508 PM CST


-  INDICATES NEGATIVE NUMBERS.
R  INDICATES RECORD WAS SET OR TIED.
MM INDICATES DATA IS MISSING.
T  INDICATES TRACE AMOUNT.




$$
