000
CDUS43 KLMK 182031
CLIBWG


CLIMATE REPORT
NATIONAL WEATHER SERVICE LOUISVILLE KY
430 PM EDT SAT MAR 18 2017


...................................

...THE BOWLING GREEN CLIMATE SUMMARY FOR MARCH 18 2017...
VALID TODAY AS OF 0400 PM LOCAL TIME.

CLIMATE NORMAL PERIOD 1981 TO 2010
CLIMATE RECORD PERIOD 1870 TO 2017


WEATHER ITEM   OBSERVED TIME   RECORD YEAR NORMAL DEPARTURE LAST
                VALUE   (LST)  VALUE       VALUE  FROM      YEAR
                                                  NORMAL
..................................................................
TEMPERATURE (F)
 TODAY
  MAXIMUM         57    202 PM  87    1908  61     -4       68
  MINIMUM         51    703 AM  14    1902  38     13       36
  AVERAGE         54                        49      5       52

PRECIPITATION (IN)
  TODAY            0.00          3.00 1919   0.14  -0.14     0.00
  MONTH TO DATE    2.40                      2.48  -0.08     1.74
  SINCE MAR 1      2.40                      2.48  -0.08     1.74
  SINCE JAN 1      8.98                     10.05  -1.07     8.32

SNOWFALL (IN)
  TODAY            0.0           0.7  1949   0.0    0.0      0.0
  MONTH TO DATE    T                         0.6   -0.6      0.0
  SINCE MAR 1      T                         0.6   -0.6      0.0
  SINCE JUL 1      0.7                       8.4   -7.7     24.0
  SNOW DEPTH       0

DEGREE DAYS
 HEATING
  TODAY           11                        16     -5       13
  MONTH TO DATE  347                       337     10      188
  SINCE MAR 1    347                       337     10      188
  SINCE JUL 1   2728                      3535   -807     2788

 COOLING
  TODAY            0                         0      0        0
  MONTH TO DATE    0                         0      0        0
  SINCE MAR 1      0                         0      0        0
  SINCE JAN 1      4                         0      4        0
..................................................................


WIND (MPH)
  HIGHEST WIND SPEED   203   HIGHEST WIND DIRECTION     W (280)
  HIGHEST GUST SPEED    31   HIGHEST GUST DIRECTION    NW (330)
  AVERAGE WIND SPEED     7.3


SKY COVER
  POSSIBLE SUNSHINE  MM
  AVERAGE SKY COVER 0.4


WEATHER CONDITIONS
 THE FOLLOWING WEATHER WAS RECORDED TODAY.
  FOG


RELATIVE HUMIDITY (PERCENT)
 HIGHEST    93          1200 AM
 LOWEST     38           100 PM
 AVERAGE    66

..........................................................


THE BOWLING GREEN CLIMATE NORMALS FOR TOMORROW
                         NORMAL    RECORD    YEAR
 MAXIMUM TEMPERATURE (F)   61        86      1907
 MINIMUM TEMPERATURE (F)   38         8      1892


SUNRISE AND SUNSET
MARCH 18 2017.........SUNRISE   652 AM CDT   SUNSET   656 PM CDT
MARCH 19 2017.........SUNRISE   650 AM CDT   SUNSET   657 PM CDT


-  INDICATES NEGATIVE NUMBERS.
R  INDICATES RECORD WAS SET OR TIED.
MM INDICATES DATA IS MISSING.
T  INDICATES TRACE AMOUNT.




$$
