000
CDUS43 KLMK 040631
CLIBWG

CLIMATE REPORT
NATIONAL WEATHER SERVICE LOUISVILLE KY
228 AM EDT FRI APR 4 2014


...................................

...THE BOWLING GREEN KY CLIMATE SUMMARY FOR APRIL 3 2014...

CLIMATE NORMAL PERIOD 1981 TO 2010
CLIMATE RECORD PERIOD 1870 TO 2014


WEATHER ITEM   OBSERVED TIME   RECORD YEAR NORMAL DEPARTURE LAST
                VALUE   (LST)  VALUE       VALUE  FROM      YEAR
                                                  NORMAL
..................................................................
TEMPERATURE (F)
 YESTERDAY
  MAXIMUM         75   1125 AM  85    1934  66      9       55
                                      1940
  MINIMUM         61    336 AM  25    1992  42     19       31
  AVERAGE         68                        54     14       43

PRECIPITATION (IN)
  YESTERDAY        0.74          1.80 2008   0.13   0.61     0.00
  MONTH TO DATE    1.42                      0.40   1.02     0.00
  SINCE MAR 1      5.15                      4.81   0.34     5.21
  SINCE JAN 1     12.32                     12.38  -0.06    12.90

SNOWFALL (IN)
  YESTERDAY        0.0           0.3  1936   0.0    0.0      0.0
  MONTH TO DATE    0.0                       0.0    0.0      0.0
  SINCE MAR 1      5.1                       1.1    4.0      2.5
  SINCE JUL 1     10.4                       8.9    1.5      3.8
  SNOW DEPTH       0

DEGREE DAYS
 HEATING
  YESTERDAY        0                        12    -12       22
  MONTH TO DATE    0                        36    -36       61
  SINCE MAR 1    653                       556     97      738
  SINCE JUL 1   4262                      3754    508     3633

 COOLING
  YESTERDAY        3                         1      2        0
  MONTH TO DATE    3                         2      1        0
  SINCE MAR 1      3                         7     -4        0
  SINCE JAN 1      3                         7     -4        0
..................................................................


WIND (MPH)
  HIGHEST WIND SPEED    25   HIGHEST WIND DIRECTION     S (200)
  HIGHEST GUST SPEED    33   HIGHEST GUST DIRECTION    SW (210)
  AVERAGE WIND SPEED    11.5


SKY COVER
  POSSIBLE SUNSHINE  MM
  AVERAGE SKY COVER 0.9


WEATHER CONDITIONS
 THE FOLLOWING WEATHER WAS RECORDED YESTERDAY.
  THUNDERSTORM
  HEAVY RAIN
  RAIN
  LIGHT RAIN
  FOG


RELATIVE HUMIDITY (PERCENT)
 HIGHEST    93           700 PM
 LOWEST     64          1100 AM
 AVERAGE    79

..........................................................


THE BOWLING GREEN KY CLIMATE NORMALS FOR TODAY
                         NORMAL    RECORD    YEAR
 MAXIMUM TEMPERATURE (F)   66        86      1909
                                             1934
 MINIMUM TEMPERATURE (F)   42        26      1904


SUNRISE AND SUNSET
APRIL  4 2014.........SUNRISE   627 AM CDT   SUNSET   711 PM CDT
APRIL  5 2014.........SUNRISE   626 AM CDT   SUNSET   712 PM CDT


-  INDICATES NEGATIVE NUMBERS.
R  INDICATES RECORD WAS SET OR TIED.
MM INDICATES DATA IS MISSING.
T  INDICATES TRACE AMOUNT.




$$
