000
CDUS43 KLMK 042131
CLIBWG


CLIMATE REPORT
NATIONAL WEATHER SERVICE LOUISVILLE KY
430 PM EST SUN FEB 4 2018


...................................

...THE BOWLING GREEN CLIMATE SUMMARY FOR FEBRUARY 4 2018...
VALID TODAY AS OF 0400 PM LOCAL TIME.

CLIMATE NORMAL PERIOD 1981 TO 2010
CLIMATE RECORD PERIOD 1870 TO 2018


WEATHER ITEM   OBSERVED TIME   RECORD YEAR NORMAL DEPARTURE LAST
                VALUE   (LST)  VALUE       VALUE  FROM      YEAR
                                                  NORMAL
..................................................................
TEMPERATURE (F)
 TODAY
  MAXIMUM         50    131 PM  72    1962  47      3       47
  MINIMUM         36    348 AM -10    1886  28      8       15
  AVERAGE         43                        37      6       31

PRECIPITATION (IN)
  TODAY            0.41          2.56 2014   0.15   0.26     0.00
  MONTH TO DATE    0.55                      0.59  -0.04     0.00
  SINCE DEC 1      6.32                      9.00  -2.68     9.80
  SINCE JAN 1      2.83                      4.20  -1.37     4.16

SNOWFALL (IN)
  TODAY            0.0           3.0  1907   0.1   -0.1      0.0
  MONTH TO DATE    0.2                       0.6   -0.4      0.0
  SINCE DEC 1      8.4                       5.1    3.3      0.7
  SINCE JUL 1      8.4                       5.1    3.3      0.7
  SNOW DEPTH       0

DEGREE DAYS
 HEATING
  TODAY           22                        28     -6       34
  MONTH TO DATE  124                       112     12      116
  SINCE DEC 1   1948                      1841    107     1551
  SINCE JUL 1   2649                      2604     45     2037

 COOLING
  TODAY            0                         0      0        0
  MONTH TO DATE    0                         0      0        0
  SINCE DEC 1      0                         1     -1        0
  SINCE JAN 1      0                         0      0        0
..................................................................


WIND (MPH)
  HIGHEST WIND SPEED    16   HIGHEST WIND DIRECTION     W (290)
  HIGHEST GUST SPEED    26   HIGHEST GUST DIRECTION     W (280)
  AVERAGE WIND SPEED     5.3


SKY COVER
  POSSIBLE SUNSHINE  MM
  AVERAGE SKY COVER 0.9


WEATHER CONDITIONS
 THE FOLLOWING WEATHER WAS RECORDED TODAY.
  RAIN
  LIGHT RAIN
  FOG


RELATIVE HUMIDITY (PERCENT)
 HIGHEST   100           200 AM
 LOWEST     66           300 PM
 AVERAGE    83

..........................................................


THE BOWLING GREEN CLIMATE NORMALS FOR TOMORROW
                         NORMAL    RECORD    YEAR
 MAXIMUM TEMPERATURE (F)   47        75      1927
 MINIMUM TEMPERATURE (F)   28        -3      1917


SUNRISE AND SUNSET
FEBRUARY  4 2018......SUNRISE   646 AM CST   SUNSET   514 PM CST
FEBRUARY  5 2018......SUNRISE   645 AM CST   SUNSET   515 PM CST


-  INDICATES NEGATIVE NUMBERS.
R  INDICATES RECORD WAS SET OR TIED.
MM INDICATES DATA IS MISSING.
T  INDICATES TRACE AMOUNT.




$$
