000
CDUS43 KLMK 220645
CLIBWG


CLIMATE REPORT
NATIONAL WEATHER SERVICE LOUISVILLE KY
245 AM EDT SUN MAR 22 2015


...................................

...THE BOWLING GREEN KY CLIMATE SUMMARY FOR MARCH 21 2015...

CLIMATE NORMAL PERIOD 1981 TO 2010
CLIMATE RECORD PERIOD 1870 TO 2015


WEATHER ITEM   OBSERVED TIME   RECORD YEAR NORMAL DEPARTURE LAST
                VALUE   (LST)  VALUE       VALUE  FROM      YEAR
                                                  NORMAL
..................................................................
TEMPERATURE (F)
 YESTERDAY
  MAXIMUM         65    337 PM  91    1907  62      3       69
  MINIMUM         36    630 AM  20    2013  38     -2       31
  AVERAGE         51                        50      1       50

PRECIPITATION (IN)
  YESTERDAY        0.00          1.40 1913   0.15  -0.15     0.00
  MONTH TO DATE    5.92                      2.92   3.00     2.93
  SINCE MAR 1      5.92                      2.92   3.00     2.93
  SINCE JAN 1     11.80                     10.49   1.31    10.10

SNOWFALL (IN)
  YESTERDAY        0.0           0.1  1914   0.1   -0.1      0.0
  MONTH TO DATE    7.2                       0.8    6.4      4.8
  SINCE MAR 1      7.2                       0.8    6.4      4.8
  SINCE JUL 1     23.5                       8.6   14.9     10.1
  SNOW DEPTH       0

DEGREE DAYS
 HEATING
  YESTERDAY       14                        15     -1       15
  MONTH TO DATE  400                       384     16      464
  SINCE MAR 1    400                       384     16      464
  SINCE JUL 1   3935                      3582    353     4073

 COOLING
  YESTERDAY        0                         0      0        0
  MONTH TO DATE    0                         0      0        0
  SINCE MAR 1      0                         0      0        0
  SINCE JAN 1      0                         0      0        0
..................................................................


WIND (MPH)
  HIGHEST WIND SPEED    12   HIGHEST WIND DIRECTION     S (190)
  HIGHEST GUST SPEED    16   HIGHEST GUST DIRECTION    SE (120)
  AVERAGE WIND SPEED     2.8


SKY COVER
  POSSIBLE SUNSHINE  MM
  AVERAGE SKY COVER 0.0


WEATHER CONDITIONS
 THE FOLLOWING WEATHER WAS RECORDED YESTERDAY.
  FOG
  FOG W/VISIBILITY <= 1/4 MILE
  HAZE


RELATIVE HUMIDITY (PERCENT)
 HIGHEST   100           700 AM
 LOWEST     44           300 PM
 AVERAGE    72

..........................................................


THE BOWLING GREEN KY CLIMATE NORMALS FOR TODAY
                         NORMAL    RECORD    YEAR
 MAXIMUM TEMPERATURE (F)   62        90      1907
 MINIMUM TEMPERATURE (F)   39        20      2002


SUNRISE AND SUNSET
MARCH 22 2015.........SUNRISE   647 AM CDT   SUNSET   659 PM CDT
MARCH 23 2015.........SUNRISE   645 AM CDT   SUNSET   700 PM CDT


-  INDICATES NEGATIVE NUMBERS.
R  INDICATES RECORD WAS SET OR TIED.
MM INDICATES DATA IS MISSING.
T  INDICATES TRACE AMOUNT.




$$
