000
CDUS43 KLMK 130635
CLIBWG


CLIMATE REPORT
NATIONAL WEATHER SERVICE LOUISVILLE KY
230 AM EDT FRI OCT 13 2017


...................................

...THE BOWLING GREEN KY CLIMATE SUMMARY FOR OCTOBER 12 2017...

CLIMATE NORMAL PERIOD 1981 TO 2010
CLIMATE RECORD PERIOD 1870 TO 2017


WEATHER ITEM   OBSERVED TIME   RECORD YEAR NORMAL DEPARTURE LAST
                VALUE   (LST)  VALUE       VALUE  FROM      YEAR
                                                  NORMAL
..................................................................
TEMPERATURE (F)
 YESTERDAY
  MAXIMUM         65    451 PM  94    1930  73     -8       82
  MINIMUM         53   1159 PM  30    1906  47      6       49
  AVERAGE         59                        60     -1       66

PRECIPITATION (IN)
  YESTERDAY        0.00          1.77 2004   0.10  -0.10     0.00
  MONTH TO DATE    1.12                      1.31  -0.19      T
  SINCE SEP 1      7.59                      5.24   2.35     1.57
  SINCE JAN 1     44.67                     38.80   5.87    39.49

SNOWFALL (IN)
  YESTERDAY        0.0           0.0    MM   0.0    0.0      0.0
  MONTH TO DATE    0.0                       0.0    0.0      0.0
  SINCE SEP 1      0.0                       0.0    0.0      0.0
  SINCE JUL 1      0.0                       0.0    0.0      0.0
  SNOW DEPTH       0

DEGREE DAYS
 HEATING
  YESTERDAY        6                         6      0        0
  MONTH TO DATE    6                        60    -54       13
  SINCE SEP 1     25                        95    -70       32
  SINCE JUL 1     25                        96    -71       32

 COOLING
  YESTERDAY        0                         1     -1        1
  MONTH TO DATE   56                        21     35       35
  SINCE SEP 1    226                       207     19      340
  SINCE JAN 1   1578                      1476    102     1899
..................................................................


WIND (MPH)
  HIGHEST WIND SPEED     9   HIGHEST WIND DIRECTION    NE (60)
  HIGHEST GUST SPEED    11   HIGHEST GUST DIRECTION    NE (60)
  AVERAGE WIND SPEED     2.1


SKY COVER
  POSSIBLE SUNSHINE  MM
  AVERAGE SKY COVER 0.9


WEATHER CONDITIONS
 THE FOLLOWING WEATHER WAS RECORDED YESTERDAY.
  FOG


RELATIVE HUMIDITY (PERCENT)
 HIGHEST   100           200 AM
 LOWEST     73           300 PM
 AVERAGE    87

..........................................................


THE BOWLING GREEN KY CLIMATE NORMALS FOR TODAY
                         NORMAL    RECORD    YEAR
 MAXIMUM TEMPERATURE (F)   72        92      1928
 MINIMUM TEMPERATURE (F)   47        26      1909


SUNRISE AND SUNSET
OCTOBER 13 2017.......SUNRISE   652 AM CDT   SUNSET   611 PM CDT
OCTOBER 14 2017.......SUNRISE   653 AM CDT   SUNSET   610 PM CDT


-  INDICATES NEGATIVE NUMBERS.
R  INDICATES RECORD WAS SET OR TIED.
MM INDICATES DATA IS MISSING.
T  INDICATES TRACE AMOUNT.

$$

SCHOETTMER
