181
CDUS43 KLMK 120627
CLIBWG


CLIMATE REPORT
NATIONAL WEATHER SERVICE LOUISVILLE KY
127 AM EST SUN FEB 12 2017


...................................

...THE BOWLING GREEN KY CLIMATE SUMMARY FOR FEBRUARY 11 2017...

CLIMATE NORMAL PERIOD 1981 TO 2010
CLIMATE RECORD PERIOD 1870 TO 2017


WEATHER ITEM   OBSERVED TIME   RECORD YEAR NORMAL DEPARTURE LAST
                VALUE   (LST)  VALUE       VALUE  FROM      YEAR
                                                  NORMAL
..................................................................
TEMPERATURE (F)
 YESTERDAY
  MAXIMUM         69    822 PM  72    1999  49     20       39
                                      1938
  MINIMUM         51   1214 AM  -4    1885  29     22       24
  AVERAGE         60                        39     21       32

PRECIPITATION (IN)
  YESTERDAY        0.00          2.06 1965   0.14  -0.14     0.00
  MONTH TO DATE    1.68                      1.60   0.08     1.83
  SINCE DEC 1     11.48                     10.01   1.47     8.87
  SINCE JAN 1      5.84                      5.21   0.63     3.64

SNOWFALL (IN)
  YESTERDAY        0.0           4.0  1988   0.1   -0.1      0.0
                                      1933
  MONTH TO DATE    0.0                       1.6   -1.6      2.0
  SINCE DEC 1      0.7                       6.1   -5.4     16.8
  SINCE JUL 1      0.7                       6.1   -5.4     16.8
  SNOW DEPTH       0

DEGREE DAYS
 HEATING
  YESTERDAY        5                        26    -21       33
  MONTH TO DATE  234                       299    -65      295
  SINCE DEC 1   1669                      2028   -359     1680
  SINCE JUL 1   2155                      2791   -636     2218

 COOLING
  YESTERDAY        0                         0      0        0
  MONTH TO DATE    0                         0      0        0
  SINCE DEC 1      0                         1     -1        2
  SINCE JAN 1      0                         0      0        0
..................................................................


WIND (MPH)
  HIGHEST WIND SPEED    20   HIGHEST WIND DIRECTION     S (180)
  HIGHEST GUST SPEED    25   HIGHEST GUST DIRECTION     S (190)
  AVERAGE WIND SPEED    11.2


SKY COVER
  POSSIBLE SUNSHINE  MM
  AVERAGE SKY COVER 1.0


WEATHER CONDITIONS
 THE FOLLOWING WEATHER WAS RECORDED YESTERDAY.
  NO SIGNIFICANT WEATHER WAS OBSERVED.


RELATIVE HUMIDITY (PERCENT)
 HIGHEST    81          1100 PM
 LOWEST     43           100 AM
 AVERAGE    62

..........................................................


THE BOWLING GREEN KY CLIMATE NORMALS FOR TODAY
                         NORMAL    RECORD    YEAR
 MAXIMUM TEMPERATURE (F)   49        76      1938
 MINIMUM TEMPERATURE (F)   29        -9      1899


SUNRISE AND SUNSET
FEBRUARY 12 2017......SUNRISE   637 AM CST   SUNSET   523 PM CST
FEBRUARY 13 2017......SUNRISE   636 AM CST   SUNSET   524 PM CST


-  INDICATES NEGATIVE NUMBERS.
R  INDICATES RECORD WAS SET OR TIED.
MM INDICATES DATA IS MISSING.
T  INDICATES TRACE AMOUNT.




$$
