000
CDUS43 KLMK 300638
CLIBWG


CLIMATE REPORT
NATIONAL WEATHER SERVICE LOUISVILLE KY
138 AM EST TUE JAN 30 2018


...................................

...THE BOWLING GREEN KY CLIMATE SUMMARY FOR JANUARY 29 2018...

CLIMATE NORMAL PERIOD 1981 TO 2010
CLIMATE RECORD PERIOD 1870 TO 2018


WEATHER ITEM   OBSERVED TIME   RECORD YEAR NORMAL DEPARTURE LAST
                VALUE   (LST)  VALUE       VALUE  FROM      YEAR
                                                  NORMAL
..................................................................
TEMPERATURE (F)
 YESTERDAY
  MAXIMUM         45   1037 AM  74    1975  46     -1       42
  MINIMUM         31   1159 PM  -4    1977  27      4       31
                                      1966
  AVERAGE         38                        36      2       37

PRECIPITATION (IN)
  YESTERDAY        T             4.75 1956   0.12  -0.12      T
  MONTH TO DATE    2.28                      3.34  -1.06     4.16
  SINCE DEC 1      5.77                      8.14  -2.37     9.80
  SINCE JAN 1      2.28                      3.34  -1.06     4.16

SNOWFALL (IN)
  YESTERDAY        T             4.0  1895   0.1   -0.1       T
  MONTH TO DATE    8.2                       3.0    5.2      0.7
  SINCE DEC 1      8.2                       4.2    4.0      0.7
  SINCE JUL 1      8.2                       4.2    4.0      0.7
  SNOW DEPTH       0

DEGREE DAYS
 HEATING
  YESTERDAY       27                        29     -2       28
  MONTH TO DATE  931                       854     77      598
  SINCE DEC 1   1768                      1675     93     1393
  SINCE JUL 1   2469                      2438     31     1879

 COOLING
  YESTERDAY        0                         0      0        0
  MONTH TO DATE    0                         0      0        0
  SINCE DEC 1      0                         1     -1        0
  SINCE JAN 1      0                         0      0        0
..................................................................


WIND (MPH)
  HIGHEST WIND SPEED    15   HIGHEST WIND DIRECTION    NW (330)
  HIGHEST GUST SPEED    26   HIGHEST GUST DIRECTION    NW (320)
  AVERAGE WIND SPEED     6.0


SKY COVER
  POSSIBLE SUNSHINE  MM
  AVERAGE SKY COVER 0.6


WEATHER CONDITIONS
 THE FOLLOWING WEATHER WAS RECORDED YESTERDAY.
  LIGHT SNOW
  FOG


RELATIVE HUMIDITY (PERCENT)
 HIGHEST    85           600 AM
 LOWEST     61           800 PM
 AVERAGE    73

..........................................................


THE BOWLING GREEN KY CLIMATE NORMALS FOR TODAY
                         NORMAL    RECORD    YEAR
 MAXIMUM TEMPERATURE (F)   46        72      2013
 MINIMUM TEMPERATURE (F)   27       -11      1966


SUNRISE AND SUNSET
JANUARY 30 2018.......SUNRISE   650 AM CST   SUNSET   509 PM CST
JANUARY 31 2018.......SUNRISE   649 AM CST   SUNSET   510 PM CST


-  INDICATES NEGATIVE NUMBERS.
R  INDICATES RECORD WAS SET OR TIED.
MM INDICATES DATA IS MISSING.
T  INDICATES TRACE AMOUNT.




$$
