000
CDUS43 KLMK 250632
CLIBWG


CLIMATE REPORT
NATIONAL WEATHER SERVICE LOUISVILLE KY
231 AM EDT MON MAY 25 2015


...................................

...THE BOWLING GREEN KY CLIMATE SUMMARY FOR MAY 24 2015...

CLIMATE NORMAL PERIOD 1981 TO 2010
CLIMATE RECORD PERIOD 1870 TO 2015


WEATHER ITEM   OBSERVED TIME   RECORD YEAR NORMAL DEPARTURE LAST
                VALUE   (LST)  VALUE       VALUE  FROM      YEAR
                                                  NORMAL
..................................................................
TEMPERATURE (F)
 YESTERDAY
  MAXIMUM         86    343 PM  96    1912  80      6       81
  MINIMUM         57    235 AM  39    1931  57      0       54
                                      1893
  AVERAGE         72                        69      3       68

PRECIPITATION (IN)
  YESTERDAY        0.00          1.92 2000   0.17  -0.17     0.00
  MONTH TO DATE    2.20                      4.39  -2.19     2.90
  SINCE MAR 1     17.55                     13.14   4.41    13.20
  SINCE JAN 1     23.43                     20.71   2.72    20.37

SNOWFALL (IN)
  YESTERDAY        0.0           0.0    MM   0.0    0.0      0.0
  MONTH TO DATE    0.0                       0.0    0.0      0.0
  SINCE MAR 1      7.2                       1.3    5.9      5.1
  SINCE JUL 1     23.5                       9.1   14.4     10.4
  SNOW DEPTH       0

DEGREE DAYS
 HEATING
  YESTERDAY        0                         1     -1        0
  MONTH TO DATE   38                        67    -29       76
  SINCE MAR 1    750                       838    -88      924
  SINCE JUL 1   4285                      4036    249     4533

 COOLING
  YESTERDAY        7                         5      2        3
  MONTH TO DATE  107                        77     30      110
  SINCE MAR 1    142                       113     29      124
  SINCE JAN 1    142                       113     29      124
..................................................................


WIND (MPH)
  HIGHEST WIND SPEED    20   HIGHEST WIND DIRECTION     S (170)
  HIGHEST GUST SPEED    28   HIGHEST GUST DIRECTION     S (180)
  AVERAGE WIND SPEED     9.0


SKY COVER
  POSSIBLE SUNSHINE  MM
  AVERAGE SKY COVER 0.2


WEATHER CONDITIONS
 THE FOLLOWING WEATHER WAS RECORDED YESTERDAY.
  NO SIGNIFICANT WEATHER WAS OBSERVED.


RELATIVE HUMIDITY (PERCENT)
 HIGHEST    87           200 AM
 LOWEST     44           200 PM
 AVERAGE    66

..........................................................


THE BOWLING GREEN KY CLIMATE NORMALS FOR TODAY
                         NORMAL    RECORD    YEAR
 MAXIMUM TEMPERATURE (F)   80        99      1926
 MINIMUM TEMPERATURE (F)   58        38      1925


SUNRISE AND SUNSET
MAY 25 2015...........SUNRISE   531 AM CDT   SUNSET   755 PM CDT
MAY 26 2015...........SUNRISE   531 AM CDT   SUNSET   755 PM CDT


-  INDICATES NEGATIVE NUMBERS.
R  INDICATES RECORD WAS SET OR TIED.
MM INDICATES DATA IS MISSING.
T  INDICATES TRACE AMOUNT.




$$
