345
CDUS43 KLMK 292036
CLIBWG


CLIMATE REPORT
NATIONAL WEATHER SERVICE LOUISVILLE KY
436 PM EDT WED MAR 29 2017


...................................

...THE BOWLING GREEN CLIMATE SUMMARY FOR MARCH 29 2017...
VALID TODAY AS OF 0400 PM LOCAL TIME.

CLIMATE NORMAL PERIOD 1981 TO 2010
CLIMATE RECORD PERIOD 1870 TO 2017


WEATHER ITEM   OBSERVED TIME   RECORD YEAR NORMAL DEPARTURE LAST
                VALUE   (LST)  VALUE       VALUE  FROM      YEAR
                                                  NORMAL
..................................................................
TEMPERATURE (F)
 TODAY
  MAXIMUM         75    228 PM  89    1910  64     11       62
  MINIMUM         50    552 AM  15    1887  40     10       37
  AVERAGE         63                        52     11       50

PRECIPITATION (IN)
  TODAY            0.00          4.03 1976   0.16  -0.16     0.00
  MONTH TO DATE    3.50                      4.11  -0.61     2.60
  SINCE MAR 1      3.50                      4.11  -0.61     2.60
  SINCE JAN 1     10.08                     11.68  -1.60     9.18

SNOWFALL (IN)
  TODAY            0.0           2.0  1894   0.0    0.0      0.0
  MONTH TO DATE    T                         1.0   -1.0       T
  SINCE MAR 1      T                         1.0   -1.0       T
  SINCE JUL 1      0.7                       8.8   -8.1     24.0
  SNOW DEPTH       0

DEGREE DAYS
 HEATING
  TODAY            2                        13    -11       15
  MONTH TO DATE  427                       495    -68      341
  SINCE MAR 1    427                       495    -68      341
  SINCE JUL 1   2808                      3693   -885     2941

 COOLING
  TODAY            0                         0      0        0
  MONTH TO DATE    5                         0      5        0
  SINCE MAR 1      5                         0      5        0
  SINCE JAN 1      9                         0      9        0
..................................................................


WIND (MPH)
  HIGHEST WIND SPEED    14   HIGHEST WIND DIRECTION     E (100)
  HIGHEST GUST SPEED    17   HIGHEST GUST DIRECTION     E (100)
  AVERAGE WIND SPEED     7.0


SKY COVER
  POSSIBLE SUNSHINE  MM
  AVERAGE SKY COVER 0.2


WEATHER CONDITIONS
 THE FOLLOWING WEATHER WAS RECORDED TODAY.
  FOG


RELATIVE HUMIDITY (PERCENT)
 HIGHEST    96           300 AM
 LOWEST     49           100 PM
 AVERAGE    73

..........................................................


THE BOWLING GREEN CLIMATE NORMALS FOR TOMORROW
                         NORMAL    RECORD    YEAR
 MAXIMUM TEMPERATURE (F)   65        87      1910
 MINIMUM TEMPERATURE (F)   41        22      1964


SUNRISE AND SUNSET
MARCH 29 2017.........SUNRISE   636 AM CDT   SUNSET   706 PM CDT
MARCH 30 2017.........SUNRISE   634 AM CDT   SUNSET   707 PM CDT


-  INDICATES NEGATIVE NUMBERS.
R  INDICATES RECORD WAS SET OR TIED.
MM INDICATES DATA IS MISSING.
T  INDICATES TRACE AMOUNT.




$$
