000
CDUS43 KLMK 050637
CLIBWG


CLIMATE REPORT
NATIONAL WEATHER SERVICE LOUISVILLE KY
136 AM EST THU JAN 5 2017


...................................

...THE BOWLING GREEN KY CLIMATE SUMMARY FOR JANUARY 4 2017...

CLIMATE NORMAL PERIOD 1981 TO 2010
CLIMATE RECORD PERIOD 1870 TO 2017


WEATHER ITEM   OBSERVED TIME   RECORD YEAR NORMAL DEPARTURE LAST
                VALUE   (LST)  VALUE       VALUE  FROM      YEAR
                                                  NORMAL
..................................................................
TEMPERATURE (F)
 YESTERDAY
  MAXIMUM         41   1207 AM  71    2004  45     -4       41
  MINIMUM         25   1131 PM -12    1879  27     -2       23
  AVERAGE         33                        36     -3       32

PRECIPITATION (IN)
  YESTERDAY        0.00          1.28 1972   0.12  -0.12     0.00
  MONTH TO DATE    0.93                      0.48   0.45     0.00
  SINCE DEC 1      5.67                      5.28   0.39     5.23
  SINCE JAN 1      0.93                      0.48   0.45     0.00

SNOWFALL (IN)
  YESTERDAY        0.0           5.0  1942   0.1   -0.1      0.0
  MONTH TO DATE    0.0                       0.3   -0.3      0.0
  SINCE DEC 1      T                         1.5   -1.5       T
  SINCE JUL 1      T                         1.5   -1.5       T
  SNOW DEPTH       0

DEGREE DAYS
 HEATING
  YESTERDAY       32                        29      3       33
  MONTH TO DATE   71                       116    -45      114
  SINCE DEC 1    866                       937    -71      555
  SINCE JUL 1   1352                      1700   -348     1093

 COOLING
  YESTERDAY        0                         0      0        0
  MONTH TO DATE    0                         0      0        0
  SINCE DEC 1      0                         1     -1        2
  SINCE JAN 1      0                         0      0        0
..................................................................


WIND (MPH)
  HIGHEST WIND SPEED    20   HIGHEST WIND DIRECTION    NW (310)
  HIGHEST GUST SPEED    25   HIGHEST GUST DIRECTION    NW (330)
  AVERAGE WIND SPEED     6.8


SKY COVER
  POSSIBLE SUNSHINE  MM
  AVERAGE SKY COVER 0.2


WEATHER CONDITIONS
 THE FOLLOWING WEATHER WAS RECORDED YESTERDAY.
  NO SIGNIFICANT WEATHER WAS OBSERVED.


RELATIVE HUMIDITY (PERCENT)
 HIGHEST    85          1200 AM
 LOWEST     40           200 PM
 AVERAGE    63

..........................................................


THE BOWLING GREEN KY CLIMATE NORMALS FOR TODAY
                         NORMAL    RECORD    YEAR
 MAXIMUM TEMPERATURE (F)   45        68      2007
                                             1955
                                             1998
 MINIMUM TEMPERATURE (F)   27       -20      1884


SUNRISE AND SUNSET
JANUARY  5 2017.......SUNRISE   659 AM CST   SUNSET   443 PM CST
JANUARY  6 2017.......SUNRISE   659 AM CST   SUNSET   444 PM CST


-  INDICATES NEGATIVE NUMBERS.
R  INDICATES RECORD WAS SET OR TIED.
MM INDICATES DATA IS MISSING.
T  INDICATES TRACE AMOUNT.

$$

SCHOETTMER
