000
CDUS43 KLMK 192102
CLIBWG


CLIMATE REPORT
NATIONAL WEATHER SERVICE LOUISVILLE KY
436 PM EDT SUN JUL 19 2015


...................................

...THE BOWLING GREEN CLIMATE SUMMARY FOR JULY 19 2015...
VALID TODAY AS OF 0400 PM LOCAL TIME.

CLIMATE NORMAL PERIOD 1981 TO 2010
CLIMATE RECORD PERIOD 1870 TO 2015


WEATHER ITEM   OBSERVED TIME   RECORD YEAR NORMAL DEPARTURE LAST
                VALUE   (LST)  VALUE       VALUE  FROM      YEAR
                                                  NORMAL
..................................................................
TEMPERATURE (F)
 TODAY
  MAXIMUM         94    228 PM 104    1980  90      4       72
  MINIMUM         77    426 AM  54    2009  68      9       64
  AVERAGE         86                        79      7       68

PRECIPITATION (IN)
  TODAY            0.00          1.97 2012   0.13  -0.13     0.18
  MONTH TO DATE    5.33                      2.71   2.62     2.48
  SINCE JUN 1      8.44                      6.91   1.53     4.20
  SINCE JAN 1     32.63                     28.84   3.79    24.78

SNOWFALL (IN)
  TODAY            0.0           0.0    MM   0.0    0.0      0.0
  MONTH TO DATE    0.0                       0.0    0.0      0.0
  SINCE JUN 1      0.0                       0.0    0.0      0.0
  SINCE JUL 1      0.0                       0.0    0.0      0.0
  SNOW DEPTH       0

DEGREE DAYS
 HEATING
  TODAY            0                         0      0        0
  MONTH TO DATE    0                         0      0        0
  SINCE JUN 1      3                         5     -2        0
  SINCE JUL 1      0                         0      0        0

 COOLING
  TODAY           21                        14      7        3
  MONTH TO DATE  305                       261     44      185
  SINCE JUN 1    684                       566    118      534
  SINCE JAN 1    887                       719    168      731
..................................................................


WIND (MPH)
  HIGHEST WIND SPEED    14   HIGHEST WIND DIRECTION     W (280)
  HIGHEST GUST SPEED    18   HIGHEST GUST DIRECTION     W (280)
  AVERAGE WIND SPEED     6.6


SKY COVER
  POSSIBLE SUNSHINE  MM
  AVERAGE SKY COVER 0.1


WEATHER CONDITIONS
 THE FOLLOWING WEATHER WAS RECORDED TODAY.
  THUNDERSTORM


RELATIVE HUMIDITY (PERCENT)
 HIGHEST    85           200 AM
 LOWEST     56           200 PM
 AVERAGE    71

..........................................................


THE BOWLING GREEN CLIMATE NORMALS FOR TOMORROW
                         NORMAL    RECORD    YEAR
 MAXIMUM TEMPERATURE (F)   90       103      1926
                                             1901
 MINIMUM TEMPERATURE (F)   68        52      1947


SUNRISE AND SUNSET
JULY 19 2015..........SUNRISE   541 AM CDT   SUNSET   803 PM CDT
JULY 20 2015..........SUNRISE   541 AM CDT   SUNSET   802 PM CDT


-  INDICATES NEGATIVE NUMBERS.
R  INDICATES RECORD WAS SET OR TIED.
MM INDICATES DATA IS MISSING.
T  INDICATES TRACE AMOUNT.




$$
