000
CDUS43 KLMK 280632
CLIBWG


CLIMATE REPORT
NATIONAL WEATHER SERVICE LOUISVILLE KY
131 AM EST MON NOV 28 2016


...................................

...THE BOWLING GREEN KY CLIMATE SUMMARY FOR NOVEMBER 27 2016...

CLIMATE NORMAL PERIOD 1981 TO 2010
CLIMATE RECORD PERIOD 1870 TO 2016


WEATHER ITEM   OBSERVED TIME   RECORD YEAR NORMAL DEPARTURE LAST
                VALUE   (LST)  VALUE       VALUE  FROM      YEAR
                                                  NORMAL
..................................................................
TEMPERATURE (F)
 YESTERDAY
  MAXIMUM         54    307 PM  78    1990  54      0       67
                                      1927
  MINIMUM         23    609 AM  13    1903  34    -11       55
  AVERAGE         39                        44     -5       61

PRECIPITATION (IN)
  YESTERDAY        0.00          3.07 1973   0.15  -0.15     0.02
  MONTH TO DATE    0.46                      3.74  -3.28     3.05
  SINCE SEP 1      2.59                     11.05  -8.46    11.80
  SINCE JAN 1     40.51                     44.61  -4.10    46.84

SNOWFALL (IN)
  YESTERDAY        0.0           3.0  1977   0.0    0.0      0.0
  MONTH TO DATE    0.0                       0.1   -0.1      0.0
  SINCE SEP 1      0.0                       0.1   -0.1      0.0
  SINCE JUL 1      0.0                       0.1   -0.1      0.0
  SNOW DEPTH       0

DEGREE DAYS
 HEATING
  YESTERDAY       26                        21      5        4
  MONTH TO DATE  363                       435    -72      321
  SINCE SEP 1    449                       697   -248      507
  SINCE JUL 1    449                       698   -249      507

 COOLING
  YESTERDAY        0                         0      0        0
  MONTH TO DATE   15                         0     15        9
  SINCE SEP 1    420                       219    201      290
  SINCE JAN 1   1979                      1488    491     1671
..................................................................


WIND (MPH)
  HIGHEST WIND SPEED    10   HIGHEST WIND DIRECTION    SE (140)
  HIGHEST GUST SPEED    12   HIGHEST GUST DIRECTION    SE (140)
  AVERAGE WIND SPEED     2.5


SKY COVER
  POSSIBLE SUNSHINE  MM
  AVERAGE SKY COVER 0.1


WEATHER CONDITIONS
 THE FOLLOWING WEATHER WAS RECORDED YESTERDAY.
  FOG
  FOG W/VISIBILITY <= 1/4 MILE


RELATIVE HUMIDITY (PERCENT)
 HIGHEST   100           800 AM
 LOWEST     32           300 PM
 AVERAGE    66

..........................................................


THE BOWLING GREEN KY CLIMATE NORMALS FOR TODAY
                         NORMAL    RECORD    YEAR
 MAXIMUM TEMPERATURE (F)   54        76      1927
                                             1909
 MINIMUM TEMPERATURE (F)   34         0      1887


SUNRISE AND SUNSET
NOVEMBER 28 2016......SUNRISE   638 AM CST   SUNSET   430 PM CST
NOVEMBER 29 2016......SUNRISE   639 AM CST   SUNSET   429 PM CST


-  INDICATES NEGATIVE NUMBERS.
R  INDICATES RECORD WAS SET OR TIED.
MM INDICATES DATA IS MISSING.
T  INDICATES TRACE AMOUNT.




$$
