000
CDUS43 KLMK 060634
CLIBWG


CLIMATE REPORT
NATIONAL WEATHER SERVICE LOUISVILLE KY
130 AM EST MON FEB 6 2017


...................................

...THE BOWLING GREEN KY CLIMATE SUMMARY FOR FEBRUARY 5 2017...

CLIMATE NORMAL PERIOD 1981 TO 2010
CLIMATE RECORD PERIOD 1870 TO 2017


WEATHER ITEM   OBSERVED TIME   RECORD YEAR NORMAL DEPARTURE LAST
                VALUE   (LST)  VALUE       VALUE  FROM      YEAR
                                                  NORMAL
..................................................................
TEMPERATURE (F)
 YESTERDAY
  MAXIMUM         59    324 PM  75    1927  47     12       47
  MINIMUM         42   1159 PM  -3    1917  28     14       21
  AVERAGE         51                        38     13       34

PRECIPITATION (IN)
  YESTERDAY        0.00          2.24 1955   0.14  -0.14     0.00
  MONTH TO DATE    0.00                      0.73  -0.73     1.77
  SINCE DEC 1      9.80                      9.14   0.66     8.81
  SINCE JAN 1      4.16                      4.34  -0.18     3.58

SNOWFALL (IN)
  YESTERDAY        0.0           4.0  1984   0.2   -0.2      0.0
  MONTH TO DATE    0.0                       0.8   -0.8      0.0
  SINCE DEC 1      0.7                       5.3   -4.6     14.8
  SINCE JUL 1      0.7                       5.3   -4.6     14.8
  SNOW DEPTH       0

DEGREE DAYS
 HEATING
  YESTERDAY       14                        27    -13       31
  MONTH TO DATE  130                       139     -9       99
  SINCE DEC 1   1565                      1868   -303     1484
  SINCE JUL 1   2051                      2631   -580     2022

 COOLING
  YESTERDAY        0                         0      0        0
  MONTH TO DATE    0                         0      0        0
  SINCE DEC 1      0                         1     -1        2
  SINCE JAN 1      0                         0      0        0
..................................................................


WIND (MPH)
  HIGHEST WIND SPEED    20   HIGHEST WIND DIRECTION    SW (230)
  HIGHEST GUST SPEED    26   HIGHEST GUST DIRECTION    SW (220)
  AVERAGE WIND SPEED     8.4


SKY COVER
  POSSIBLE SUNSHINE  MM
  AVERAGE SKY COVER 0.4


WEATHER CONDITIONS
 THE FOLLOWING WEATHER WAS RECORDED YESTERDAY.
  NO SIGNIFICANT WEATHER WAS OBSERVED.


RELATIVE HUMIDITY (PERCENT)
 HIGHEST    76          1100 PM
 LOWEST     37          1200 AM
 AVERAGE    57

..........................................................


THE BOWLING GREEN KY CLIMATE NORMALS FOR TODAY
                         NORMAL    RECORD    YEAR
 MAXIMUM TEMPERATURE (F)   48        69      2008
                                             1925
 MINIMUM TEMPERATURE (F)   28        -2      1886


SUNRISE AND SUNSET
FEBRUARY  6 2017......SUNRISE   643 AM CST   SUNSET   517 PM CST
FEBRUARY  7 2017......SUNRISE   642 AM CST   SUNSET   518 PM CST


-  INDICATES NEGATIVE NUMBERS.
R  INDICATES RECORD WAS SET OR TIED.
MM INDICATES DATA IS MISSING.
T  INDICATES TRACE AMOUNT.




$$
