000
CDUS43 KLMK 090708
CLIBWG


CLIMATE REPORT
NATIONAL WEATHER SERVICE LOUISVILLE KY
205 AM EST FRI FEB 9 2018


...................................

...THE BOWLING GREEN KY CLIMATE SUMMARY FOR FEBRUARY 8 2018...

CLIMATE NORMAL PERIOD 1981 TO 2010
CLIMATE RECORD PERIOD 1870 TO 2018


WEATHER ITEM   OBSERVED TIME   RECORD YEAR NORMAL DEPARTURE LAST
                VALUE   (LST)  VALUE       VALUE  FROM      YEAR
                                                  NORMAL
..................................................................
TEMPERATURE (F)
 YESTERDAY
  MAXIMUM         43    426 PM  75    1937  48     -5       55
  MINIMUM         22    646 AM  -5    1895  28     -6       35
  AVERAGE         33                        38     -5       45

PRECIPITATION (IN)
  YESTERDAY        0.00          1.24 1982   0.15  -0.15     0.17
  MONTH TO DATE    1.62                      1.17   0.45     1.68
  SINCE DEC 1      7.39                      9.58  -2.19    11.48
  SINCE JAN 1      3.90                      4.78  -0.88     5.84

SNOWFALL (IN)
  YESTERDAY        0.0           5.3  1971   0.2   -0.2      0.0
  MONTH TO DATE    0.2                       1.2   -1.0      0.0
  SINCE DEC 1      8.4                       5.7    2.7      0.7
  SINCE JUL 1      8.4                       5.7    2.7      0.7
  SNOW DEPTH       0

DEGREE DAYS
 HEATING
  YESTERDAY       32                        27      5       20
  MONTH TO DATE  255                       220     35      174
  SINCE DEC 1   2079                      1949    130     1609
  SINCE JUL 1   2780                      2712     68     2095

 COOLING
  YESTERDAY        0                         0      0        0
  MONTH TO DATE    0                         0      0        0
  SINCE DEC 1      0                         1     -1        0
  SINCE JAN 1      0                         0      0        0
..................................................................


WIND (MPH)
  HIGHEST WIND SPEED     8   HIGHEST WIND DIRECTION     S (170)
  HIGHEST GUST SPEED    11   HIGHEST GUST DIRECTION     S (160)
  AVERAGE WIND SPEED     1.3


SKY COVER
  POSSIBLE SUNSHINE  MM
  AVERAGE SKY COVER 0.1


WEATHER CONDITIONS
 THE FOLLOWING WEATHER WAS RECORDED YESTERDAY.
  FOG


RELATIVE HUMIDITY (PERCENT)
 HIGHEST    96           500 AM
 LOWEST     43           200 PM
 AVERAGE    70

..........................................................


THE BOWLING GREEN KY CLIMATE NORMALS FOR TODAY
                         NORMAL    RECORD    YEAR
 MAXIMUM TEMPERATURE (F)   48        74      1894
 MINIMUM TEMPERATURE (F)   28       -11      1899


SUNRISE AND SUNSET
FEBRUARY  9 2018......SUNRISE   641 AM CST   SUNSET   520 PM CST
FEBRUARY 10 2018......SUNRISE   640 AM CST   SUNSET   521 PM CST


-  INDICATES NEGATIVE NUMBERS.
R  INDICATES RECORD WAS SET OR TIED.
MM INDICATES DATA IS MISSING.
T  INDICATES TRACE AMOUNT.

$$

SCHOETTMER
