000
CDUS43 KLMK 050626
CLIBWG


CLIMATE REPORT
NATIONAL WEATHER SERVICE LOUISVILLE KY
226 AM EDT TUE SEP 5 2017


...................................

...THE BOWLING GREEN KY CLIMATE SUMMARY FOR SEPTEMBER 4 2017...

CLIMATE NORMAL PERIOD 1981 TO 2010
CLIMATE RECORD PERIOD 1870 TO 2017


WEATHER ITEM   OBSERVED TIME   RECORD YEAR NORMAL DEPARTURE LAST
                VALUE   (LST)  VALUE       VALUE  FROM      YEAR
                                                  NORMAL
..................................................................
TEMPERATURE (F)
 YESTERDAY
  MAXIMUM         87    242 PM 103    1954  86      1       90
                                      1925
  MINIMUM         67    457 AM  47    1893  63      4       62
  AVERAGE         77                        74      3       76

PRECIPITATION (IN)
  YESTERDAY        0.00          1.50 1935   0.12  -0.12     0.00
  MONTH TO DATE    5.05                      0.49   4.56     0.00
  SINCE SEP 1      5.05                      0.49   4.56     0.00
  SINCE JAN 1     42.13                     34.05   8.08    37.92

SNOWFALL (IN)
  YESTERDAY        0.0           0.0    MM   0.0    0.0      0.0
  MONTH TO DATE    0.0                       0.0    0.0      0.0
  SINCE SEP 1      0.0                       0.0    0.0      0.0
  SINCE JUL 1      0.0                       0.0    0.0      0.0
  SNOW DEPTH       0

DEGREE DAYS
 HEATING
  YESTERDAY        0                         0      0        0
  MONTH TO DATE    2                         0      2        0
  SINCE SEP 1      2                         0      2        0
  SINCE JUL 1      2                         1      1        0

 COOLING
  YESTERDAY       12                         9      3       11
  MONTH TO DATE   16                        39    -23       37
  SINCE SEP 1     16                        39    -23       37
  SINCE JAN 1   1368                      1308     60     1596
..................................................................


WIND (MPH)
  HIGHEST WIND SPEED    20   HIGHEST WIND DIRECTION    SW (210)
  HIGHEST GUST SPEED    25   HIGHEST GUST DIRECTION    SW (210)
  AVERAGE WIND SPEED     9.2


SKY COVER
  POSSIBLE SUNSHINE  MM
  AVERAGE SKY COVER 0.1


WEATHER CONDITIONS
 THE FOLLOWING WEATHER WAS RECORDED YESTERDAY.
  NO SIGNIFICANT WEATHER WAS OBSERVED.


RELATIVE HUMIDITY (PERCENT)
 HIGHEST    90           100 AM
 LOWEST     50           200 PM
 AVERAGE    70

..........................................................


THE BOWLING GREEN KY CLIMATE NORMALS FOR TODAY
                         NORMAL    RECORD    YEAR
 MAXIMUM TEMPERATURE (F)   86       104      1954
                                             1925
 MINIMUM TEMPERATURE (F)   62        45      1902


SUNRISE AND SUNSET
SEPTEMBER  5 2017.....SUNRISE   620 AM CDT   SUNSET   708 PM CDT
SEPTEMBER  6 2017.....SUNRISE   621 AM CDT   SUNSET   706 PM CDT


-  INDICATES NEGATIVE NUMBERS.
R  INDICATES RECORD WAS SET OR TIED.
MM INDICATES DATA IS MISSING.
T  INDICATES TRACE AMOUNT.




$$
