000
CDUS43 KLMK 102126
CLIBWG


CLIMATE REPORT
NATIONAL WEATHER SERVICE LOUISVILLE KY
426 PM EST SAT FEB 10 2018


...................................

...THE BOWLING GREEN CLIMATE SUMMARY FOR FEBRUARY 10 2018...
VALID TODAY AS OF 0400 PM LOCAL TIME.

CLIMATE NORMAL PERIOD 1981 TO 2010
CLIMATE RECORD PERIOD 1870 TO 2018


WEATHER ITEM   OBSERVED TIME   RECORD YEAR NORMAL DEPARTURE LAST
                VALUE   (LST)  VALUE       VALUE  FROM      YEAR
                                                  NORMAL
..................................................................
TEMPERATURE (F)
 TODAY
  MAXIMUM         57    239 PM  79    1932  49      8       66
  MINIMUM         49    735 AM -16    1899  29     20       23
  AVERAGE         53                        38     15       45

PRECIPITATION (IN)
  TODAY            0.92          1.43 1966   0.15   0.77     0.00
  MONTH TO DATE    2.54                      1.46   1.08     1.68
  SINCE DEC 1      8.31                      9.87  -1.56    11.48
  SINCE JAN 1      4.82                      5.07  -0.25     5.84

SNOWFALL (IN)
  TODAY            0.0           5.0  1986   0.2   -0.2      0.0
  MONTH TO DATE    0.2                       1.5   -1.3      0.0
  SINCE DEC 1      8.4                       6.0    2.4      0.7
  SINCE JUL 1      8.4                       6.0    2.4      0.7
  SNOW DEPTH       0

DEGREE DAYS
 HEATING
  TODAY           12                        26    -14       20
  MONTH TO DATE  287                       273     14      229
  SINCE DEC 1   2111                      2002    109     1664
  SINCE JUL 1   2812                      2765     47     2150

 COOLING
  TODAY            0                         0      0        0
  MONTH TO DATE    0                         0      0        0
  SINCE DEC 1      0                         1     -1        0
  SINCE JAN 1      0                         0      0        0
..................................................................


WIND (MPH)
  HIGHEST WIND SPEED    13   HIGHEST WIND DIRECTION     S (170)
  HIGHEST GUST SPEED    18   HIGHEST GUST DIRECTION     S (160)
  AVERAGE WIND SPEED     3.5


SKY COVER
  POSSIBLE SUNSHINE  MM
  AVERAGE SKY COVER 1.0


WEATHER CONDITIONS
 THE FOLLOWING WEATHER WAS RECORDED TODAY.
  HEAVY RAIN
  RAIN
  LIGHT RAIN
  FOG
  FOG W/VISIBILITY <= 1/4 MILE


RELATIVE HUMIDITY (PERCENT)
 HIGHEST   100           400 AM
 LOWEST     54          1200 AM
 AVERAGE    77

..........................................................


THE BOWLING GREEN CLIMATE NORMALS FOR TOMORROW
                         NORMAL    RECORD    YEAR
 MAXIMUM TEMPERATURE (F)   49        72      1999
                                             1938
 MINIMUM TEMPERATURE (F)   29        -4      1885


SUNRISE AND SUNSET
FEBRUARY 10 2018......SUNRISE   640 AM CST   SUNSET   521 PM CST
FEBRUARY 11 2018......SUNRISE   639 AM CST   SUNSET   522 PM CST


-  INDICATES NEGATIVE NUMBERS.
R  INDICATES RECORD WAS SET OR TIED.
MM INDICATES DATA IS MISSING.
T  INDICATES TRACE AMOUNT.




$$
