000
CDUS43 KLMK 210632
CLIBWG


CLIMATE REPORT
NATIONAL WEATHER SERVICE LOUISVILLE KY
130 AM EST SAT FEB 21 2015


...................................

...THE BOWLING GREEN KY CLIMATE SUMMARY FOR FEBRUARY 20 2015...

CLIMATE NORMAL PERIOD 1981 TO 2010
CLIMATE RECORD PERIOD 1870 TO 2015


WEATHER ITEM   OBSERVED TIME   RECORD YEAR NORMAL DEPARTURE LAST
                VALUE   (LST)  VALUE       VALUE  FROM      YEAR
                                                  NORMAL
..................................................................
TEMPERATURE (F)
 YESTERDAY
  MAXIMUM         32   1159 PM  75    2014  51    -19       75
                                      1997
  MINIMUM         -4R   102 AM  -3    1885  31    -35       43
  AVERAGE         14                        41    -27       59

PRECIPITATION (IN)
  YESTERDAY        0.22          1.81 1989   0.14   0.08     0.49
  MONTH TO DATE    1.96                      2.85  -0.89     5.34
  SINCE DEC 1      5.53                     11.26  -5.73    12.10
  SINCE JAN 1      3.84                      6.46  -2.62     7.09

SNOWFALL (IN)
  YESTERDAY        1.0           6.0  1921   0.1    0.9      0.0
  MONTH TO DATE   12.6                       2.7    9.9      2.0
  SINCE DEC 1     16.0                       7.2    8.8      4.2
  SINCE JUL 1     16.3                       7.2    9.1      5.3
  SNOW DEPTH       7

DEGREE DAYS
 HEATING
  YESTERDAY       51                        24     27        6
  MONTH TO DATE  705                       524    181      599
  SINCE DEC 1   2353                      2253    100     2502
  SINCE JUL 1   3250                      3016    234     3382

 COOLING
  YESTERDAY        0                         0      0        0
  MONTH TO DATE    0                         0      0        0
  SINCE DEC 1      0                         1     -1        2
  SINCE JAN 1      0                         0      0        0
..................................................................


WIND (MPH)
  HIGHEST WIND SPEED    14   HIGHEST WIND DIRECTION     S (170)
  HIGHEST GUST SPEED    20   HIGHEST GUST DIRECTION     S (160)
  AVERAGE WIND SPEED     6.6


SKY COVER
  POSSIBLE SUNSHINE  MM
  AVERAGE SKY COVER 0.7


WEATHER CONDITIONS
 THE FOLLOWING WEATHER WAS RECORDED YESTERDAY.
  FREEZING RAIN
  LT FREEZING RAIN
  LIGHT SNOW
  FOG


RELATIVE HUMIDITY (PERCENT)
 HIGHEST    85          1000 PM
 LOWEST     36           200 PM
 AVERAGE    61

..........................................................


THE BOWLING GREEN KY CLIMATE NORMALS FOR TODAY
                         NORMAL    RECORD    YEAR
 MAXIMUM TEMPERATURE (F)   52        75      1930
                                             1897
 MINIMUM TEMPERATURE (F)   31        -2      1870


SUNRISE AND SUNSET
FEBRUARY 21 2015......SUNRISE   627 AM CST   SUNSET   532 PM CST
FEBRUARY 22 2015......SUNRISE   626 AM CST   SUNSET   533 PM CST


-  INDICATES NEGATIVE NUMBERS.
R  INDICATES RECORD WAS SET OR TIED.
MM INDICATES DATA IS MISSING.
T  INDICATES TRACE AMOUNT.




$$
