000
CDUS43 KLMK 130637
CLIBWG


CLIMATE REPORT
NATIONAL WEATHER SERVICE LOUISVILLE KY
236 AM EDT WED APR 13 2016


...................................

...THE BOWLING GREEN KY CLIMATE SUMMARY FOR APRIL 12 2016...

CLIMATE NORMAL PERIOD 1981 TO 2010
CLIMATE RECORD PERIOD 1870 TO 2016


WEATHER ITEM   OBSERVED TIME   RECORD YEAR NORMAL DEPARTURE LAST
                VALUE   (LST)  VALUE       VALUE  FROM      YEAR
                                                  NORMAL
..................................................................
TEMPERATURE (F)
 YESTERDAY
  MAXIMUM         62    355 PM  94    1906  69     -7       80
  MINIMUM         39   1128 PM  26    1940  45     -6       45
  AVERAGE         51                        57     -6       63

PRECIPITATION (IN)
  YESTERDAY        0.00          3.01 1948   0.14  -0.14     0.00
  MONTH TO DATE    0.51                      1.62  -1.11     3.51
  SINCE MAR 1      4.33                      6.03  -1.70     9.78
  SINCE JAN 1     10.91                     13.60  -2.69    15.66

SNOWFALL (IN)
  YESTERDAY        0.0           0.0    MM   0.1   -0.1      0.0
  MONTH TO DATE    0.0                       0.2   -0.2      0.0
  SINCE MAR 1      T                         1.3   -1.3      7.2
  SINCE JUL 1     24.0                       9.1   14.9     23.5
  SNOW DEPTH       0

DEGREE DAYS
 HEATING
  YESTERDAY       14                         9      5        2
  MONTH TO DATE  161                       129     32       66
  SINCE MAR 1    510                       649   -139      606
  SINCE JUL 1   3110                      3847   -737     4141

 COOLING
  YESTERDAY        0                         1     -1        0
  MONTH TO DATE    0                        11    -11       26
  SINCE MAR 1      1                        16    -15       26
  SINCE JAN 1      1                        16    -15       26
..................................................................


WIND (MPH)
  HIGHEST WIND SPEED    17   HIGHEST WIND DIRECTION    NE (40)
  HIGHEST GUST SPEED    21   HIGHEST GUST DIRECTION    NE (60)
  AVERAGE WIND SPEED     6.7


SKY COVER
  POSSIBLE SUNSHINE  MM
  AVERAGE SKY COVER 0.1


WEATHER CONDITIONS
 THE FOLLOWING WEATHER WAS RECORDED YESTERDAY.
  NO SIGNIFICANT WEATHER WAS OBSERVED.


RELATIVE HUMIDITY (PERCENT)
 HIGHEST    86           600 AM
 LOWEST     36           100 PM
 AVERAGE    61

..........................................................


THE BOWLING GREEN KY CLIMATE NORMALS FOR TODAY
                         NORMAL    RECORD    YEAR
 MAXIMUM TEMPERATURE (F)   69        91      1930
 MINIMUM TEMPERATURE (F)   45        24      1950


SUNRISE AND SUNSET
APRIL 13 2016.........SUNRISE   614 AM CDT   SUNSET   719 PM CDT
APRIL 14 2016.........SUNRISE   612 AM CDT   SUNSET   720 PM CDT


-  INDICATES NEGATIVE NUMBERS.
R  INDICATES RECORD WAS SET OR TIED.
MM INDICATES DATA IS MISSING.
T  INDICATES TRACE AMOUNT.




$$
