000
CDUS43 KLMK 042031
CLIBWG


CLIMATE REPORT
NATIONAL WEATHER SERVICE LOUISVILLE KY
430 PM EDT THU MAY 4 2017


...................................

...THE BOWLING GREEN CLIMATE SUMMARY FOR MAY 4 2017...
VALID TODAY AS OF 0400 PM LOCAL TIME.

CLIMATE NORMAL PERIOD 1981 TO 2010
CLIMATE RECORD PERIOD 1870 TO 2017


WEATHER ITEM   OBSERVED TIME   RECORD YEAR NORMAL DEPARTURE LAST
                VALUE   (LST)  VALUE       VALUE  FROM      YEAR
                                                  NORMAL
..................................................................
TEMPERATURE (F)
 TODAY
  MAXIMUM         67   1110 AM  95    1901  75     -8       66
  MINIMUM         60    151 AM  32    1976  51      9       47
                                      1954
  AVERAGE         64                        63      1       57

PRECIPITATION (IN)
  TODAY            0.07          1.65 2013   0.19  -0.12     0.13
  MONTH TO DATE    0.26                      0.72  -0.46     0.54
  SINCE MAR 1      8.63                      9.47  -0.84     5.89
  SINCE JAN 1     15.21                     17.04  -1.83    12.47

SNOWFALL (IN)
  TODAY            0.0           0.0    MM   0.0    0.0      0.0
  MONTH TO DATE    0.0                       0.0    0.0      0.0
  SINCE MAR 1      T                         1.3   -1.3       T
  SINCE JUL 1      0.7                       9.1   -8.4     24.0
  SNOW DEPTH       0

DEGREE DAYS
 HEATING
  TODAY            1                         4     -3        8
  MONTH TO DATE   11                        17     -6       17
  SINCE MAR 1    559                       788   -229      554
  SINCE JUL 1   2940                      3986  -1046     3154

 COOLING
  TODAY            0                         2     -2        0
  MONTH TO DATE    0                         8     -8        8
  SINCE MAR 1     90                        44     46       52
  SINCE JAN 1     94                        44     50       52
..................................................................


WIND (MPH)
  HIGHEST WIND SPEED    30   HIGHEST WIND DIRECTION     S (170)
  HIGHEST GUST SPEED    38   HIGHEST GUST DIRECTION     S (170)
  AVERAGE WIND SPEED    11.1


SKY COVER
  POSSIBLE SUNSHINE  MM
  AVERAGE SKY COVER 1.0


WEATHER CONDITIONS
 THE FOLLOWING WEATHER WAS RECORDED TODAY.
  RAIN
  LIGHT RAIN
  FOG


RELATIVE HUMIDITY (PERCENT)
 HIGHEST    90           900 AM
 LOWEST     72          1200 AM
 AVERAGE    81

..........................................................


THE BOWLING GREEN CLIMATE NORMALS FOR TOMORROW
                         NORMAL    RECORD    YEAR
 MAXIMUM TEMPERATURE (F)   75        94      1952
 MINIMUM TEMPERATURE (F)   52        35      1907
                                             1903


SUNRISE AND SUNSET
MAY  4 2017...........SUNRISE   548 AM CDT   SUNSET   738 PM CDT
MAY  5 2017...........SUNRISE   547 AM CDT   SUNSET   738 PM CDT


-  INDICATES NEGATIVE NUMBERS.
R  INDICATES RECORD WAS SET OR TIED.
MM INDICATES DATA IS MISSING.
T  INDICATES TRACE AMOUNT.




$$
