759
CDUS43 KLMK 062135
CLIBWG


CLIMATE REPORT
NATIONAL WEATHER SERVICE LOUISVILLE KY
435 PM EST SAT FEB 6 2016


...................................

...THE BOWLING GREEN CLIMATE SUMMARY FOR FEBRUARY 6 2016...
VALID TODAY AS OF 0400 PM LOCAL TIME.

CLIMATE NORMAL PERIOD 1981 TO 2010
CLIMATE RECORD PERIOD 1870 TO 2016


WEATHER ITEM   OBSERVED TIME   RECORD YEAR NORMAL DEPARTURE LAST
                VALUE   (LST)  VALUE       VALUE  FROM      YEAR
                                                  NORMAL
..................................................................
TEMPERATURE (F)
 TODAY
  MAXIMUM         54    235 PM  69    2008  48      6       49
                                      1925
  MINIMUM         25    704 AM  -2    1886  28     -3       14
  AVERAGE         40                        38      2       32

PRECIPITATION (IN)
  TODAY            0.00          1.30 2008   0.15  -0.15     0.00
  MONTH TO DATE    1.77                      0.88   0.89     1.00
  SINCE DEC 1      8.81                      9.29  -0.48     4.57
  SINCE JAN 1      3.58                      4.49  -0.91     2.88

SNOWFALL (IN)
  TODAY            0.0           3.0  1998   0.1   -0.1      0.0
                                      1980
  MONTH TO DATE    0.0                       0.9   -0.9       T
  SINCE DEC 1     14.8                       5.4    9.4      3.4
  SINCE JUL 1     14.8                       5.4    9.4      3.7
  SNOW DEPTH       0

DEGREE DAYS
 HEATING
  TODAY           25                        27     -2       33
  MONTH TO DATE  124                       166    -42      179
  SINCE DEC 1   1509                      1895   -386     1827
  SINCE JUL 1   2047                      2658   -611     2724

 COOLING
  TODAY            0                         0      0        0
  MONTH TO DATE    0                         0      0        0
  SINCE DEC 1      2                         1      1        0
  SINCE JAN 1      0                         0      0        0
..................................................................


WIND (MPH)
  HIGHEST WIND SPEED    13   HIGHEST WIND DIRECTION    SW (210)
  HIGHEST GUST SPEED    17   HIGHEST GUST DIRECTION    SW (210)
  AVERAGE WIND SPEED     4.2


SKY COVER
  POSSIBLE SUNSHINE  MM
  AVERAGE SKY COVER 0.0


WEATHER CONDITIONS
 THE FOLLOWING WEATHER WAS RECORDED TODAY.
  NO SIGNIFICANT WEATHER WAS OBSERVED.


RELATIVE HUMIDITY (PERCENT)
 HIGHEST    88           700 AM
 LOWEST     28           100 PM
 AVERAGE    58

..........................................................


THE BOWLING GREEN CLIMATE NORMALS FOR TOMORROW
                         NORMAL    RECORD    YEAR
 MAXIMUM TEMPERATURE (F)   48        71      1931
 MINIMUM TEMPERATURE (F)   28        -5      1984


SUNRISE AND SUNSET
FEBRUARY  6 2016......SUNRISE   644 AM CST   SUNSET   516 PM CST
FEBRUARY  7 2016......SUNRISE   643 AM CST   SUNSET   517 PM CST


-  INDICATES NEGATIVE NUMBERS.
R  INDICATES RECORD WAS SET OR TIED.
MM INDICATES DATA IS MISSING.
T  INDICATES TRACE AMOUNT.




$$
