000
CDUS43 KLMK 182031
CLIBWG


CLIMATE REPORT
NATIONAL WEATHER SERVICE LOUISVILLE KY
430 PM EDT WED MAR 18 2015


...................................

...THE BOWLING GREEN CLIMATE SUMMARY FOR MARCH 18 2015...
VALID TODAY AS OF 0400 PM LOCAL TIME.

CLIMATE NORMAL PERIOD 1981 TO 2010
CLIMATE RECORD PERIOD 1870 TO 2015


WEATHER ITEM   OBSERVED TIME   RECORD YEAR NORMAL DEPARTURE LAST
                VALUE   (LST)  VALUE       VALUE  FROM      YEAR
                                                  NORMAL
..................................................................
TEMPERATURE (F)
 TODAY
  MAXIMUM         50    213 PM  87    1908  61    -11       58
  MINIMUM         36   1200 AM  14    1902  38     -2       37
  AVERAGE         43                        49     -6       48

PRECIPITATION (IN)
  TODAY            0.00          3.00 1919   0.14  -0.14     0.00
  MONTH TO DATE    5.76                      2.48   3.28     2.93
  SINCE MAR 1      5.76                      2.48   3.28     2.93
  SINCE JAN 1     11.64                     10.05   1.59    10.10

SNOWFALL (IN)
  TODAY            0.0           0.7  1949   0.0    0.0      0.0
  MONTH TO DATE    7.2                       0.6    6.6      4.8
  SINCE MAR 1      7.2                       0.6    6.6      4.8
  SINCE JUL 1     23.5                       8.4   15.1     10.1
  SNOW DEPTH       0

DEGREE DAYS
 HEATING
  TODAY           22                        16      6       17
  MONTH TO DATE  349                       337     12      417
  SINCE MAR 1    349                       337     12      417
  SINCE JUL 1   3884                      3535    349     4026

 COOLING
  TODAY            0                         0      0        0
  MONTH TO DATE    0                         0      0        0
  SINCE MAR 1      0                         0      0        0
  SINCE JAN 1      0                         0      0        0
..................................................................


WIND (MPH)
  HIGHEST WIND SPEED    16   HIGHEST WIND DIRECTION    NE (40)
  HIGHEST GUST SPEED    20   HIGHEST GUST DIRECTION    NE (30)
  AVERAGE WIND SPEED    10.4


SKY COVER
  POSSIBLE SUNSHINE   0 PERCENT
  AVERAGE SKY COVER 0.0


WEATHER CONDITIONS
 THE FOLLOWING WEATHER WAS RECORDED TODAY.
  NO SIGNIFICANT WEATHER WAS OBSERVED.


RELATIVE HUMIDITY (PERCENT)
 HIGHEST    MM
 LOWEST     MM
 AVERAGE    MM

..........................................................


THE BOWLING GREEN CLIMATE NORMALS FOR TOMORROW
                         NORMAL    RECORD    YEAR
 MAXIMUM TEMPERATURE (F)   61        86      1907
 MINIMUM TEMPERATURE (F)   38         8      1892


SUNRISE AND SUNSET
MARCH 18 2015.........SUNRISE   653 AM CDT   SUNSET   656 PM CDT
MARCH 19 2015.........SUNRISE   651 AM CDT   SUNSET   656 PM CDT


-  INDICATES NEGATIVE NUMBERS.
R  INDICATES RECORD WAS SET OR TIED.
MM INDICATES DATA IS MISSING.
T  INDICATES TRACE AMOUNT.




$$
