000
CDUS43 KLMK 312027 RRB
CLIBWG

CLIMATE REPORT
NATIONAL WEATHER SERVICE LOUISVILLE KY
426 PM EDT TUE OCT 31 2017


...................................

...THE BOWLING GREEN CLIMATE SUMMARY FOR OCTOBER 31 2017...
VALID TODAY AS OF 0400 PM LOCAL TIME.

CLIMATE NORMAL PERIOD 1981 TO 2010
CLIMATE RECORD PERIOD 1870 TO 2017


WEATHER ITEM   OBSERVED TIME   RECORD YEAR NORMAL DEPARTURE LAST
                VALUE   (LST)  VALUE       VALUE  FROM      YEAR
                                                  NORMAL
..................................................................
TEMPERATURE (F)
 TODAY
  MAXIMUM         53    200 PM  87    1922  66    -13       83
  MINIMUM         34    611 AM  17    1887  42     -8       57
  AVERAGE         44                        54    -10       70

PRECIPITATION (IN)
  TODAY            0.00          2.70 1942   0.11  -0.11     0.00
  MONTH TO DATE    3.47                      3.38   0.09     0.56
  SINCE SEP 1      9.94                      7.31   2.63     2.13
  SINCE JAN 1     47.02                     40.87   6.15    40.05

SNOWFALL (IN)
  TODAY            0.0           0.9  1993   0.0    0.0      0.0
  MONTH TO DATE    T                         T      0.0      0.0
  SINCE SEP 1      T                         T      0.0      0.0
  SINCE JUL 1      T                         T      0.0      0.0
  SNOW DEPTH       0

DEGREE DAYS
 HEATING
  TODAY           21                        11     10        0
  MONTH TO DATE  201                       227    -26       67
  SINCE SEP 1    220                       262    -42       86
  SINCE JUL 1    220                       263    -43       86

 COOLING
  TODAY            0                         0      0        5
  MONTH TO DATE   66                        33     33      100
  SINCE SEP 1    236                       219     17      405
  SINCE JAN 1   1588                      1488    100     1964
..................................................................


WIND (MPH)
  HIGHEST WIND SPEED     7   HIGHEST WIND DIRECTION     N (20)
  HIGHEST GUST SPEED    11   HIGHEST GUST DIRECTION    SE (120)
  AVERAGE WIND SPEED     2.0


SKY COVER
  POSSIBLE SUNSHINE  MM
  AVERAGE SKY COVER 0.1


WEATHER CONDITIONS
 THE FOLLOWING WEATHER WAS RECORDED TODAY.
  NO SIGNIFICANT WEATHER WAS OBSERVED.


RELATIVE HUMIDITY (PERCENT)
 HIGHEST   100           300 AM
 LOWEST     41           100 PM
 AVERAGE    71

..........................................................


THE BOWLING GREEN CLIMATE NORMALS FOR TOMORROW
                         NORMAL    RECORD    YEAR
 MAXIMUM TEMPERATURE (F)   66        87      2016
 MINIMUM TEMPERATURE (F)   42        21      1913


SUNRISE AND SUNSET
OCTOBER 31 2017.......SUNRISE   709 AM CDT   SUNSET   549 PM CDT
NOVEMBER  1 2017......SUNRISE   710 AM CDT   SUNSET   548 PM CDT


-  INDICATES NEGATIVE NUMBERS.
R  INDICATES RECORD WAS SET OR TIED.
MM INDICATES DATA IS MISSING.
T  INDICATES TRACE AMOUNT.




$$
