000
CDUS43 KLMK 090628
CLIBWG


CLIMATE REPORT
NATIONAL WEATHER SERVICE LOUISVILLE KY
227 AM EDT TUE SEP 9 2014


...................................

...THE BOWLING GREEN KY CLIMATE SUMMARY FOR SEPTEMBER 8 2014...

CLIMATE NORMAL PERIOD 1981 TO 2010
CLIMATE RECORD PERIOD 1870 TO 2014


WEATHER ITEM   OBSERVED TIME   RECORD YEAR NORMAL DEPARTURE LAST
                VALUE   (LST)  VALUE       VALUE  FROM      YEAR
                                                  NORMAL
..................................................................
TEMPERATURE (F)
 YESTERDAY
  MAXIMUM         78    245 PM 103    1939  85     -7       88
  MINIMUM         59    505 AM  47    1956  61     -2       67
                                      1898
  AVERAGE         69                        73     -4       78

PRECIPITATION (IN)
  YESTERDAY        0.00          1.32 1914   0.13  -0.13      T
  MONTH TO DATE    0.13                      1.00  -0.87     0.84
  SINCE SEP 1      0.13                      1.00  -0.87     0.84
  SINCE JAN 1     36.29                     34.56   1.73    43.54

SNOWFALL (IN)
  YESTERDAY        0.0           0.0    MM   0.0    0.0      0.0
  MONTH TO DATE    0.0                       0.0    0.0      0.0
  SINCE SEP 1      0.0                       0.0    0.0      0.0
  SINCE JUL 1      0.0                       0.0    0.0      0.0
  SNOW DEPTH       0

DEGREE DAYS
 HEATING
  YESTERDAY        0                         0      0        0
  MONTH TO DATE    0                         0      0        0
  SINCE SEP 1      0                         0      0        0
  SINCE JUL 1      0                         1     -1        0

 COOLING
  YESTERDAY        4                         8     -4       13
  MONTH TO DATE   96                        74     22       79
  SINCE SEP 1     96                        74     22       79
  SINCE JAN 1   1373                      1343     30     1339
..................................................................


WIND (MPH)
  HIGHEST WIND SPEED     9   HIGHEST WIND DIRECTION     S (160)
  HIGHEST GUST SPEED    12   HIGHEST GUST DIRECTION    SE (140)
  AVERAGE WIND SPEED     2.3


SKY COVER
  POSSIBLE SUNSHINE  MM
  AVERAGE SKY COVER 0.3


WEATHER CONDITIONS
 THE FOLLOWING WEATHER WAS RECORDED YESTERDAY.
  FOG


RELATIVE HUMIDITY (PERCENT)
 HIGHEST    93           800 PM
 LOWEST     67          1200 AM
 AVERAGE    80

..........................................................


THE BOWLING GREEN KY CLIMATE NORMALS FOR TODAY
                         NORMAL    RECORD    YEAR
 MAXIMUM TEMPERATURE (F)   85       103      1939
 MINIMUM TEMPERATURE (F)   61        44      1958


SUNRISE AND SUNSET
SEPTEMBER  9 2014.....SUNRISE   623 AM CDT   SUNSET   702 PM CDT
SEPTEMBER 10 2014.....SUNRISE   624 AM CDT   SUNSET   701 PM CDT


-  INDICATES NEGATIVE NUMBERS.
R  INDICATES RECORD WAS SET OR TIED.
MM INDICATES DATA IS MISSING.
T  INDICATES TRACE AMOUNT.




$$
