000
CDUS43 KLMK 172128 RRD
CLIBWG

CLIMATE REPORT
NATIONAL WEATHER SERVICE LOUISVILLE KY
427 PM EST THU NOV 17 2016


...................................

...THE BOWLING GREEN CLIMATE SUMMARY FOR NOVEMBER 17 2016...
VALID TODAY AS OF 0400 PM LOCAL TIME.

CLIMATE NORMAL PERIOD 1981 TO 2010
CLIMATE RECORD PERIOD 1870 TO 2016


WEATHER ITEM   OBSERVED TIME   RECORD YEAR NORMAL DEPARTURE LAST
                VALUE   (LST)  VALUE       VALUE  FROM      YEAR
                                                  NORMAL
..................................................................
TEMPERATURE (F)
 TODAY
  MAXIMUM         80R   111 PM  80    1958  59     21       71
  MINIMUM         39    647 AM  11    1901  37      2       53
  AVERAGE         60                        48     12       62

PRECIPITATION (IN)
  TODAY            0.00          2.09 1980   0.14  -0.14     0.06
  MONTH TO DATE    0.02                      2.23  -2.21     1.21
  SINCE SEP 1      2.15                      9.54  -7.39     9.96
  SINCE JAN 1     40.07                     43.10  -3.03    45.00

SNOWFALL (IN)
  TODAY            0.0           1.0  1937   0.0    0.0      0.0
  MONTH TO DATE    0.0                       0.0    0.0      0.0
  SINCE SEP 1      0.0                       T      0.0      0.0
  SINCE JUL 1      0.0                       T      0.0      0.0
  SNOW DEPTH       0

DEGREE DAYS
 HEATING
  TODAY            5                        17    -12        3
  MONTH TO DATE  169                       243    -74      158
  SINCE SEP 1    255                       505   -250      344
  SINCE JUL 1    255                       506   -251      344

 COOLING
  TODAY            0                         0      0        0
  MONTH TO DATE   15                         0     15        9
  SINCE SEP 1    420                       219    201      290
  SINCE JAN 1   1979                      1488    491     1671
..................................................................


WIND (MPH)
  HIGHEST WIND SPEED    13   HIGHEST WIND DIRECTION    SW (210)
  HIGHEST GUST SPEED    20   HIGHEST GUST DIRECTION    SW (220)
  AVERAGE WIND SPEED     3.9


SKY COVER
  POSSIBLE SUNSHINE  MM
  AVERAGE SKY COVER 0.0


WEATHER CONDITIONS
 THE FOLLOWING WEATHER WAS RECORDED TODAY.
  FOG


RELATIVE HUMIDITY (PERCENT)
 HIGHEST   100           700 AM
 LOWEST     30           300 PM
 AVERAGE    65

..........................................................


THE BOWLING GREEN CLIMATE NORMALS FOR TOMORROW
                         NORMAL    RECORD    YEAR
 MAXIMUM TEMPERATURE (F)   58        82      1930
 MINIMUM TEMPERATURE (F)   37        10      1891


SUNRISE AND SUNSET
NOVEMBER 17 2016......SUNRISE   627 AM CST   SUNSET   434 PM CST
NOVEMBER 18 2016......SUNRISE   628 AM CST   SUNSET   434 PM CST


-  INDICATES NEGATIVE NUMBERS.
R  INDICATES RECORD WAS SET OR TIED.
MM INDICATES DATA IS MISSING.
T  INDICATES TRACE AMOUNT.




$$
