000
CDUS43 KLMK 112031
CLIBWG


CLIMATE REPORT
NATIONAL WEATHER SERVICE LOUISVILLE KY
430 PM EDT SAT OCT 11 2014


...................................

...THE BOWLING GREEN CLIMATE SUMMARY FOR OCTOBER 11 2014...
VALID TODAY AS OF 0400 PM LOCAL TIME.

CLIMATE NORMAL PERIOD 1981 TO 2010
CLIMATE RECORD PERIOD 1870 TO 2014


WEATHER ITEM   OBSERVED TIME   RECORD YEAR NORMAL DEPARTURE LAST
                VALUE   (LST)  VALUE       VALUE  FROM      YEAR
                                                  NORMAL
..................................................................
TEMPERATURE (F)
 TODAY
  MAXIMUM         59   1219 AM  90    1963  73    -14       79
  MINIMUM         55    724 AM  28    1906  48      7       47
  AVERAGE         57                        60     -3       63

PRECIPITATION (IN)
  TODAY            0.00          1.26 1926   0.10  -0.10     0.00
  MONTH TO DATE    2.12                      1.21   0.91     2.07
  SINCE SEP 1      2.49                      5.14  -2.65     7.16
  SINCE JAN 1     38.65                     38.70  -0.05    49.86

SNOWFALL (IN)
  TODAY            0.0           0.0    MM   0.0    0.0      0.0
  MONTH TO DATE    0.0                       0.0    0.0      0.0
  SINCE SEP 1      0.0                       0.0    0.0      0.0
  SINCE JUL 1      0.0                       0.0    0.0      0.0
  SNOW DEPTH       0

DEGREE DAYS
 HEATING
  TODAY            8                         6      2        2
  MONTH TO DATE   37                        54    -17       23
  SINCE SEP 1     61                        89    -28       35
  SINCE JUL 1     61                        90    -29       35

 COOLING
  TODAY            0                         1     -1        0
  MONTH TO DATE   20                        20      0       40
  SINCE SEP 1    199                       206     -7      232
  SINCE JAN 1   1476                      1475      1     1492
..................................................................


WIND (MPH)
  HIGHEST WIND SPEED    12   HIGHEST WIND DIRECTION    NE (60)
  HIGHEST GUST SPEED    13   HIGHEST GUST DIRECTION    NE (30)
  AVERAGE WIND SPEED     5.6


SKY COVER
  POSSIBLE SUNSHINE  MM
  AVERAGE SKY COVER 1.0


WEATHER CONDITIONS
 THE FOLLOWING WEATHER WAS RECORDED TODAY.
  FOG


RELATIVE HUMIDITY (PERCENT)
 HIGHEST    93           200 AM
 LOWEST     80          1000 AM
 AVERAGE    87

..........................................................


THE BOWLING GREEN CLIMATE NORMALS FOR TOMORROW
                         NORMAL    RECORD    YEAR
 MAXIMUM TEMPERATURE (F)   73        94      1930
 MINIMUM TEMPERATURE (F)   47        30      1906


SUNRISE AND SUNSET
OCTOBER 11 2014.......SUNRISE   650 AM CDT   SUNSET   615 PM CDT
OCTOBER 12 2014.......SUNRISE   651 AM CDT   SUNSET   613 PM CDT


-  INDICATES NEGATIVE NUMBERS.
R  INDICATES RECORD WAS SET OR TIED.
MM INDICATES DATA IS MISSING.
T  INDICATES TRACE AMOUNT.




$$
