000
CDUS43 KLMK 180626
CLIBWG


CLIMATE REPORT
NATIONAL WEATHER SERVICE LOUISVILLE KY
226 AM EDT SUN JUN 18 2017


...................................

...THE BOWLING GREEN KY CLIMATE SUMMARY FOR JUNE 17 2017...

CLIMATE NORMAL PERIOD 1981 TO 2010
CLIMATE RECORD PERIOD 1870 TO 2017


WEATHER ITEM   OBSERVED TIME   RECORD YEAR NORMAL DEPARTURE LAST
                VALUE   (LST)  VALUE       VALUE  FROM      YEAR
                                                  NORMAL
..................................................................
TEMPERATURE (F)
 YESTERDAY
  MAXIMUM         89    446 PM 101    1936  87      2       84
                                      1918
  MINIMUM         67    456 AM  45    1917  65      2       70
  AVERAGE         78                        76      2       77

PRECIPITATION (IN)
  YESTERDAY        0.00          1.43 1912   0.14  -0.14     0.00
  MONTH TO DATE    5.58                      2.46   3.12     1.17
  SINCE JUN 1      5.58                      2.46   3.12     1.17
  SINCE JAN 1     25.88                     24.39   1.49    20.34

SNOWFALL (IN)
  YESTERDAY        0.0           0.0    MM   0.0    0.0      0.0
  MONTH TO DATE    0.0                       0.0    0.0      0.0
  SINCE JUN 1      0.0                       0.0    0.0      0.0
  SINCE JUL 1      0.7                       9.1   -8.4     24.0
  SNOW DEPTH       0

DEGREE DAYS
 HEATING
  YESTERDAY        0                         0      0        0
  MONTH TO DATE    0                         3     -3        0
  SINCE JUN 1      0                         3     -3        0
  SINCE JUL 1   2989                      4046  -1057     3230

 COOLING
  YESTERDAY       13                        11      2       12
  MONTH TO DATE  152                       148      4      200
  SINCE JUN 1    152                       148      4      200
  SINCE JAN 1    401                       301    100      366
..................................................................


WIND (MPH)
  HIGHEST WIND SPEED    16   HIGHEST WIND DIRECTION     S (200)
  HIGHEST GUST SPEED    22   HIGHEST GUST DIRECTION     S (160)
  AVERAGE WIND SPEED     6.9


SKY COVER
  POSSIBLE SUNSHINE  MM
  AVERAGE SKY COVER 0.1


WEATHER CONDITIONS
 THE FOLLOWING WEATHER WAS RECORDED YESTERDAY.
  FOG


RELATIVE HUMIDITY (PERCENT)
 HIGHEST   100           100 AM
 LOWEST     47           400 PM
 AVERAGE    74

..........................................................


THE BOWLING GREEN KY CLIMATE NORMALS FOR TODAY
                         NORMAL    RECORD    YEAR
 MAXIMUM TEMPERATURE (F)   87       100      1931
 MINIMUM TEMPERATURE (F)   65        47      1903


SUNRISE AND SUNSET
JUNE 18 2017..........SUNRISE   526 AM CDT   SUNSET   808 PM CDT
JUNE 19 2017..........SUNRISE   526 AM CDT   SUNSET   808 PM CDT


-  INDICATES NEGATIVE NUMBERS.
R  INDICATES RECORD WAS SET OR TIED.
MM INDICATES DATA IS MISSING.
T  INDICATES TRACE AMOUNT.




$$
