174
CDUS43 KLMK 162034
CLIBWG


CLIMATE REPORT
NATIONAL WEATHER SERVICE LOUISVILLE KY
434 PM EDT SUN APR 16 2017


...................................

...THE BOWLING GREEN CLIMATE SUMMARY FOR APRIL 16 2017...
VALID TODAY AS OF 0400 PM LOCAL TIME.

CLIMATE NORMAL PERIOD 1981 TO 2010
CLIMATE RECORD PERIOD 1870 TO 2017


WEATHER ITEM   OBSERVED TIME   RECORD YEAR NORMAL DEPARTURE LAST
                VALUE   (LST)  VALUE       VALUE  FROM      YEAR
                                                  NORMAL
..................................................................
TEMPERATURE (F)
 TODAY
  MAXIMUM         81    226 PM  89    1924  70     11       77
  MINIMUM         67   1116 AM  27    2014  46     21       48
                                      1928
  AVERAGE         74                        58     16       63

PRECIPITATION (IN)
  TODAY            0.38          2.47 1947   0.14   0.24     0.00
  MONTH TO DATE    1.62                      2.16  -0.54     0.59
  SINCE MAR 1      5.41                      6.57  -1.16     4.41
  SINCE JAN 1     11.99                     14.14  -2.15    10.99

SNOWFALL (IN)
  TODAY            0.0           0.0    MM   0.0    0.0      0.0
  MONTH TO DATE    0.0                       0.2   -0.2      0.0
  SINCE MAR 1      T                         1.3   -1.3       T
  SINCE JUL 1      0.7                       9.1   -8.4     24.0
  SNOW DEPTH       0

DEGREE DAYS
 HEATING
  TODAY            0                         8     -8        2
  MONTH TO DATE   78                       163    -85      178
  SINCE MAR 1    517                       683   -166      527
  SINCE JUL 1   2898                      3881   -983     3127

 COOLING
  TODAY            9                         1      8        0
  MONTH TO DATE   30                        15     15        2
  SINCE MAR 1     36                        20     16        3
  SINCE JAN 1     40                        20     20        3
..................................................................


WIND (MPH)
  HIGHEST WIND SPEED    20   HIGHEST WIND DIRECTION    SW (230)
  HIGHEST GUST SPEED    26   HIGHEST GUST DIRECTION    SW (220)
  AVERAGE WIND SPEED    10.8


SKY COVER
  POSSIBLE SUNSHINE  MM
  AVERAGE SKY COVER 0.8


WEATHER CONDITIONS
 THE FOLLOWING WEATHER WAS RECORDED TODAY.
  HEAVY RAIN
  RAIN
  LIGHT RAIN
  FOG


RELATIVE HUMIDITY (PERCENT)
 HIGHEST    73           100 PM
 LOWEST     52           200 PM
 AVERAGE    63

..........................................................


THE BOWLING GREEN CLIMATE NORMALS FOR TOMORROW
                         NORMAL    RECORD    YEAR
 MAXIMUM TEMPERATURE (F)   70        90      1955
                                             1914
                                             1909
 MINIMUM TEMPERATURE (F)   46        18      1875


SUNRISE AND SUNSET
APRIL 16 2017.........SUNRISE   610 AM CDT   SUNSET   722 PM CDT
APRIL 17 2017.........SUNRISE   609 AM CDT   SUNSET   722 PM CDT


-  INDICATES NEGATIVE NUMBERS.
R  INDICATES RECORD WAS SET OR TIED.
MM INDICATES DATA IS MISSING.
T  INDICATES TRACE AMOUNT.




$$
