000
CDUS43 KLMK 272134
CLIBWG


CLIMATE REPORT
NATIONAL WEATHER SERVICE LOUISVILLE KY
433 PM EST TUE DEC 27 2016


...................................

...THE BOWLING GREEN CLIMATE SUMMARY FOR DECEMBER 27 2016...
VALID TODAY AS OF 0400 PM LOCAL TIME.

CLIMATE NORMAL PERIOD 1981 TO 2010
CLIMATE RECORD PERIOD 1870 TO 2016


WEATHER ITEM   OBSERVED TIME   RECORD YEAR NORMAL DEPARTURE LAST
                VALUE   (LST)  VALUE       VALUE  FROM      YEAR
                                                  NORMAL
..................................................................
TEMPERATURE (F)
 TODAY
  MAXIMUM         55   1233 AM  72    2015  45     10       72
  MINIMUM         40    750 AM   0    1894  27     13       51
  AVERAGE         48                        36     12       62

PRECIPITATION (IN)
  TODAY            0.39          3.04 1904   0.14   0.25      T
  MONTH TO DATE    4.40                      4.27   0.13     4.46
  SINCE DEC 1      4.40                      4.27   0.13     4.46
  SINCE JAN 1     46.36                     49.36  -3.00    53.71

SNOWFALL (IN)
  TODAY            0.0           4.0  1894   0.1   -0.1      0.0
  MONTH TO DATE    T                         0.9   -0.9       T
  SINCE DEC 1      T                         0.9   -0.9       T
  SINCE JUL 1      T                         0.9   -0.9       T
  SNOW DEPTH       0

DEGREE DAYS
 HEATING
  TODAY           17                        29    -12        3
  MONTH TO DATE  695                       703     -8      369
  SINCE DEC 1    695                       703     -8      369
  SINCE JUL 1   1181                      1466   -285      907

 COOLING
  TODAY            0                         0      0        0
  MONTH TO DATE    0                         0      0        2
  SINCE DEC 1      0                         0      0        2
  SINCE JAN 1   1979                      1491    488     1673
..................................................................


WIND (MPH)
  HIGHEST WIND SPEED    15   HIGHEST WIND DIRECTION    NW (310)
  HIGHEST GUST SPEED    20   HIGHEST GUST DIRECTION    NW (310)
  AVERAGE WIND SPEED     6.8


SKY COVER
  POSSIBLE SUNSHINE  MM
  AVERAGE SKY COVER 0.5


WEATHER CONDITIONS
 THE FOLLOWING WEATHER WAS RECORDED TODAY.
  HEAVY RAIN
  RAIN
  LIGHT RAIN
  FOG
  HAZE


RELATIVE HUMIDITY (PERCENT)
 HIGHEST    96           200 AM
 LOWEST     39           100 PM
 AVERAGE    68

..........................................................


THE BOWLING GREEN CLIMATE NORMALS FOR TOMORROW
                         NORMAL    RECORD    YEAR
 MAXIMUM TEMPERATURE (F)   45        72      2015
 MINIMUM TEMPERATURE (F)   27        -1      1894


SUNRISE AND SUNSET
DECEMBER 27 2016......SUNRISE   658 AM CST   SUNSET   436 PM CST
DECEMBER 28 2016......SUNRISE   658 AM CST   SUNSET   437 PM CST


-  INDICATES NEGATIVE NUMBERS.
R  INDICATES RECORD WAS SET OR TIED.
MM INDICATES DATA IS MISSING.
T  INDICATES TRACE AMOUNT.




$$
