000
CDUS43 KLMK 282037
CLIBWG


CLIMATE REPORT
NATIONAL WEATHER SERVICE LOUISVILLE KY
436 PM EDT THU SEP 28 2017


...................................

...THE BOWLING GREEN CLIMATE SUMMARY FOR SEPTEMBER 28 2017...
VALID TODAY AS OF 0400 PM LOCAL TIME.

CLIMATE NORMAL PERIOD 1981 TO 2010
CLIMATE RECORD PERIOD 1870 TO 2017


WEATHER ITEM   OBSERVED TIME   RECORD YEAR NORMAL DEPARTURE LAST
                VALUE   (LST)  VALUE       VALUE  FROM      YEAR
                                                  NORMAL
..................................................................
TEMPERATURE (F)
 TODAY
  MAXIMUM         78    200 PM  95    1939  78      0       82
                                      1911
  MINIMUM         63    614 AM  32    1889  53     10       51
  AVERAGE         71                        65      6       67

PRECIPITATION (IN)
  TODAY            0.00          1.69 1916   0.14  -0.14     0.14
  MONTH TO DATE    6.47                      3.67   2.80     1.47
  SINCE SEP 1      6.47                      3.67   2.80     1.47
  SINCE JAN 1     43.55                     37.23   6.32    39.39

SNOWFALL (IN)
  TODAY            0.0           0.0    MM   0.0    0.0      0.0
  MONTH TO DATE    0.0                       0.0    0.0      0.0
  SINCE SEP 1      0.0                       0.0    0.0      0.0
  SINCE JUL 1      0.0                       0.0    0.0      0.0
  SNOW DEPTH       0

DEGREE DAYS
 HEATING
  TODAY            0                         3     -3        0
  MONTH TO DATE   18                        26     -8        4
  SINCE SEP 1     18                        26     -8        4
  SINCE JUL 1     18                        27     -9        4

 COOLING
  TODAY            6                         3      3        2
  MONTH TO DATE  170                       180    -10      305
  SINCE SEP 1    170                       180    -10      305
  SINCE JAN 1   1522                      1449     73     1864
..................................................................


WIND (MPH)
  HIGHEST WIND SPEED    12   HIGHEST WIND DIRECTION    NE (30)
  HIGHEST GUST SPEED    15   HIGHEST GUST DIRECTION     N (20)
  AVERAGE WIND SPEED     4.6


SKY COVER
  POSSIBLE SUNSHINE  MM
  AVERAGE SKY COVER 0.0


WEATHER CONDITIONS
 THE FOLLOWING WEATHER WAS RECORDED TODAY.
  NO SIGNIFICANT WEATHER WAS OBSERVED.


RELATIVE HUMIDITY (PERCENT)
 HIGHEST    84           100 AM
 LOWEST     40           100 PM
 AVERAGE    62

..........................................................


THE BOWLING GREEN CLIMATE NORMALS FOR TOMORROW
                         NORMAL    RECORD    YEAR
 MAXIMUM TEMPERATURE (F)   77        98      1953
 MINIMUM TEMPERATURE (F)   52        31      1888


SUNRISE AND SUNSET
SEPTEMBER 28 2017.....SUNRISE   639 AM CDT   SUNSET   633 PM CDT
SEPTEMBER 29 2017.....SUNRISE   640 AM CDT   SUNSET   632 PM CDT


-  INDICATES NEGATIVE NUMBERS.
R  INDICATES RECORD WAS SET OR TIED.
MM INDICATES DATA IS MISSING.
T  INDICATES TRACE AMOUNT.




$$
