000
CDUS43 KLMK 280633
CLIBWG


CLIMATE REPORT
NATIONAL WEATHER SERVICE LOUISVILLE KY
132 AM EST THU JAN 28 2016


...................................

...THE BOWLING GREEN KY CLIMATE SUMMARY FOR JANUARY 27 2016...

CLIMATE NORMAL PERIOD 1981 TO 2010
CLIMATE RECORD PERIOD 1870 TO 2016


WEATHER ITEM   OBSERVED TIME   RECORD YEAR NORMAL DEPARTURE LAST
                VALUE   (LST)  VALUE       VALUE  FROM      YEAR
                                                  NORMAL
..................................................................
TEMPERATURE (F)
 YESTERDAY
  MAXIMUM         38    353 PM  70    1944  46     -8       36
  MINIMUM         22   1145 PM  -9    1963  27     -5       31
  AVERAGE         30                        36     -6       34

PRECIPITATION (IN)
  YESTERDAY        0.00          2.86 2009   0.12  -0.12      T
  MONTH TO DATE    1.79                      3.10  -1.31     1.84
  SINCE DEC 1      7.02                      7.90  -0.88     3.53
  SINCE JAN 1      1.79                      3.10  -1.31     1.84

SNOWFALL (IN)
  YESTERDAY        0.0           5.0  1985   0.2   -0.2       T
  MONTH TO DATE   14.8                       2.8   12.0      3.4
  SINCE DEC 1     14.8                       4.0   10.8      3.4
  SINCE JUL 1     14.8                       4.0   10.8      3.7
  SNOW DEPTH       T

DEGREE DAYS
 HEATING
  YESTERDAY       35                        29      6       31
  MONTH TO DATE  870                       796     74      824
  SINCE DEC 1   1311                      1617   -306     1540
  SINCE JUL 1   1849                      2380   -531     2437

 COOLING
  YESTERDAY        0                         0      0        0
  MONTH TO DATE    0                         0      0        0
  SINCE DEC 1      2                         1      1        0
  SINCE JAN 1      0                         0      0        0
..................................................................


WIND (MPH)
  HIGHEST WIND SPEED     9   HIGHEST WIND DIRECTION     E (80)
  HIGHEST GUST SPEED    13   HIGHEST GUST DIRECTION     N (10)
  AVERAGE WIND SPEED     3.1


SKY COVER
  POSSIBLE SUNSHINE  MM
  AVERAGE SKY COVER 0.6


WEATHER CONDITIONS
 THE FOLLOWING WEATHER WAS RECORDED YESTERDAY.
  NO SIGNIFICANT WEATHER WAS OBSERVED.


RELATIVE HUMIDITY (PERCENT)
 HIGHEST    88           900 PM
 LOWEST     54           200 PM
 AVERAGE    71

..........................................................


THE BOWLING GREEN KY CLIMATE NORMALS FOR TODAY
                         NORMAL    RECORD    YEAR
 MAXIMUM TEMPERATURE (F)   46        70      1916
                                             1914
 MINIMUM TEMPERATURE (F)   27       -18      1963


SUNRISE AND SUNSET
JANUARY 28 2016.......SUNRISE   652 AM CST   SUNSET   506 PM CST
JANUARY 29 2016.......SUNRISE   651 AM CST   SUNSET   507 PM CST


-  INDICATES NEGATIVE NUMBERS.
R  INDICATES RECORD WAS SET OR TIED.
MM INDICATES DATA IS MISSING.
T  INDICATES TRACE AMOUNT.




$$
