580
CDUS43 KLMK 122029
CLIBWG


CLIMATE REPORT
NATIONAL WEATHER SERVICE LOUISVILLE KY
429 PM EDT THU OCT 12 2017


...................................

...THE BOWLING GREEN CLIMATE SUMMARY FOR OCTOBER 12 2017...
VALID TODAY AS OF 0400 PM LOCAL TIME.

CLIMATE NORMAL PERIOD 1981 TO 2010
CLIMATE RECORD PERIOD 1870 TO 2017


WEATHER ITEM   OBSERVED TIME   RECORD YEAR NORMAL DEPARTURE LAST
                VALUE   (LST)  VALUE       VALUE  FROM      YEAR
                                                  NORMAL
..................................................................
TEMPERATURE (F)
 TODAY
  MAXIMUM         63    200 PM  94    1930  73    -10       82
  MINIMUM         57    314 AM  30    1906  47     10       49
  AVERAGE         60                        60      0       66

PRECIPITATION (IN)
  TODAY            0.00          1.77 2004   0.10  -0.10     0.00
  MONTH TO DATE    1.12                      1.31  -0.19      T
  SINCE SEP 1      7.59                      5.24   2.35     1.57
  SINCE JAN 1     44.67                     38.80   5.87    39.49

SNOWFALL (IN)
  TODAY            0.0           0.0    MM   0.0    0.0      0.0
  MONTH TO DATE    0.0                       0.0    0.0      0.0
  SINCE SEP 1      0.0                       0.0    0.0      0.0
  SINCE JUL 1      0.0                       0.0    0.0      0.0
  SNOW DEPTH       0

DEGREE DAYS
 HEATING
  TODAY            5                         6     -1        0
  MONTH TO DATE    5                        60    -55       13
  SINCE SEP 1     24                        95    -71       32
  SINCE JUL 1     24                        96    -72       32

 COOLING
  TODAY            0                         1     -1        1
  MONTH TO DATE   56                        21     35       35
  SINCE SEP 1    226                       207     19      340
  SINCE JAN 1   1578                      1476    102     1899
..................................................................


WIND (MPH)
  HIGHEST WIND SPEED     9   HIGHEST WIND DIRECTION    NE (60)
  HIGHEST GUST SPEED    11   HIGHEST GUST DIRECTION    NE (60)
  AVERAGE WIND SPEED     2.1


SKY COVER
  POSSIBLE SUNSHINE  MM
  AVERAGE SKY COVER 1.0


WEATHER CONDITIONS
 THE FOLLOWING WEATHER WAS RECORDED TODAY.
  FOG


RELATIVE HUMIDITY (PERCENT)
 HIGHEST   100           200 AM
 LOWEST     78          1200 PM
 AVERAGE    89

..........................................................


THE BOWLING GREEN CLIMATE NORMALS FOR TOMORROW
                         NORMAL    RECORD    YEAR
 MAXIMUM TEMPERATURE (F)   72        92      1928
 MINIMUM TEMPERATURE (F)   47        26      1909


SUNRISE AND SUNSET
OCTOBER 12 2017.......SUNRISE   651 AM CDT   SUNSET   613 PM CDT
OCTOBER 13 2017.......SUNRISE   652 AM CDT   SUNSET   611 PM CDT


-  INDICATES NEGATIVE NUMBERS.
R  INDICATES RECORD WAS SET OR TIED.
MM INDICATES DATA IS MISSING.
T  INDICATES TRACE AMOUNT.




$$
