000
CDUS43 KLMK 092032
CLIBWG


CLIMATE REPORT
NATIONAL WEATHER SERVICE LOUISVILLE KY
432 PM EDT FRI SEP 9 2016


...................................

...THE BOWLING GREEN CLIMATE SUMMARY FOR SEPTEMBER 9 2016...
VALID TODAY AS OF 0400 PM LOCAL TIME.

CLIMATE NORMAL PERIOD 1981 TO 2010
CLIMATE RECORD PERIOD 1870 TO 2016


WEATHER ITEM   OBSERVED TIME   RECORD YEAR NORMAL DEPARTURE LAST
                VALUE   (LST)  VALUE       VALUE  FROM      YEAR
                                                  NORMAL
..................................................................
TEMPERATURE (F)
 TODAY
  MAXIMUM         93    151 PM 103    1939  85      8       88
  MINIMUM         72    304 AM  44    1958  61     11       71
  AVERAGE         83                        73     10       80

PRECIPITATION (IN)
  TODAY            0.00          1.42 1936   0.14  -0.14     0.32
  MONTH TO DATE    0.00                      1.14  -1.14     0.39
  SINCE SEP 1      0.00                      1.14  -1.14     0.39
  SINCE JAN 1     37.92                     34.70   3.22    35.43

SNOWFALL (IN)
  TODAY            0.0           0.0    MM   0.0    0.0      0.0
  MONTH TO DATE    0.0                       0.0    0.0      0.0
  SINCE SEP 1      0.0                       0.0    0.0      0.0
  SINCE JUL 1      0.0                       0.0    0.0      0.0
  SNOW DEPTH       0

DEGREE DAYS
 HEATING
  TODAY            0                         0      0        0
  MONTH TO DATE    0                         0      0        0
  SINCE SEP 1      0                         0      0        0
  SINCE JUL 1      0                         1     -1        0

 COOLING
  TODAY           18                         8     10       15
  MONTH TO DATE  115                        82     33      137
  SINCE SEP 1    115                        82     33      137
  SINCE JAN 1   1674                      1351    323     1518
..................................................................


WIND (MPH)
  HIGHEST WIND SPEED    16   HIGHEST WIND DIRECTION     S (180)
  HIGHEST GUST SPEED    21   HIGHEST GUST DIRECTION    SW (240)
  AVERAGE WIND SPEED     5.0


SKY COVER
  POSSIBLE SUNSHINE  MM
  AVERAGE SKY COVER 0.6


WEATHER CONDITIONS
 THE FOLLOWING WEATHER WAS RECORDED TODAY.
  NO SIGNIFICANT WEATHER WAS OBSERVED.


RELATIVE HUMIDITY (PERCENT)
 HIGHEST    93           300 AM
 LOWEST     47           200 PM
 AVERAGE    70

..........................................................


THE BOWLING GREEN CLIMATE NORMALS FOR TOMORROW
                         NORMAL    RECORD    YEAR
 MAXIMUM TEMPERATURE (F)   84       100      1919
                                             1912
 MINIMUM TEMPERATURE (F)   60        42      1924


SUNRISE AND SUNSET
SEPTEMBER  9 2016.....SUNRISE   623 AM CDT   SUNSET   702 PM CDT
SEPTEMBER 10 2016.....SUNRISE   624 AM CDT   SUNSET   700 PM CDT


-  INDICATES NEGATIVE NUMBERS.
R  INDICATES RECORD WAS SET OR TIED.
MM INDICATES DATA IS MISSING.
T  INDICATES TRACE AMOUNT.




$$
