000
CDUS43 KLMK 162027
CLIBWG


CLIMATE REPORT
NATIONAL WEATHER SERVICE LOUISVILLE KY
427 PM EDT SAT MAY 16 2015


...................................

...THE BOWLING GREEN CLIMATE SUMMARY FOR MAY 16 2015...
VALID TODAY AS OF 0400 PM LOCAL TIME.

CLIMATE NORMAL PERIOD 1981 TO 2010
CLIMATE RECORD PERIOD 1870 TO 2015


WEATHER ITEM   OBSERVED TIME   RECORD YEAR NORMAL DEPARTURE LAST
                VALUE   (LST)  VALUE       VALUE  FROM      YEAR
                                                  NORMAL
..................................................................
TEMPERATURE (F)
 TODAY
  MAXIMUM         74    200 PM  93    1911  78     -4       62
  MINIMUM         68    800 AM  33    1997  55     13       45
  AVERAGE         71                        66      5       54

PRECIPITATION (IN)
  TODAY            1.39R         1.25 2010   0.19   1.20      T
                                      1916
  MONTH TO DATE    1.47                      3.00  -1.53     2.90
  SINCE MAR 1     16.82                     11.75   5.07    13.20
  SINCE JAN 1     22.70                     19.32   3.38    20.37

SNOWFALL (IN)
  TODAY            0.0           0.0    MM   0.0    0.0      0.0
  MONTH TO DATE    0.0                       0.0    0.0      0.0
  SINCE MAR 1      7.2                       1.3    5.9      5.1
  SINCE JUL 1     23.5                       9.1   14.4     10.4
  SNOW DEPTH       0

DEGREE DAYS
 HEATING
  TODAY            0                         2     -2       11
  MONTH TO DATE   19                        53    -34       52
  SINCE MAR 1    731                       824    -93      900
  SINCE JUL 1   4266                      4022    244     4509

 COOLING
  TODAY            6                         4      2        0
  MONTH TO DATE   78                        41     37       74
  SINCE MAR 1    113                        77     36       88
  SINCE JAN 1    113                        77     36       88
..................................................................


WIND (MPH)
  HIGHEST WIND SPEED    12   HIGHEST WIND DIRECTION    SW (210)
  HIGHEST GUST SPEED    12   HIGHEST GUST DIRECTION     S (170)
  AVERAGE WIND SPEED     6.5


SKY COVER
  POSSIBLE SUNSHINE  MM
  AVERAGE SKY COVER 0.8


WEATHER CONDITIONS
 THE FOLLOWING WEATHER WAS RECORDED TODAY.
  HEAVY RAIN
  RAIN
  LIGHT RAIN
  FOG


RELATIVE HUMIDITY (PERCENT)
 HIGHEST    90           700 AM
 LOWEST     79           300 AM
 AVERAGE    85

..........................................................


THE BOWLING GREEN CLIMATE NORMALS FOR TOMORROW
                         NORMAL    RECORD    YEAR
 MAXIMUM TEMPERATURE (F)   78        94      1931
                                             1911
                                             1906
 MINIMUM TEMPERATURE (F)   55        40      1973
                                             1895


SUNRISE AND SUNSET
MAY 16 2015...........SUNRISE   537 AM CDT   SUNSET   747 PM CDT
MAY 17 2015...........SUNRISE   536 AM CDT   SUNSET   748 PM CDT


-  INDICATES NEGATIVE NUMBERS.
R  INDICATES RECORD WAS SET OR TIED.
MM INDICATES DATA IS MISSING.
T  INDICATES TRACE AMOUNT.




$$
