000
CDUS43 KLMK 180627
CLIBWG


CLIMATE REPORT
NATIONAL WEATHER SERVICE LOUISVILLE KY
127 AM EST SUN JAN 18 2015


...................................

...THE BOWLING GREEN KY CLIMATE SUMMARY FOR JANUARY 17 2015...

CLIMATE NORMAL PERIOD 1981 TO 2010
CLIMATE RECORD PERIOD 1870 TO 2015


WEATHER ITEM   OBSERVED TIME   RECORD YEAR NORMAL DEPARTURE LAST
                VALUE   (LST)  VALUE       VALUE  FROM      YEAR
                                                  NORMAL
..................................................................
TEMPERATURE (F)
 YESTERDAY
  MAXIMUM         58    307 PM  72    1894  45     13       35
  MINIMUM         22    604 AM -15    1982  26     -4       21
  AVERAGE         40                        35      5       28

PRECIPITATION (IN)
  YESTERDAY        0.00          1.37 2006   0.11  -0.11      T
  MONTH TO DATE    1.20                      1.94  -0.74     1.66
  SINCE DEC 1      2.89                      6.74  -3.85     6.67
  SINCE JAN 1      1.20                      1.94  -0.74     1.66

SNOWFALL (IN)
  YESTERDAY        0.0           5.0  1994   0.1   -0.1      0.1
  MONTH TO DATE    0.6                       1.6   -1.0      1.0
  SINCE DEC 1      0.6                       2.8   -2.2      1.1
  SINCE JUL 1      0.9                       2.8   -1.9      2.2
  SNOW DEPTH       0

DEGREE DAYS
 HEATING
  YESTERDAY       25                        30     -5       37
  MONTH TO DATE  568                       505     63      557
  SINCE DEC 1   1284                      1326    -42     1364
  SINCE JUL 1   2181                      2089     92     2244

 COOLING
  YESTERDAY        0                         0      0        0
  MONTH TO DATE    0                         0      0        0
  SINCE DEC 1      0                         1     -1        2
  SINCE JAN 1      0                         0      0        0
..................................................................


WIND (MPH)
  HIGHEST WIND SPEED    21   HIGHEST WIND DIRECTION     S (190)
  HIGHEST GUST SPEED    28   HIGHEST GUST DIRECTION    SW (210)
  AVERAGE WIND SPEED     9.4


SKY COVER
  POSSIBLE SUNSHINE  MM
  AVERAGE SKY COVER 0.0


WEATHER CONDITIONS
 THE FOLLOWING WEATHER WAS RECORDED YESTERDAY.
  FOG
  HAZE


RELATIVE HUMIDITY (PERCENT)
 HIGHEST    92          1200 AM
 LOWEST     30           300 PM
 AVERAGE    61

..........................................................


THE BOWLING GREEN KY CLIMATE NORMALS FOR TODAY
                         NORMAL    RECORD    YEAR
 MAXIMUM TEMPERATURE (F)   45        74      1929
 MINIMUM TEMPERATURE (F)   26       -11      1948


SUNRISE AND SUNSET
JANUARY 18 2015.......SUNRISE   657 AM CST   SUNSET   456 PM CST
JANUARY 19 2015.......SUNRISE   657 AM CST   SUNSET   457 PM CST


-  INDICATES NEGATIVE NUMBERS.
R  INDICATES RECORD WAS SET OR TIED.
MM INDICATES DATA IS MISSING.
T  INDICATES TRACE AMOUNT.




$$
