000
CDUS43 KLMK 270635
CLIBWG


CLIMATE REPORT
NATIONAL WEATHER SERVICE LOUISVILLE KY
235 AM EDT SAT JUN 27 2015


...................................

...THE BOWLING GREEN KY CLIMATE SUMMARY FOR JUNE 26 2015...

CLIMATE NORMAL PERIOD 1981 TO 2010
CLIMATE RECORD PERIOD 1870 TO 2015


WEATHER ITEM   OBSERVED TIME   RECORD YEAR NORMAL DEPARTURE LAST
                VALUE   (LST)  VALUE       VALUE  FROM      YEAR
                                                  NORMAL
..................................................................
TEMPERATURE (F)
 YESTERDAY
  MAXIMUM         92   1203 PM 105    1914  88      4       90
  MINIMUM         70    249 PM  51    1974  67      3       67
  AVERAGE         81                        77      4       79

PRECIPITATION (IN)
  YESTERDAY        1.65          2.14 1994   0.13   1.52     0.00
  MONTH TO DATE    2.81                      3.68  -0.87     1.58
  SINCE JUN 1      2.81                      3.68  -0.87     1.58
  SINCE JAN 1     27.00                     25.61   1.39    22.16

SNOWFALL (IN)
  YESTERDAY        0.0           0.0    MM   0.0    0.0      0.0
  MONTH TO DATE    0.0                       0.0    0.0      0.0
  SINCE JUN 1      0.0                       0.0    0.0      0.0
  SINCE JUL 1     23.5                       9.1   14.4     10.4
  SNOW DEPTH       0

DEGREE DAYS
 HEATING
  YESTERDAY        0                         0      0        0
  MONTH TO DATE    3                         3      0        0
  SINCE JUN 1      3                         3      0        0
  SINCE JUL 1   4288                      4046    242     4533

 COOLING
  YESTERDAY       16                        12      4       14
  MONTH TO DATE  341                       253     88      287
  SINCE JUN 1    341                       253     88      287
  SINCE JAN 1    544                       406    138      484
..................................................................


WIND (MPH)
  HIGHEST WIND SPEED    29   HIGHEST WIND DIRECTION     W (290)
  HIGHEST GUST SPEED    42   HIGHEST GUST DIRECTION     W (280)
  AVERAGE WIND SPEED     5.0


SKY COVER
  POSSIBLE SUNSHINE  MM
  AVERAGE SKY COVER 0.3


WEATHER CONDITIONS
 THE FOLLOWING WEATHER WAS RECORDED YESTERDAY.
  THUNDERSTORM
  HEAVY RAIN
  RAIN
  LIGHT RAIN
  FOG


RELATIVE HUMIDITY (PERCENT)
 HIGHEST    93           700 PM
 LOWEST     56          1200 PM
 AVERAGE    75

..........................................................


THE BOWLING GREEN KY CLIMATE NORMALS FOR TODAY
                         NORMAL    RECORD    YEAR
 MAXIMUM TEMPERATURE (F)   89       104      1914
 MINIMUM TEMPERATURE (F)   67        52      1958


SUNRISE AND SUNSET
JUNE 27 2015..........SUNRISE   528 AM CDT   SUNSET   809 PM CDT
JUNE 28 2015..........SUNRISE   529 AM CDT   SUNSET   809 PM CDT


-  INDICATES NEGATIVE NUMBERS.
R  INDICATES RECORD WAS SET OR TIED.
MM INDICATES DATA IS MISSING.
T  INDICATES TRACE AMOUNT.




$$
