000
CDUS43 KLMK 032042
CLIBWG


CLIMATE REPORT
NATIONAL WEATHER SERVICE LOUISVILLE KY
442 PM EDT THU AUG 3 2017


...................................

...THE BOWLING GREEN CLIMATE SUMMARY FOR AUGUST 3 2017...
VALID TODAY AS OF 0400 PM LOCAL TIME.

CLIMATE NORMAL PERIOD 1981 TO 2010
CLIMATE RECORD PERIOD 1870 TO 2017


WEATHER ITEM   OBSERVED TIME   RECORD YEAR NORMAL DEPARTURE LAST
                VALUE   (LST)  VALUE       VALUE  FROM      YEAR
                                                  NORMAL
..................................................................
TEMPERATURE (F)
 TODAY
  MAXIMUM         91    212 PM 103    2011  90      1       91
                                      1902
                                      1897
  MINIMUM         64    509 AM  52    1920  67     -3       73
  AVERAGE         78                        78      0       82

PRECIPITATION (IN)
  TODAY            0.00          1.82 1939   0.09  -0.09     0.00
  MONTH TO DATE    0.06                      0.29  -0.23     0.05
  SINCE JUN 1     11.48                      8.59   2.89    13.64
  SINCE JAN 1     31.78                     30.52   1.26    32.81

SNOWFALL (IN)
  TODAY            0.0           0.0    MM   0.0    0.0      0.0
  MONTH TO DATE    0.0                       0.0    0.0      0.0
  SINCE JUN 1      0.0                       0.0    0.0      0.0
  SINCE JUL 1      0.0                       0.0    0.0      0.0
  SNOW DEPTH       0

DEGREE DAYS
 HEATING
  TODAY            0                         0      0        0
  MONTH TO DATE    0                         0      0        0
  SINCE JUN 1      0                         5     -5        0
  SINCE JUL 1      0                         0      0        0

 COOLING
  TODAY           13                        13      0       17
  MONTH TO DATE   40                        40      0       51
  SINCE JUN 1    798                       768     30      952
  SINCE JAN 1   1047                       921    126     1118
..................................................................


WIND (MPH)
  HIGHEST WIND SPEED    10   HIGHEST WIND DIRECTION    SW (230)
  HIGHEST GUST SPEED    15   HIGHEST GUST DIRECTION     S (200)
  AVERAGE WIND SPEED     2.8


SKY COVER
  POSSIBLE SUNSHINE  MM
  AVERAGE SKY COVER 0.2


WEATHER CONDITIONS
 THE FOLLOWING WEATHER WAS RECORDED TODAY.
  FOG


RELATIVE HUMIDITY (PERCENT)
 HIGHEST   100          1200 AM
 LOWEST     46           200 PM
 AVERAGE    73

..........................................................


THE BOWLING GREEN CLIMATE NORMALS FOR TOMORROW
                         NORMAL    RECORD    YEAR
 MAXIMUM TEMPERATURE (F)   90       104      1930
 MINIMUM TEMPERATURE (F)   67        49      1912


SUNRISE AND SUNSET
AUGUST  3 2017........SUNRISE   553 AM CDT   SUNSET   750 PM CDT
AUGUST  4 2017........SUNRISE   554 AM CDT   SUNSET   749 PM CDT


-  INDICATES NEGATIVE NUMBERS.
R  INDICATES RECORD WAS SET OR TIED.
MM INDICATES DATA IS MISSING.
T  INDICATES TRACE AMOUNT.




$$
