000
CDUS43 KLMK 080630
CLIBWG


CLIMATE REPORT
NATIONAL WEATHER SERVICE LOUISVILLE KY
129 AM EST WED MAR 8 2017


...................................

...THE BOWLING GREEN KY CLIMATE SUMMARY FOR MARCH 7 2017...

CLIMATE NORMAL PERIOD 1981 TO 2010
CLIMATE RECORD PERIOD 1870 TO 2017


WEATHER ITEM   OBSERVED TIME   RECORD YEAR NORMAL DEPARTURE LAST
                VALUE   (LST)  VALUE       VALUE  FROM      YEAR
                                                  NORMAL
..................................................................
TEMPERATURE (F)
 YESTERDAY
  MAXIMUM         66    153 AM  81    1921  57      9       69
  MINIMUM         40   1139 PM   2    1899  35      5       44
  AVERAGE         53                        46      7       57

PRECIPITATION (IN)
  YESTERDAY        0.72          1.70 1995   0.14   0.58     0.00
  MONTH TO DATE    1.32                      0.95   0.37     0.58
  SINCE MAR 1      1.32                      0.95   0.37     0.58
  SINCE JAN 1      7.90                      8.52  -0.62     7.16

SNOWFALL (IN)
  YESTERDAY        0.0           2.0  2008   0.0    0.0      0.0
  MONTH TO DATE    0.0                       0.2   -0.2      0.0
  SINCE MAR 1      0.0                       0.2   -0.2      0.0
  SINCE JUL 1      0.7                       8.0   -7.3     24.0
  SNOW DEPTH       0

DEGREE DAYS
 HEATING
  YESTERDAY       12                        20     -8        8
  MONTH TO DATE  102                       143    -41      147
  SINCE MAR 1    102                       143    -41      147
  SINCE JUL 1   2483                      3341   -858     2747

 COOLING
  YESTERDAY        0                         0      0        0
  MONTH TO DATE    0                         0      0        0
  SINCE MAR 1      0                         0      0        0
  SINCE JAN 1      4                         0      4        0
..................................................................


WIND (MPH)
  HIGHEST WIND SPEED    30   HIGHEST WIND DIRECTION    SW (210)
  HIGHEST GUST SPEED    40   HIGHEST GUST DIRECTION    SW (210)
  AVERAGE WIND SPEED     9.5


SKY COVER
  POSSIBLE SUNSHINE  MM
  AVERAGE SKY COVER 0.7


WEATHER CONDITIONS
 THE FOLLOWING WEATHER WAS RECORDED YESTERDAY.
  HEAVY RAIN
  RAIN
  LIGHT RAIN
  FOG


RELATIVE HUMIDITY (PERCENT)
 HIGHEST    93           800 AM
 LOWEST     48          1200 AM
 AVERAGE    71

..........................................................


THE BOWLING GREEN KY CLIMATE NORMALS FOR TODAY
                         NORMAL    RECORD    YEAR
 MAXIMUM TEMPERATURE (F)   57        82      1974
 MINIMUM TEMPERATURE (F)   35        11      1943


SUNRISE AND SUNSET
MARCH  8 2017.........SUNRISE   606 AM CST   SUNSET   547 PM CST
MARCH  9 2017.........SUNRISE   605 AM CST   SUNSET   548 PM CST


-  INDICATES NEGATIVE NUMBERS.
R  INDICATES RECORD WAS SET OR TIED.
MM INDICATES DATA IS MISSING.
T  INDICATES TRACE AMOUNT.




$$
