000
CDUS43 KLMK 312134
CLIBWG


CLIMATE REPORT
NATIONAL WEATHER SERVICE LOUISVILLE KY
434 PM EST TUE JAN 31 2017


...................................

...THE BOWLING GREEN CLIMATE SUMMARY FOR JANUARY 31 2017...
VALID TODAY AS OF 0400 PM LOCAL TIME.

CLIMATE NORMAL PERIOD 1981 TO 2010
CLIMATE RECORD PERIOD 1870 TO 2017


WEATHER ITEM   OBSERVED TIME   RECORD YEAR NORMAL DEPARTURE LAST
                VALUE   (LST)  VALUE       VALUE  FROM      YEAR
                                                  NORMAL
..................................................................
TEMPERATURE (F)
 TODAY
  MAXIMUM         61    218 PM  72    2016  46     15       72
                                      2002
  MINIMUM         42    645 AM  -8    1965  27     15       54
  AVERAGE         52                        37     15       63

PRECIPITATION (IN)
  TODAY            0.00          1.81 1951   0.14  -0.14     0.02
  MONTH TO DATE    4.16                      3.61   0.55     1.81
  SINCE DEC 1      9.80                      8.41   1.39     7.04
  SINCE JAN 1      4.16                      3.61   0.55     1.81

SNOWFALL (IN)
  TODAY            0.0           8.0  1899   0.1   -0.1      0.0
  MONTH TO DATE    0.7                       3.3   -2.6     14.8
  SINCE DEC 1      0.7                       4.5   -3.8     14.8
  SINCE JUL 1      0.7                       4.5   -3.8     14.8
  SNOW DEPTH       0

DEGREE DAYS
 HEATING
  TODAY           13                        28    -15        2
  MONTH TO DATE  639                       910   -271      944
  SINCE DEC 1   1434                      1729   -295     1385
  SINCE JUL 1   1920                      2492   -572     1923

 COOLING
  TODAY            0                         0      0        0
  MONTH TO DATE    0                         0      0        0
  SINCE DEC 1      0                         1     -1        2
  SINCE JAN 1      0                         0      0        0
..................................................................


WIND (MPH)
  HIGHEST WIND SPEED    16   HIGHEST WIND DIRECTION     W (280)
  HIGHEST GUST SPEED    22   HIGHEST GUST DIRECTION    SW (240)
  AVERAGE WIND SPEED     9.3


SKY COVER
  POSSIBLE SUNSHINE  MM
  AVERAGE SKY COVER 0.0


WEATHER CONDITIONS
 THE FOLLOWING WEATHER WAS RECORDED TODAY.
  NO SIGNIFICANT WEATHER WAS OBSERVED.


RELATIVE HUMIDITY (PERCENT)
 HIGHEST    70           700 AM
 LOWEST     22           300 PM
 AVERAGE    46

..........................................................


THE BOWLING GREEN CLIMATE NORMALS FOR TOMORROW
                         NORMAL    RECORD    YEAR
 MAXIMUM TEMPERATURE (F)   47        74      1911
 MINIMUM TEMPERATURE (F)   27        -9      1951


SUNRISE AND SUNSET
JANUARY 31 2017.......SUNRISE   649 AM CST   SUNSET   510 PM CST
FEBRUARY  1 2017......SUNRISE   648 AM CST   SUNSET   511 PM CST


-  INDICATES NEGATIVE NUMBERS.
R  INDICATES RECORD WAS SET OR TIED.
MM INDICATES DATA IS MISSING.
T  INDICATES TRACE AMOUNT.




$$
