000
CDUS43 KLMK 112034
CLIBWG


CLIMATE REPORT
NATIONAL WEATHER SERVICE LOUISVILLE KY
433 PM EDT MON AUG 11 2014


...................................

...THE BOWLING GREEN CLIMATE SUMMARY FOR AUGUST 11 2014...
VALID TODAY AS OF 0400 PM LOCAL TIME.

CLIMATE NORMAL PERIOD 1981 TO 2010
CLIMATE RECORD PERIOD 1870 TO 2014


WEATHER ITEM   OBSERVED TIME   RECORD YEAR NORMAL DEPARTURE LAST
                VALUE   (LST)  VALUE       VALUE  FROM      YEAR
                                                  NORMAL
..................................................................
TEMPERATURE (F)
 TODAY
  MAXIMUM         86   1208 PM 105    1918  90     -4       87
  MINIMUM         71    738 AM  54    1962  67      4       74
                                      1888
  AVERAGE         79                        78      1       81

PRECIPITATION (IN)
  TODAY            1.54R         1.17 1948   0.10   1.44     0.00
  MONTH TO DATE    4.60                      1.08   3.52     3.12
  SINCE JUN 1      8.85                      9.38  -0.53    15.16
  SINCE JAN 1     29.43                     31.31  -1.88    39.69

SNOWFALL (IN)
  TODAY            0.0           0.0    MM   0.0    0.0      0.0
  MONTH TO DATE    0.0                       0.0    0.0      0.0
  SINCE JUN 1      0.0                       0.0    0.0      0.0
  SINCE JUL 1      0.0                       0.0    0.0      0.0
  SNOW DEPTH       0

DEGREE DAYS
 HEATING
  TODAY            0                         0      0        0
  MONTH TO DATE    0                         0      0        0
  SINCE JUN 1      0                         5     -5        0
  SINCE JUL 1      0                         0      0        0

 COOLING
  TODAY           14                        13      1       16
  MONTH TO DATE  144                       144      0      132
  SINCE JUN 1    810                       872    -62      822
  SINCE JAN 1   1007                      1025    -18     1035
..................................................................


WIND (MPH)
  HIGHEST WIND SPEED    18   HIGHEST WIND DIRECTION    SW (210)
  HIGHEST GUST SPEED    24   HIGHEST GUST DIRECTION     S (200)
  AVERAGE WIND SPEED     3.5


SKY COVER
  POSSIBLE SUNSHINE  MM
  AVERAGE SKY COVER 0.7


WEATHER CONDITIONS
 THE FOLLOWING WEATHER WAS RECORDED TODAY.
  THUNDERSTORM
  HEAVY RAIN
  RAIN
  LIGHT RAIN
  FOG


RELATIVE HUMIDITY (PERCENT)
 HIGHEST    93           200 AM
 LOWEST     65          1200 PM
 AVERAGE    79

..........................................................


THE BOWLING GREEN CLIMATE NORMALS FOR TOMORROW
                         NORMAL    RECORD    YEAR
 MAXIMUM TEMPERATURE (F)   89       108      1881
 MINIMUM TEMPERATURE (F)   67        50      1890


SUNRISE AND SUNSET
AUGUST 11 2014........SUNRISE   559 AM CDT   SUNSET   742 PM CDT
AUGUST 12 2014........SUNRISE   600 AM CDT   SUNSET   741 PM CDT


-  INDICATES NEGATIVE NUMBERS.
R  INDICATES RECORD WAS SET OR TIED.
MM INDICATES DATA IS MISSING.
T  INDICATES TRACE AMOUNT.




$$
