000
CDUS43 KLMK 022032
CLIBWG


CLIMATE REPORT
NATIONAL WEATHER SERVICE LOUISVILLE KY
432 PM EDT MON OCT 2 2017


...................................

...THE BOWLING GREEN CLIMATE SUMMARY FOR OCTOBER 2 2017...
VALID TODAY AS OF 0400 PM LOCAL TIME.

CLIMATE NORMAL PERIOD 1981 TO 2010
CLIMATE RECORD PERIOD 1870 TO 2017


WEATHER ITEM   OBSERVED TIME   RECORD YEAR NORMAL DEPARTURE LAST
                VALUE   (LST)  VALUE       VALUE  FROM      YEAR
                                                  NORMAL
..................................................................
TEMPERATURE (F)
 TODAY
  MAXIMUM         79   1230 PM  93    1919  76      3       74
  MINIMUM         51    441 AM  29    1886  51      0       60
  AVERAGE         65                        64      1       67

PRECIPITATION (IN)
  TODAY            0.00          2.61 1962   0.12  -0.12     0.00
  MONTH TO DATE    0.00                      0.23  -0.23      T
  SINCE SEP 1      6.47                      4.16   2.31     1.57
  SINCE JAN 1     43.55                     37.72   5.83    39.49

SNOWFALL (IN)
  TODAY            0.0           0.0    MM   0.0    0.0      0.0
  MONTH TO DATE    0.0                       0.0    0.0      0.0
  SINCE SEP 1      0.0                       0.0    0.0      0.0
  SINCE JUL 1      0.0                       0.0    0.0      0.0
  SNOW DEPTH       0

DEGREE DAYS
 HEATING
  TODAY            0                         4     -4        0
  MONTH TO DATE    0                         8     -8        0
  SINCE SEP 1     19                        43    -24       19
  SINCE JUL 1     19                        44    -25       19

 COOLING
  TODAY            0                         2     -2        2
  MONTH TO DATE    0                         5     -5        2
  SINCE SEP 1    170                       191    -21      307
  SINCE JAN 1   1522                      1460     62     1866
..................................................................


WIND (MPH)
  HIGHEST WIND SPEED    13   HIGHEST WIND DIRECTION    SE (150)
  HIGHEST GUST SPEED    16   HIGHEST GUST DIRECTION     S (160)
  AVERAGE WIND SPEED     5.2


SKY COVER
  POSSIBLE SUNSHINE  MM
  AVERAGE SKY COVER 0.2


WEATHER CONDITIONS
 THE FOLLOWING WEATHER WAS RECORDED TODAY.
  NO SIGNIFICANT WEATHER WAS OBSERVED.


RELATIVE HUMIDITY (PERCENT)
 HIGHEST    93           300 AM
 LOWEST     46          1100 AM
 AVERAGE    70

..........................................................


THE BOWLING GREEN CLIMATE NORMALS FOR TOMORROW
                         NORMAL    RECORD    YEAR
 MAXIMUM TEMPERATURE (F)   76        94      1911
                                             1903
 MINIMUM TEMPERATURE (F)   51        33      1987


SUNRISE AND SUNSET
OCTOBER  2 2017.......SUNRISE   642 AM CDT   SUNSET   627 PM CDT
OCTOBER  3 2017.......SUNRISE   643 AM CDT   SUNSET   626 PM CDT


-  INDICATES NEGATIVE NUMBERS.
R  INDICATES RECORD WAS SET OR TIED.
MM INDICATES DATA IS MISSING.
T  INDICATES TRACE AMOUNT.




$$
