000
CDUS43 KLMK 110626
CLIBWG


CLIMATE REPORT
NATIONAL WEATHER SERVICE LOUISVILLE KY
226 AM EDT SAT OCT 11 2014


...................................

...THE BOWLING GREEN KY CLIMATE SUMMARY FOR OCTOBER 10 2014...

CLIMATE NORMAL PERIOD 1981 TO 2010
CLIMATE RECORD PERIOD 1870 TO 2014


WEATHER ITEM   OBSERVED TIME   RECORD YEAR NORMAL DEPARTURE LAST
                VALUE   (LST)  VALUE       VALUE  FROM      YEAR
                                                  NORMAL
..................................................................
TEMPERATURE (F)
 YESTERDAY
  MAXIMUM         74   1248 PM  91    1928  73      1       79
  MINIMUM         59   1159 PM  28    1915  48     11       51
  AVERAGE         67                        61      6       65

PRECIPITATION (IN)
  YESTERDAY        0.45          3.45 1914   0.11   0.34     0.00
  MONTH TO DATE    2.12                      1.11   1.01     2.07
  SINCE SEP 1      2.49                      5.04  -2.55     7.16
  SINCE JAN 1     38.65                     38.60   0.05    49.86

SNOWFALL (IN)
  YESTERDAY        0.0           0.0    MM   0.0    0.0      0.0
  MONTH TO DATE    0.0                       0.0    0.0      0.0
  SINCE SEP 1      0.0                       0.0    0.0      0.0
  SINCE JUL 1      0.0                       0.0    0.0      0.0
  SNOW DEPTH       0

DEGREE DAYS
 HEATING
  YESTERDAY        0                         6     -6        0
  MONTH TO DATE   29                        48    -19       21
  SINCE SEP 1     53                        83    -30       33
  SINCE JUL 1     53                        84    -31       33

 COOLING
  YESTERDAY        2                         1      1        0
  MONTH TO DATE   20                        19      1       40
  SINCE SEP 1    199                       205     -6      232
  SINCE JAN 1   1476                      1474      2     1492
..................................................................


WIND (MPH)
  HIGHEST WIND SPEED     9   HIGHEST WIND DIRECTION    NE (30)
  HIGHEST GUST SPEED    14   HIGHEST GUST DIRECTION     N (340)
  AVERAGE WIND SPEED     3.7


SKY COVER
  POSSIBLE SUNSHINE  MM
  AVERAGE SKY COVER 0.9


WEATHER CONDITIONS
 THE FOLLOWING WEATHER WAS RECORDED YESTERDAY.
  HEAVY RAIN
  RAIN
  LIGHT RAIN
  FOG


RELATIVE HUMIDITY (PERCENT)
 HIGHEST    93          1200 AM
 LOWEST     73           100 PM
 AVERAGE    83

..........................................................


THE BOWLING GREEN KY CLIMATE NORMALS FOR TODAY
                         NORMAL    RECORD    YEAR
 MAXIMUM TEMPERATURE (F)   73        90      1963
 MINIMUM TEMPERATURE (F)   48        28      1906


SUNRISE AND SUNSET
OCTOBER 11 2014.......SUNRISE   650 AM CDT   SUNSET   615 PM CDT
OCTOBER 12 2014.......SUNRISE   651 AM CDT   SUNSET   613 PM CDT


-  INDICATES NEGATIVE NUMBERS.
R  INDICATES RECORD WAS SET OR TIED.
MM INDICATES DATA IS MISSING.
T  INDICATES TRACE AMOUNT.




$$
