000
CDUS43 KLMK 020626
CLIBWG


CLIMATE REPORT
NATIONAL WEATHER SERVICE LOUISVILLE KY
126 AM EST MON JAN 2 2017


...................................

...THE BOWLING GREEN KY CLIMATE SUMMARY FOR JANUARY 1 2017...

CLIMATE NORMAL PERIOD 1981 TO 2010
CLIMATE RECORD PERIOD 1870 TO 2017


WEATHER ITEM   OBSERVED TIME   RECORD YEAR NORMAL DEPARTURE LAST
                VALUE   (LST)  VALUE       VALUE  FROM      YEAR
                                                  NORMAL
..................................................................
TEMPERATURE (F)
 YESTERDAY
  MAXIMUM         51   1159 PM  76    1952  45      6       44
  MINIMUM         43    313 AM  -8    1881  27     16       29
  AVERAGE         47                        36     11       37

PRECIPITATION (IN)
  YESTERDAY        0.03          2.45 1966   0.12  -0.09     0.00
  MONTH TO DATE    0.03                      0.12  -0.09     0.00
  SINCE DEC 1      4.77                      4.92  -0.15     5.23
  SINCE JAN 1      0.03                      0.12  -0.09     0.00

SNOWFALL (IN)
  YESTERDAY        0.0           8.0  1964   0.1   -0.1      0.0
  MONTH TO DATE    0.0                       0.1   -0.1      0.0
  SINCE DEC 1      T                         1.3   -1.3       T
  SINCE JUL 1      T                         1.3   -1.3       T
  SNOW DEPTH       0

DEGREE DAYS
 HEATING
  YESTERDAY       18                        29    -11       28
  MONTH TO DATE   18                        29    -11       28
  SINCE DEC 1    813                       850    -37      469
  SINCE JUL 1   1299                      1613   -314     1007

 COOLING
  YESTERDAY        0                         0      0        0
  MONTH TO DATE    0                         0      0        0
  SINCE DEC 1      0                         1     -1        2
  SINCE JAN 1      0                         0      0        0
..................................................................


WIND (MPH)
  HIGHEST WIND SPEED    10   HIGHEST WIND DIRECTION    NE (60)
  HIGHEST GUST SPEED    12   HIGHEST GUST DIRECTION    NE (60)
  AVERAGE WIND SPEED     4.3


SKY COVER
  POSSIBLE SUNSHINE  MM
  AVERAGE SKY COVER 1.0


WEATHER CONDITIONS
 THE FOLLOWING WEATHER WAS RECORDED YESTERDAY.
  LIGHT RAIN
  FOG


RELATIVE HUMIDITY (PERCENT)
 HIGHEST   100          1200 AM
 LOWEST     86          1100 AM
 AVERAGE    93

..........................................................


THE BOWLING GREEN KY CLIMATE NORMALS FOR TODAY
                         NORMAL    RECORD    YEAR
 MAXIMUM TEMPERATURE (F)   45        74      2006
 MINIMUM TEMPERATURE (F)   27        -5      1887


SUNRISE AND SUNSET
JANUARY  2 2017.......SUNRISE   659 AM CST   SUNSET   441 PM CST
JANUARY  3 2017.......SUNRISE   659 AM CST   SUNSET   442 PM CST


-  INDICATES NEGATIVE NUMBERS.
R  INDICATES RECORD WAS SET OR TIED.
MM INDICATES DATA IS MISSING.
T  INDICATES TRACE AMOUNT.




$$
