000
CDUS43 KLMK 190630
CLIBWG


CLIMATE REPORT
NATIONAL WEATHER SERVICE LOUISVILLE KY
129 AM EST MON JAN 19 2015


...................................

...THE BOWLING GREEN KY CLIMATE SUMMARY FOR JANUARY 18 2015...

CLIMATE NORMAL PERIOD 1981 TO 2010
CLIMATE RECORD PERIOD 1870 TO 2015


WEATHER ITEM   OBSERVED TIME   RECORD YEAR NORMAL DEPARTURE LAST
                VALUE   (LST)  VALUE       VALUE  FROM      YEAR
                                                  NORMAL
..................................................................
TEMPERATURE (F)
 YESTERDAY
  MAXIMUM         57    310 PM  74    1929  45     12       42
  MINIMUM         31   1159 PM -11    1948  26      5       17
  AVERAGE         44                        36      8       30

PRECIPITATION (IN)
  YESTERDAY        0.05          3.75 1937   0.11  -0.06     0.00
  MONTH TO DATE    1.25                      2.05  -0.80     1.66
  SINCE DEC 1      2.94                      6.85  -3.91     6.67
  SINCE JAN 1      1.25                      2.05  -0.80     1.66

SNOWFALL (IN)
  YESTERDAY        0.0           4.5  1984   0.1   -0.1      0.0
  MONTH TO DATE    0.6                       1.7   -1.1      1.0
  SINCE DEC 1      0.6                       2.9   -2.3      1.1
  SINCE JUL 1      0.9                       2.9   -2.0      2.2
  SNOW DEPTH       0

DEGREE DAYS
 HEATING
  YESTERDAY       21                        30     -9       35
  MONTH TO DATE  589                       535     54      592
  SINCE DEC 1   1305                      1356    -51     1399
  SINCE JUL 1   2202                      2119     83     2279

 COOLING
  YESTERDAY        0                         0      0        0
  MONTH TO DATE    0                         0      0        0
  SINCE DEC 1      0                         1     -1        2
  SINCE JAN 1      0                         0      0        0
..................................................................


WIND (MPH)
  HIGHEST WIND SPEED    23   HIGHEST WIND DIRECTION     W (280)
  HIGHEST GUST SPEED    30   HIGHEST GUST DIRECTION     W (250)
  AVERAGE WIND SPEED     7.2


SKY COVER
  POSSIBLE SUNSHINE  MM
  AVERAGE SKY COVER 0.2


WEATHER CONDITIONS
 THE FOLLOWING WEATHER WAS RECORDED YESTERDAY.
  LIGHT RAIN


RELATIVE HUMIDITY (PERCENT)
 HIGHEST    92           400 AM
 LOWEST     27           300 PM
 AVERAGE    60

..........................................................


THE BOWLING GREEN KY CLIMATE NORMALS FOR TODAY
                         NORMAL    RECORD    YEAR
 MAXIMUM TEMPERATURE (F)   45        75      1907
 MINIMUM TEMPERATURE (F)   26       -11      1994


SUNRISE AND SUNSET
JANUARY 19 2015.......SUNRISE   657 AM CST   SUNSET   457 PM CST
JANUARY 20 2015.......SUNRISE   656 AM CST   SUNSET   458 PM CST


-  INDICATES NEGATIVE NUMBERS.
R  INDICATES RECORD WAS SET OR TIED.
MM INDICATES DATA IS MISSING.
T  INDICATES TRACE AMOUNT.

$$

SCHOETTMER
