000
CDUS43 KLMK 152132
CLIBWG


CLIMATE REPORT
NATIONAL WEATHER SERVICE LOUISVILLE KY
432 PM EST SUN FEB 15 2015


...................................

...THE BOWLING GREEN CLIMATE SUMMARY FOR FEBRUARY 15 2015...
VALID TODAY AS OF 0400 PM LOCAL TIME.

CLIMATE NORMAL PERIOD 1981 TO 2010
CLIMATE RECORD PERIOD 1870 TO 2015


WEATHER ITEM   OBSERVED TIME   RECORD YEAR NORMAL DEPARTURE LAST
                VALUE   (LST)  VALUE       VALUE  FROM      YEAR
                                                  NORMAL
..................................................................
TEMPERATURE (F)
 TODAY
  MAXIMUM         26    151 PM  77    1945  50    -24       32
  MINIMUM         11    705 AM   2    1905  30    -19       19
  AVERAGE         19                        40    -21       26

PRECIPITATION (IN)
  TODAY            0.00          1.74 1995   0.14  -0.14      T
  MONTH TO DATE    1.00                      2.16  -1.16     4.54
  SINCE DEC 1      4.57                     10.57  -6.00    11.30
  SINCE JAN 1      2.88                      5.77  -2.89     6.29

SNOWFALL (IN)
  TODAY            0.0           4.0  1969   0.2   -0.2       T
  MONTH TO DATE    T                         2.2   -2.2      2.0
  SINCE DEC 1      3.4                       6.7   -3.3      4.2
  SINCE JUL 1      3.7                       6.7   -3.0      5.3
  SNOW DEPTH       0

DEGREE DAYS
 HEATING
  TODAY           46                        25     21       39
  MONTH TO DATE  444                       402     42      507
  SINCE DEC 1   2092                      2131    -39     2410
  SINCE JUL 1   2989                      2894     95     3290

 COOLING
  TODAY            0                         0      0        0
  MONTH TO DATE    0                         0      0        0
  SINCE DEC 1      0                         1     -1        2
  SINCE JAN 1      0                         0      0        0
..................................................................


WIND (MPH)
  HIGHEST WIND SPEED    13   HIGHEST WIND DIRECTION    NE (60)
  HIGHEST GUST SPEED    20   HIGHEST GUST DIRECTION     E (70)
  AVERAGE WIND SPEED     8.5


SKY COVER
  POSSIBLE SUNSHINE  MM
  AVERAGE SKY COVER 0.3


WEATHER CONDITIONS
 THE FOLLOWING WEATHER WAS RECORDED TODAY.
  NO SIGNIFICANT WEATHER WAS OBSERVED.


RELATIVE HUMIDITY (PERCENT)
 HIGHEST    63           600 AM
 LOWEST     32           100 PM
 AVERAGE    48

..........................................................


THE BOWLING GREEN CLIMATE NORMALS FOR TOMORROW
                         NORMAL    RECORD    YEAR
 MAXIMUM TEMPERATURE (F)   50        77      1911
 MINIMUM TEMPERATURE (F)   30        -1      1958


SUNRISE AND SUNSET
FEBRUARY 15 2015......SUNRISE   635 AM CST   SUNSET   526 PM CST
FEBRUARY 16 2015......SUNRISE   633 AM CST   SUNSET   527 PM CST


-  INDICATES NEGATIVE NUMBERS.
R  INDICATES RECORD WAS SET OR TIED.
MM INDICATES DATA IS MISSING.
T  INDICATES TRACE AMOUNT.




$$
