000
CDUS43 KLMK 050645
CLIBWG


CLIMATE REPORT
NATIONAL WEATHER SERVICE LOUISVILLE KY
145 AM EST TUE DEC 5 2017


...................................

...THE BOWLING GREEN KY CLIMATE SUMMARY FOR DECEMBER 4 2017...

CLIMATE NORMAL PERIOD 1981 TO 2010
CLIMATE RECORD PERIOD 1870 TO 2017


WEATHER ITEM   OBSERVED TIME   RECORD YEAR NORMAL DEPARTURE LAST
                VALUE   (LST)  VALUE       VALUE  FROM      YEAR
                                                  NORMAL
..................................................................
TEMPERATURE (F)
 YESTERDAY
  MAXIMUM         70    204 PM  75    1998  51     19       48
  MINIMUM         38    535 AM   4    1942  32      6       40
                                      1876
  AVERAGE         54                        42     12       44

PRECIPITATION (IN)
  YESTERDAY        0.00          1.96 1993   0.16  -0.16     0.07
  MONTH TO DATE    0.00                      0.64  -0.64     0.07
  SINCE DEC 1      0.00                      0.64  -0.64     0.07
  SINCE JAN 1     48.98                     45.73   3.25    42.03

SNOWFALL (IN)
  YESTERDAY        0.0           0.1  1968   0.1   -0.1      0.0
  MONTH TO DATE    0.0                       0.1   -0.1      0.0
  SINCE DEC 1      0.0                       0.1   -0.1      0.0
  SINCE JUL 1      T                         0.1   -0.1      0.0
  SNOW DEPTH       0

DEGREE DAYS
 HEATING
  YESTERDAY       11                        23    -12       21
  MONTH TO DATE   65                        91    -26       96
  SINCE DEC 1     65                        91    -26       96
  SINCE JUL 1    766                       854    -88      582

 COOLING
  YESTERDAY        0                         0      0        0
  MONTH TO DATE    0                         0      0        0
  SINCE DEC 1      0                         0      0        0
  SINCE JAN 1   1600                      1491    109     1979
..................................................................


WIND (MPH)
  HIGHEST WIND SPEED    26   HIGHEST WIND DIRECTION     S (190)
  HIGHEST GUST SPEED    41   HIGHEST GUST DIRECTION     S (190)
  AVERAGE WIND SPEED    11.5


SKY COVER
  POSSIBLE SUNSHINE  MM
  AVERAGE SKY COVER 0.3


WEATHER CONDITIONS
 THE FOLLOWING WEATHER WAS RECORDED YESTERDAY.
  NO SIGNIFICANT WEATHER WAS OBSERVED.


RELATIVE HUMIDITY (PERCENT)
 HIGHEST    92           100 AM
 LOWEST     39           300 PM
 AVERAGE    66

..........................................................


THE BOWLING GREEN KY CLIMATE NORMALS FOR TODAY
                         NORMAL    RECORD    YEAR
 MAXIMUM TEMPERATURE (F)   51        72      2001
 MINIMUM TEMPERATURE (F)   32         6      1871


SUNRISE AND SUNSET
DECEMBER  5 2017......SUNRISE   644 AM CST   SUNSET   429 PM CST
DECEMBER  6 2017......SUNRISE   645 AM CST   SUNSET   429 PM CST


-  INDICATES NEGATIVE NUMBERS.
R  INDICATES RECORD WAS SET OR TIED.
MM INDICATES DATA IS MISSING.
T  INDICATES TRACE AMOUNT.




$$
