000
CDUS43 KLMK 032027 RRD
CLIBWG

CLIMATE REPORT
NATIONAL WEATHER SERVICE LOUISVILLE KY
426 PM EDT FRI NOV 3 2017


...................................

...THE BOWLING GREEN CLIMATE SUMMARY FOR NOVEMBER 3 2017...
VALID TODAY AS OF 0400 PM LOCAL TIME.

CLIMATE NORMAL PERIOD 1981 TO 2010
CLIMATE RECORD PERIOD 1870 TO 2017


WEATHER ITEM   OBSERVED TIME   RECORD YEAR NORMAL DEPARTURE LAST
                VALUE   (LST)  VALUE       VALUE  FROM      YEAR
                                                  NORMAL
..................................................................
TEMPERATURE (F)
 TODAY
  MAXIMUM         72    100 PM  82    1974  65      7       80
                                      1946
  MINIMUM         64    611 AM  13    1951  41     23       57
  AVERAGE         68                        53     15       69

PRECIPITATION (IN)
  TODAY            0.06          0.83 1904   0.13  -0.07     0.00
  MONTH TO DATE    0.23                      0.39  -0.16     0.00
  SINCE SEP 1     10.17                      7.70   2.47     2.13
  SINCE JAN 1     47.25                     41.26   5.99    40.05

SNOWFALL (IN)
  TODAY            0.0           T    1966   0.0    0.0      0.0
                                      1949
  MONTH TO DATE    0.0                       0.0    0.0      0.0
  SINCE SEP 1      T                         T      0.0      0.0
  SINCE JUL 1      T                         T      0.0      0.0
  SNOW DEPTH       0

DEGREE DAYS
 HEATING
  TODAY            0                        12    -12        0
  MONTH TO DATE   11                        36    -25        0
  SINCE SEP 1    231                       298    -67       86
  SINCE JUL 1    231                       299    -68       86

 COOLING
  TODAY            3                         0      3        4
  MONTH TO DATE    5                         0      5       15
  SINCE SEP 1    241                       219     22      420
  SINCE JAN 1   1593                      1488    105     1979
..................................................................


WIND (MPH)
  HIGHEST WIND SPEED    13   HIGHEST WIND DIRECTION     S (200)
  HIGHEST GUST SPEED    17   HIGHEST GUST DIRECTION     N (10)
  AVERAGE WIND SPEED     9.0


SKY COVER
  POSSIBLE SUNSHINE  MM
  AVERAGE SKY COVER 0.9


WEATHER CONDITIONS
 THE FOLLOWING WEATHER WAS RECORDED TODAY.
  RAIN
  LIGHT RAIN
  FOG


RELATIVE HUMIDITY (PERCENT)
 HIGHEST    90           400 AM
 LOWEST     84          1200 AM
 AVERAGE    87

..........................................................


THE BOWLING GREEN CLIMATE NORMALS FOR TOMORROW
                         NORMAL    RECORD    YEAR
 MAXIMUM TEMPERATURE (F)   64        80      1956
                                             1909
 MINIMUM TEMPERATURE (F)   41        14      1879


SUNRISE AND SUNSET
NOVEMBER  3 2017......SUNRISE   712 AM CDT   SUNSET   546 PM CDT
NOVEMBER  4 2017......SUNRISE   713 AM CDT   SUNSET   545 PM CDT


-  INDICATES NEGATIVE NUMBERS.
R  INDICATES RECORD WAS SET OR TIED.
MM INDICATES DATA IS MISSING.
T  INDICATES TRACE AMOUNT.




$$
