000
CDUS43 KLMK 022131
CLIBWG


CLIMATE REPORT
NATIONAL WEATHER SERVICE LOUISVILLE KY
431 PM EST FRI FEB 2 2018


...................................

...THE BOWLING GREEN CLIMATE SUMMARY FOR FEBRUARY 2 2018...
VALID TODAY AS OF 0400 PM LOCAL TIME.

CLIMATE NORMAL PERIOD 1981 TO 2010
CLIMATE RECORD PERIOD 1870 TO 2018


WEATHER ITEM   OBSERVED TIME   RECORD YEAR NORMAL DEPARTURE LAST
                VALUE   (LST)  VALUE       VALUE  FROM      YEAR
                                                  NORMAL
..................................................................
TEMPERATURE (F)
 TODAY
  MAXIMUM         28    255 PM  73    2016  47    -19       44
  MINIMUM         15    724 AM -20    1951  27    -12       29
  AVERAGE         22                        37    -15       37

PRECIPITATION (IN)
  TODAY            0.00          1.54 2014   0.14  -0.14     0.00
  MONTH TO DATE    0.12                      0.29  -0.17     0.00
  SINCE DEC 1      5.89                      8.70  -2.81     9.80
  SINCE JAN 1      2.40                      3.90  -1.50     4.16

SNOWFALL (IN)
  TODAY            0.0           4.8  1936   0.1   -0.1      0.0
  MONTH TO DATE    0.2                       0.3   -0.1      0.0
  SINCE DEC 1      8.4                       4.8    3.6      0.7
  SINCE JUL 1      8.4                       4.8    3.6      0.7
  SNOW DEPTH       T

DEGREE DAYS
 HEATING
  TODAY           43                        28     15       28
  MONTH TO DATE   70                        56     14       47
  SINCE DEC 1   1894                      1785    109     1482
  SINCE JUL 1   2595                      2548     47     1968

 COOLING
  TODAY            0                         0      0        0
  MONTH TO DATE    0                         0      0        0
  SINCE DEC 1      0                         1     -1        0
  SINCE JAN 1      0                         0      0        0
..................................................................


WIND (MPH)
  HIGHEST WIND SPEED    10   HIGHEST WIND DIRECTION    NW (310)
  HIGHEST GUST SPEED    18   HIGHEST GUST DIRECTION    NW (320)
  AVERAGE WIND SPEED     6.3


SKY COVER
  POSSIBLE SUNSHINE  MM
  AVERAGE SKY COVER 0.0


WEATHER CONDITIONS
 THE FOLLOWING WEATHER WAS RECORDED TODAY.
  NO SIGNIFICANT WEATHER WAS OBSERVED.


RELATIVE HUMIDITY (PERCENT)
 HIGHEST    74          1200 AM
 LOWEST     42           300 PM
 AVERAGE    58

..........................................................


THE BOWLING GREEN CLIMATE NORMALS FOR TOMORROW
                         NORMAL    RECORD    YEAR
 MAXIMUM TEMPERATURE (F)   47        71      1927
                                             1924
 MINIMUM TEMPERATURE (F)   27       -18      1951


SUNRISE AND SUNSET
FEBRUARY  2 2018......SUNRISE   647 AM CST   SUNSET   512 PM CST
FEBRUARY  3 2018......SUNRISE   646 AM CST   SUNSET   513 PM CST


-  INDICATES NEGATIVE NUMBERS.
R  INDICATES RECORD WAS SET OR TIED.
MM INDICATES DATA IS MISSING.
T  INDICATES TRACE AMOUNT.




$$
