000
CDUS43 KLMK 070626
CLIBWG


CLIMATE REPORT
NATIONAL WEATHER SERVICE LOUISVILLE KY
226 AM EDT SAT MAY 7 2016


...................................

...THE BOWLING GREEN KY CLIMATE SUMMARY FOR MAY 6 2016...

CLIMATE NORMAL PERIOD 1981 TO 2010
CLIMATE RECORD PERIOD 1870 TO 2016


WEATHER ITEM   OBSERVED TIME   RECORD YEAR NORMAL DEPARTURE LAST
                VALUE   (LST)  VALUE       VALUE  FROM      YEAR
                                                  NORMAL
..................................................................
TEMPERATURE (F)
 YESTERDAY
  MAXIMUM         72    335 PM  93    1930  75     -3       86
                                      1916
  MINIMUM         49    537 AM  32    1891  52     -3       58
  AVERAGE         61                        64     -3       72

PRECIPITATION (IN)
  YESTERDAY        0.00          3.22 1984   0.19  -0.19     0.00
  MONTH TO DATE    0.54                      1.10  -0.56     0.00
  SINCE MAR 1      5.89                      9.85  -3.96    15.35
  SINCE JAN 1     12.47                     17.42  -4.95    21.23

SNOWFALL (IN)
  YESTERDAY        0.0           0.0    MM   0.0    0.0      0.0
  MONTH TO DATE    0.0                       0.0    0.0      0.0
  SINCE MAR 1      T                         1.3   -1.3      7.2
  SINCE JUL 1     24.0                       9.1   14.9     23.5
  SNOW DEPTH       0

DEGREE DAYS
 HEATING
  YESTERDAY        4                         4      0        0
  MONTH TO DATE   32                        25      7       16
  SINCE MAR 1    569                       796   -227      728
  SINCE JUL 1   3169                      3994   -825     4263

 COOLING
  YESTERDAY        0                         2     -2        7
  MONTH TO DATE    8                        12     -4       14
  SINCE MAR 1     52                        48      4       49
  SINCE JAN 1     52                        48      4       49
..................................................................


WIND (MPH)
  HIGHEST WIND SPEED    15   HIGHEST WIND DIRECTION     W (280)
  HIGHEST GUST SPEED    21   HIGHEST GUST DIRECTION    NW (310)
  AVERAGE WIND SPEED     4.8


SKY COVER
  POSSIBLE SUNSHINE  MM
  AVERAGE SKY COVER 0.1


WEATHER CONDITIONS
 THE FOLLOWING WEATHER WAS RECORDED YESTERDAY.
  NO SIGNIFICANT WEATHER WAS OBSERVED.


RELATIVE HUMIDITY (PERCENT)
 HIGHEST    86           500 AM
 LOWEST     35           300 PM
 AVERAGE    61

..........................................................


THE BOWLING GREEN KY CLIMATE NORMALS FOR TODAY
                         NORMAL    RECORD    YEAR
 MAXIMUM TEMPERATURE (F)   75        92      1940
                                             1916
                                             1894
 MINIMUM TEMPERATURE (F)   52        32      1891


SUNRISE AND SUNSET
MAY  7 2016...........SUNRISE   545 AM CDT   SUNSET   740 PM CDT
MAY  8 2016...........SUNRISE   544 AM CDT   SUNSET   741 PM CDT


-  INDICATES NEGATIVE NUMBERS.
R  INDICATES RECORD WAS SET OR TIED.
MM INDICATES DATA IS MISSING.
T  INDICATES TRACE AMOUNT.




$$
