342
CDUS43 KLMK 130628
CLIBWG


CLIMATE REPORT
NATIONAL WEATHER SERVICE LOUISVILLE KY
228 AM EDT WED SEP 13 2017


...................................

...THE BOWLING GREEN KY CLIMATE SUMMARY FOR SEPTEMBER 12 2017...

CLIMATE NORMAL PERIOD 1981 TO 2010
CLIMATE RECORD PERIOD 1870 TO 2017


WEATHER ITEM   OBSERVED TIME   RECORD YEAR NORMAL DEPARTURE LAST
                VALUE   (LST)  VALUE       VALUE  FROM      YEAR
                                                  NORMAL
..................................................................
TEMPERATURE (F)
 YESTERDAY
  MAXIMUM         72   1212 PM  98    1939  84    -12       85
  MINIMUM         59    346 AM  42    1940  60     -1       54
  AVERAGE         66                        72     -6       70

PRECIPITATION (IN)
  YESTERDAY        0.26          1.20 1938   0.14   0.12     0.00
  MONTH TO DATE    5.54                      1.57   3.97     0.03
  SINCE SEP 1      5.54                      1.57   3.97     0.03
  SINCE JAN 1     42.62                     35.13   7.49    37.95

SNOWFALL (IN)
  YESTERDAY        0.0           0.0    MM   0.0    0.0      0.0
  MONTH TO DATE    0.0                       0.0    0.0      0.0
  SINCE SEP 1      0.0                       0.0    0.0      0.0
  SINCE JUL 1      0.0                       0.0    0.0      0.0
  SNOW DEPTH       0

DEGREE DAYS
 HEATING
  YESTERDAY        0                         0      0        0
  MONTH TO DATE   16                         0     16        0
  SINCE SEP 1     16                         0     16        0
  SINCE JUL 1     16                         1     15        0

 COOLING
  YESTERDAY        1                         7     -6        5
  MONTH TO DATE   19                       104    -85      141
  SINCE SEP 1     19                       104    -85      141
  SINCE JAN 1   1371                      1373     -2     1700
..................................................................


WIND (MPH)
  HIGHEST WIND SPEED    18   HIGHEST WIND DIRECTION     E (80)
  HIGHEST GUST SPEED    26   HIGHEST GUST DIRECTION    NE (60)
  AVERAGE WIND SPEED     7.1


SKY COVER
  POSSIBLE SUNSHINE  MM
  AVERAGE SKY COVER 0.8


WEATHER CONDITIONS
 THE FOLLOWING WEATHER WAS RECORDED YESTERDAY.
  LIGHT RAIN
  FOG


RELATIVE HUMIDITY (PERCENT)
 HIGHEST   100           600 PM
 LOWEST     73          1100 AM
 AVERAGE    87

..........................................................


THE BOWLING GREEN KY CLIMATE NORMALS FOR TODAY
                         NORMAL    RECORD    YEAR
 MAXIMUM TEMPERATURE (F)   83       100      1939
                                             1927
 MINIMUM TEMPERATURE (F)   59        36      1902


SUNRISE AND SUNSET
SEPTEMBER 13 2017.....SUNRISE   626 AM CDT   SUNSET   656 PM CDT
SEPTEMBER 14 2017.....SUNRISE   627 AM CDT   SUNSET   654 PM CDT


-  INDICATES NEGATIVE NUMBERS.
R  INDICATES RECORD WAS SET OR TIED.
MM INDICATES DATA IS MISSING.
T  INDICATES TRACE AMOUNT.




$$
