000
CDUS43 KLMK 122035
CLIBWG


CLIMATE REPORT
NATIONAL WEATHER SERVICE LOUISVILLE KY
434 PM EDT TUE MAY 12 2015


...................................

...THE BOWLING GREEN CLIMATE SUMMARY FOR MAY 12 2015...
VALID TODAY AS OF 0400 PM LOCAL TIME.

CLIMATE NORMAL PERIOD 1981 TO 2010
CLIMATE RECORD PERIOD 1870 TO 2015


WEATHER ITEM   OBSERVED TIME   RECORD YEAR NORMAL DEPARTURE LAST
                VALUE   (LST)  VALUE       VALUE  FROM      YEAR
                                                  NORMAL
..................................................................
TEMPERATURE (F)
 TODAY
  MAXIMUM         74    159 PM  93    1914  77     -3       88
  MINIMUM         61    546 AM  37    1951  54      7       70
  AVERAGE         68                        65      3       79

PRECIPITATION (IN)
  TODAY            0.00          1.57 1955   0.20  -0.20     0.00
  MONTH TO DATE    0.08                      2.23  -2.15     1.28
  SINCE MAR 1     15.43                     10.98   4.45    11.58
  SINCE JAN 1     21.31                     18.55   2.76    18.75

SNOWFALL (IN)
  TODAY            0.0           0.0    MM   0.0    0.0      0.0
  MONTH TO DATE    0.0                       0.0    0.0      0.0
  SINCE MAR 1      7.2                       1.3    5.9      5.1
  SINCE JUL 1     23.5                       9.1   14.4     10.4
  SNOW DEPTH       0

DEGREE DAYS
 HEATING
  TODAY            0                         3     -3        0
  MONTH TO DATE   16                        43    -27       28
  SINCE MAR 1    728                       814    -86      876
  SINCE JUL 1   4263                      4012    251     4485

 COOLING
  TODAY            3                         3      0       14
  MONTH TO DATE   65                        28     37       63
  SINCE MAR 1    100                        64     36       77
  SINCE JAN 1    100                        64     36       77
..................................................................


WIND (MPH)
  HIGHEST WIND SPEED    17   HIGHEST WIND DIRECTION     W (260)
  HIGHEST GUST SPEED    23   HIGHEST GUST DIRECTION     W (270)
  AVERAGE WIND SPEED     8.1


SKY COVER
  POSSIBLE SUNSHINE  MM
  AVERAGE SKY COVER 0.0


WEATHER CONDITIONS
 THE FOLLOWING WEATHER WAS RECORDED TODAY.
  NO SIGNIFICANT WEATHER WAS OBSERVED.


RELATIVE HUMIDITY (PERCENT)
 HIGHEST    87           100 AM
 LOWEST     33           100 PM
 AVERAGE    60

..........................................................


THE BOWLING GREEN CLIMATE NORMALS FOR TOMORROW
                         NORMAL    RECORD    YEAR
 MAXIMUM TEMPERATURE (F)   77        96      1916
 MINIMUM TEMPERATURE (F)   54        35      1895


SUNRISE AND SUNSET
MAY 12 2015...........SUNRISE   541 AM CDT   SUNSET   744 PM CDT
MAY 13 2015...........SUNRISE   540 AM CDT   SUNSET   745 PM CDT


-  INDICATES NEGATIVE NUMBERS.
R  INDICATES RECORD WAS SET OR TIED.
MM INDICATES DATA IS MISSING.
T  INDICATES TRACE AMOUNT.




$$
