000
CDUS43 KLMK 150627
CLIBWG


CLIMATE REPORT
NATIONAL WEATHER SERVICE LOUISVILLE KY
227 AM EDT MON MAY 15 2017


...................................

...THE BOWLING GREEN KY CLIMATE SUMMARY FOR MAY 14 2017...

CLIMATE NORMAL PERIOD 1981 TO 2010
CLIMATE RECORD PERIOD 1870 TO 2017


WEATHER ITEM   OBSERVED TIME   RECORD YEAR NORMAL DEPARTURE LAST
                VALUE   (LST)  VALUE       VALUE  FROM      YEAR
                                                  NORMAL
..................................................................
TEMPERATURE (F)
 YESTERDAY
  MAXIMUM         82    422 PM  96    1916  77      5       62
  MINIMUM         52    507 AM  37    1910  54     -2       43
  AVERAGE         67                        66      1       53

PRECIPITATION (IN)
  YESTERDAY        0.00          2.98 1967   0.20  -0.20      T
  MONTH TO DATE    1.75                      2.62  -0.87     2.30
  SINCE MAR 1     10.12                     11.37  -1.25     7.65
  SINCE JAN 1     16.70                     18.94  -2.24    14.23

SNOWFALL (IN)
  YESTERDAY        0.0           0.0    MM   0.0    0.0     MM
  MONTH TO DATE    0.0                       0.0    0.0      0.0
  SINCE MAR 1      T                         1.3   -1.3       T
  SINCE JUL 1      0.7                       9.1   -8.4     24.0
  SNOW DEPTH       0

DEGREE DAYS
 HEATING
  YESTERDAY        0                         3     -3       12
  MONTH TO DATE   56                        49      7       44
  SINCE MAR 1    604                       820   -216      581
  SINCE JUL 1   2985                      4018  -1033     3181

 COOLING
  YESTERDAY        2                         3     -1        0
  MONTH TO DATE   28                        34     -6       48
  SINCE MAR 1    118                        70     48       92
  SINCE JAN 1    122                        70     52       92
..................................................................


WIND (MPH)
  HIGHEST WIND SPEED    13   HIGHEST WIND DIRECTION    SW (230)
  HIGHEST GUST SPEED    22   HIGHEST GUST DIRECTION    SW (220)
  AVERAGE WIND SPEED     2.5


SKY COVER
  POSSIBLE SUNSHINE  MM
  AVERAGE SKY COVER 0.0


WEATHER CONDITIONS
 THE FOLLOWING WEATHER WAS RECORDED YESTERDAY.
  FOG


RELATIVE HUMIDITY (PERCENT)
 HIGHEST   100           200 AM
 LOWEST     37           400 PM
 AVERAGE    69

..........................................................


THE BOWLING GREEN KY CLIMATE NORMALS FOR TODAY
                         NORMAL    RECORD    YEAR
 MAXIMUM TEMPERATURE (F)   77        92      1962
                                             1900
 MINIMUM TEMPERATURE (F)   55        36      1904


SUNRISE AND SUNSET
MAY 15 2017...........SUNRISE   538 AM CDT   SUNSET   747 PM CDT
MAY 16 2017...........SUNRISE   537 AM CDT   SUNSET   748 PM CDT


-  INDICATES NEGATIVE NUMBERS.
R  INDICATES RECORD WAS SET OR TIED.
MM INDICATES DATA IS MISSING.
T  INDICATES TRACE AMOUNT.




$$
