000
CDUS43 KLMK 120644
CLIBWG


CLIMATE REPORT
NATIONAL WEATHER SERVICE LOUISVILLE KY
244 AM EDT TUE APR 12 2016


...................................

...THE BOWLING GREEN KY CLIMATE SUMMARY FOR APRIL 11 2016...

CLIMATE NORMAL PERIOD 1981 TO 2010
CLIMATE RECORD PERIOD 1870 TO 2016


WEATHER ITEM   OBSERVED TIME   RECORD YEAR NORMAL DEPARTURE LAST
                VALUE   (LST)  VALUE       VALUE  FROM      YEAR
                                                  NORMAL
..................................................................
TEMPERATURE (F)
 YESTERDAY
  MAXIMUM         71   1238 PM  92    1930  69      2       70
  MINIMUM         49   1159 PM  24    1989  44      5       41
                                      1973
  AVERAGE         60                        56      4       56

PRECIPITATION (IN)
  YESTERDAY        0.42          2.41 2011   0.14   0.28     0.00
  MONTH TO DATE    0.51                      1.48  -0.97     3.51
  SINCE MAR 1      4.33                      5.89  -1.56     9.78
  SINCE JAN 1     10.91                     13.46  -2.55    15.66

SNOWFALL (IN)
  YESTERDAY        0.0           0.0    MM   0.0    0.0      0.0
  MONTH TO DATE    0.0                       0.1   -0.1      0.0
  SINCE MAR 1      T                         1.2   -1.2      7.2
  SINCE JUL 1     24.0                       9.0   15.0     23.5
  SNOW DEPTH       0

DEGREE DAYS
 HEATING
  YESTERDAY        5                        10     -5        9
  MONTH TO DATE  147                       120     27       64
  SINCE MAR 1    496                       640   -144      604
  SINCE JUL 1   3096                      3838   -742     4139

 COOLING
  YESTERDAY        0                         1     -1        0
  MONTH TO DATE    0                        10    -10       26
  SINCE MAR 1      1                        15    -14       26
  SINCE JAN 1      1                        15    -14       26
..................................................................


WIND (MPH)
  HIGHEST WIND SPEED    26   HIGHEST WIND DIRECTION    SW (210)
  HIGHEST GUST SPEED    36   HIGHEST GUST DIRECTION     S (190)
  AVERAGE WIND SPEED    15.0


SKY COVER
  POSSIBLE SUNSHINE  MM
  AVERAGE SKY COVER 0.8


WEATHER CONDITIONS
 THE FOLLOWING WEATHER WAS RECORDED YESTERDAY.
  RAIN
  LIGHT RAIN
  FOG


RELATIVE HUMIDITY (PERCENT)
 HIGHEST    96           800 PM
 LOWEST     42          1200 AM
 AVERAGE    69

..........................................................


THE BOWLING GREEN KY CLIMATE NORMALS FOR TODAY
                         NORMAL    RECORD    YEAR
 MAXIMUM TEMPERATURE (F)   69        94      1906
 MINIMUM TEMPERATURE (F)   45        26      1940


SUNRISE AND SUNSET
APRIL 12 2016.........SUNRISE   615 AM CDT   SUNSET   718 PM CDT
APRIL 13 2016.........SUNRISE   614 AM CDT   SUNSET   719 PM CDT


-  INDICATES NEGATIVE NUMBERS.
R  INDICATES RECORD WAS SET OR TIED.
MM INDICATES DATA IS MISSING.
T  INDICATES TRACE AMOUNT.




$$
