000
CDUS43 KLMK 030645
CLIBWG


CLIMATE REPORT
NATIONAL WEATHER SERVICE LOUISVILLE KY
145 AM EST WED JAN 3 2018


...................................

...THE BOWLING GREEN KY CLIMATE SUMMARY FOR JANUARY 2 2018...

CLIMATE NORMAL PERIOD 1981 TO 2010
CLIMATE RECORD PERIOD 1870 TO 2018


WEATHER ITEM   OBSERVED TIME   RECORD YEAR NORMAL DEPARTURE LAST
                VALUE   (LST)  VALUE       VALUE  FROM      YEAR
                                                  NORMAL
..................................................................
TEMPERATURE (F)
 YESTERDAY
  MAXIMUM         24    347 PM  74    2006  45    -21       65
  MINIMUM          2    709 AM  -5    1887  27    -25       51
  AVERAGE         13                        36    -23       58

PRECIPITATION (IN)
  YESTERDAY        0.00          1.85 1966   0.12  -0.12     0.43
  MONTH TO DATE    0.00                      0.24  -0.24     0.46
  SINCE DEC 1      3.49                      5.04  -1.55     6.10
  SINCE JAN 1      0.00                      0.24  -0.24     0.46

SNOWFALL (IN)
  YESTERDAY        0.0           0.5  2014   0.1   -0.1      0.0
                                      1898
  MONTH TO DATE    0.0                       0.2   -0.2      0.0
  SINCE DEC 1      T                         1.4   -1.4       T
  SINCE JUL 1      T                         1.4   -1.4       T
  SNOW DEPTH       0

DEGREE DAYS
 HEATING
  YESTERDAY       52                        29     23        7
  MONTH TO DATE  105                        58     47       25
  SINCE DEC 1    942                       879     63      820
  SINCE JUL 1   1643                      1642      1     1306

 COOLING
  YESTERDAY        0                         0      0        0
  MONTH TO DATE    0                         0      0        0
  SINCE DEC 1      0                         1     -1        0
  SINCE JAN 1      0                         0      0        0
..................................................................


WIND (MPH)
  HIGHEST WIND SPEED     6   HIGHEST WIND DIRECTION     W (290)
  HIGHEST GUST SPEED     9   HIGHEST GUST DIRECTION     W (290)
  AVERAGE WIND SPEED     1.1


SKY COVER
  POSSIBLE SUNSHINE  MM
  AVERAGE SKY COVER 0.0


WEATHER CONDITIONS
 THE FOLLOWING WEATHER WAS RECORDED YESTERDAY.
  NO SIGNIFICANT WEATHER WAS OBSERVED.


RELATIVE HUMIDITY (PERCENT)
 HIGHEST    73          1000 PM
 LOWEST     34           300 PM
 AVERAGE    54

..........................................................


THE BOWLING GREEN KY CLIMATE NORMALS FOR TODAY
                         NORMAL    RECORD    YEAR
 MAXIMUM TEMPERATURE (F)   45        71      2004
                                             1907
 MINIMUM TEMPERATURE (F)   27       -11      1879


SUNRISE AND SUNSET
JANUARY  3 2018.......SUNRISE   659 AM CST   SUNSET   442 PM CST
JANUARY  4 2018.......SUNRISE   659 AM CST   SUNSET   442 PM CST


-  INDICATES NEGATIVE NUMBERS.
R  INDICATES RECORD WAS SET OR TIED.
MM INDICATES DATA IS MISSING.
T  INDICATES TRACE AMOUNT.




$$
