000
CDUS43 KLMK 282035
CLIBWG


CLIMATE REPORT
NATIONAL WEATHER SERVICE LOUISVILLE KY
434 PM EDT SAT OCT 28 2017


...................................

...THE BOWLING GREEN CLIMATE SUMMARY FOR OCTOBER 28 2017...
VALID TODAY AS OF 0400 PM LOCAL TIME.

CLIMATE NORMAL PERIOD 1981 TO 2010
CLIMATE RECORD PERIOD 1870 TO 2017


WEATHER ITEM   OBSERVED TIME   RECORD YEAR NORMAL DEPARTURE LAST
                VALUE   (LST)  VALUE       VALUE  FROM      YEAR
                                                  NORMAL
..................................................................
TEMPERATURE (F)
 TODAY
  MAXIMUM         46   1034 AM  86    1927  67    -21       78
  MINIMUM         37    711 AM  20    1878  43     -6       43
  AVERAGE         42                        55    -13       61

PRECIPITATION (IN)
  TODAY            0.14          1.32 1931   0.12   0.02     0.00
  MONTH TO DATE    3.47                      3.04   0.43     0.56
  SINCE SEP 1      9.94                      6.97   2.97     2.13
  SINCE JAN 1     47.02                     40.53   6.49    40.05

SNOWFALL (IN)
  TODAY            0.0           T    1910   0.0    0.0      0.0
  MONTH TO DATE    0.0                       0.0    0.0      0.0
  SINCE SEP 1      0.0                       0.0    0.0      0.0
  SINCE JUL 1      0.0                       0.0    0.0      0.0
  SNOW DEPTH       0

DEGREE DAYS
 HEATING
  TODAY           23                        10     13        4
  MONTH TO DATE  134                       194    -60       67
  SINCE SEP 1    153                       229    -76       86
  SINCE JUL 1    153                       230    -77       86

 COOLING
  TODAY            0                         0      0        0
  MONTH TO DATE   66                        33     33       88
  SINCE SEP 1    236                       219     17      393
  SINCE JAN 1   1588                      1488    100     1952
..................................................................


WIND (MPH)
  HIGHEST WIND SPEED    12   HIGHEST WIND DIRECTION     W (290)
  HIGHEST GUST SPEED    16   HIGHEST GUST DIRECTION     W (270)
  AVERAGE WIND SPEED     4.1


SKY COVER
  POSSIBLE SUNSHINE  MM
  AVERAGE SKY COVER 0.8


WEATHER CONDITIONS
 THE FOLLOWING WEATHER WAS RECORDED TODAY.
  RAIN
  LIGHT RAIN
  FOG


RELATIVE HUMIDITY (PERCENT)
 HIGHEST   100          1200 AM
 LOWEST     58          1000 AM
 AVERAGE    79

..........................................................


THE BOWLING GREEN CLIMATE NORMALS FOR TOMORROW
                         NORMAL    RECORD    YEAR
 MAXIMUM TEMPERATURE (F)   67        86      1927
 MINIMUM TEMPERATURE (F)   43        20      1906


SUNRISE AND SUNSET
OCTOBER 28 2017.......SUNRISE   706 AM CDT   SUNSET   552 PM CDT
OCTOBER 29 2017.......SUNRISE   707 AM CDT   SUNSET   551 PM CDT


-  INDICATES NEGATIVE NUMBERS.
R  INDICATES RECORD WAS SET OR TIED.
MM INDICATES DATA IS MISSING.
T  INDICATES TRACE AMOUNT.




$$
