181
CDUS43 KLMK 050631
CLIBWG


CLIMATE REPORT
NATIONAL WEATHER SERVICE LOUISVILLE KY
130 AM EST FRI FEB 5 2016


...................................

...THE BOWLING GREEN KY CLIMATE SUMMARY FOR FEBRUARY 4 2016...

CLIMATE NORMAL PERIOD 1981 TO 2010
CLIMATE RECORD PERIOD 1870 TO 2016


WEATHER ITEM   OBSERVED TIME   RECORD YEAR NORMAL DEPARTURE LAST
                VALUE   (LST)  VALUE       VALUE  FROM      YEAR
                                                  NORMAL
..................................................................
TEMPERATURE (F)
 YESTERDAY
  MAXIMUM         42    214 PM  72    1962  47     -5       54
  MINIMUM         26   1158 PM -10    1886  28     -2       30
  AVERAGE         34                        37     -3       42

PRECIPITATION (IN)
  YESTERDAY        0.00          2.56 2014   0.15  -0.15      T
  MONTH TO DATE    1.77                      0.59   1.18     1.00
  SINCE DEC 1      8.81                      9.00  -0.19     4.57
  SINCE JAN 1      3.58                      4.20  -0.62     2.88

SNOWFALL (IN)
  YESTERDAY        0.0           3.0  1907   0.1   -0.1       T
  MONTH TO DATE    0.0                       0.6   -0.6       T
  SINCE DEC 1     14.8                       5.1    9.7      3.4
  SINCE JUL 1     14.8                       5.1    9.7      3.7
  SNOW DEPTH       0

DEGREE DAYS
 HEATING
  YESTERDAY       31                        28      3       23
  MONTH TO DATE   68                       112    -44      107
  SINCE DEC 1   1453                      1841   -388     1755
  SINCE JUL 1   1991                      2604   -613     2652

 COOLING
  YESTERDAY        0                         0      0        0
  MONTH TO DATE    0                         0      0        0
  SINCE DEC 1      2                         1      1        0
  SINCE JAN 1      0                         0      0        0
..................................................................


WIND (MPH)
  HIGHEST WIND SPEED    15   HIGHEST WIND DIRECTION     W (270)
  HIGHEST GUST SPEED    20   HIGHEST GUST DIRECTION     W (260)
  AVERAGE WIND SPEED     5.3


SKY COVER
  POSSIBLE SUNSHINE  MM
  AVERAGE SKY COVER 0.5


WEATHER CONDITIONS
 THE FOLLOWING WEATHER WAS RECORDED YESTERDAY.
  NO SIGNIFICANT WEATHER WAS OBSERVED.


RELATIVE HUMIDITY (PERCENT)
 HIGHEST    75          1100 PM
 LOWEST     40           300 PM
 AVERAGE    58

..........................................................


THE BOWLING GREEN KY CLIMATE NORMALS FOR TODAY
                         NORMAL    RECORD    YEAR
 MAXIMUM TEMPERATURE (F)   47        75      1927
 MINIMUM TEMPERATURE (F)   28        -3      1917


SUNRISE AND SUNSET
FEBRUARY  5 2016......SUNRISE   645 AM CST   SUNSET   515 PM CST
FEBRUARY  6 2016......SUNRISE   644 AM CST   SUNSET   516 PM CST


-  INDICATES NEGATIVE NUMBERS.
R  INDICATES RECORD WAS SET OR TIED.
MM INDICATES DATA IS MISSING.
T  INDICATES TRACE AMOUNT.




$$
