000
CDUS43 KLMK 020633
CLIBWG


CLIMATE REPORT
NATIONAL WEATHER SERVICE LOUISVILLE KY
232 AM EDT WED JUL 2 2014


...................................

...THE BOWLING GREEN KY CLIMATE SUMMARY FOR JULY 1 2014...

CLIMATE NORMAL PERIOD 1981 TO 2010
CLIMATE RECORD PERIOD 1870 TO 2014


WEATHER ITEM   OBSERVED TIME   RECORD YEAR NORMAL DEPARTURE LAST
                VALUE   (LST)  VALUE       VALUE  FROM      YEAR
                                                  NORMAL
..................................................................
TEMPERATURE (F)
 YESTERDAY
  MAXIMUM         95    231 PM 105    2012  89      6       81
  MINIMUM         69    915 PM  53    1923  67      2       63
  AVERAGE         82                        78      4       72

PRECIPITATION (IN)
  YESTERDAY        0.23          2.96 2013   0.14   0.09     2.96
  MONTH TO DATE    0.23                      0.14   0.09     2.96
  SINCE JUN 1      1.95                      4.34  -2.39     5.33
  SINCE JAN 1     22.53                     26.27  -3.74    29.86

SNOWFALL (IN)
  YESTERDAY        0.0           0.0    MM   0.0    0.0      0.0
  MONTH TO DATE    0.0                       0.0    0.0      0.0
  SINCE JUN 1      0.0                       0.0    0.0      0.0
  SINCE JUL 1      0.0                       0.0    0.0      0.0
  SNOW DEPTH       0

DEGREE DAYS
 HEATING
  YESTERDAY        0                         0      0        0
  MONTH TO DATE    0                         0      0        0
  SINCE JUN 1      0                         5     -5        0
  SINCE JUL 1      0                         0      0        0

 COOLING
  YESTERDAY       17                        13      4        7
  MONTH TO DATE   17                        13      4        7
  SINCE JUN 1    366                       318     48      341
  SINCE JAN 1    563                       471     92      554
..................................................................


WIND (MPH)
  HIGHEST WIND SPEED    25   HIGHEST WIND DIRECTION    NW (310)
  HIGHEST GUST SPEED    37   HIGHEST GUST DIRECTION    NW (320)
  AVERAGE WIND SPEED    10.2


SKY COVER
  POSSIBLE SUNSHINE  MM
  AVERAGE SKY COVER 0.4


WEATHER CONDITIONS
 THE FOLLOWING WEATHER WAS RECORDED YESTERDAY.
  THUNDERSTORM
  HEAVY RAIN
  RAIN
  LIGHT RAIN
  FOG
  HAZE


RELATIVE HUMIDITY (PERCENT)
 HIGHEST    90          1100 PM
 LOWEST     46           200 PM
 AVERAGE    68

..........................................................


THE BOWLING GREEN KY CLIMATE NORMALS FOR TODAY
                         NORMAL    RECORD    YEAR
 MAXIMUM TEMPERATURE (F)   89       104      1925
 MINIMUM TEMPERATURE (F)   67        48      1988


SUNRISE AND SUNSET
JULY  2 2014..........SUNRISE   530 AM CDT   SUNSET   809 PM CDT
JULY  3 2014..........SUNRISE   531 AM CDT   SUNSET   809 PM CDT


-  INDICATES NEGATIVE NUMBERS.
R  INDICATES RECORD WAS SET OR TIED.
MM INDICATES DATA IS MISSING.
T  INDICATES TRACE AMOUNT.




$$
