000
CDUS43 KLMK 082036
CLIBWG


CLIMATE REPORT
NATIONAL WEATHER SERVICE LOUISVILLE KY
435 PM EDT FRI AUG 8 2014


...................................

...THE BOWLING GREEN CLIMATE SUMMARY FOR AUGUST 8 2014...
VALID TODAY AS OF 0400 PM LOCAL TIME.

CLIMATE NORMAL PERIOD 1981 TO 2010
CLIMATE RECORD PERIOD 1870 TO 2014


WEATHER ITEM   OBSERVED TIME   RECORD YEAR NORMAL DEPARTURE LAST
                VALUE   (LST)  VALUE       VALUE  FROM      YEAR
                                                  NORMAL
..................................................................
TEMPERATURE (F)
 TODAY
  MAXIMUM         84   1018 AM 109    1930  90     -6       85
  MINIMUM         71    548 AM  52    1989  67      4       72
  AVERAGE         78                        78      0       79

PRECIPITATION (IN)
  TODAY            0.22          1.70 1942   0.10   0.12      T
  MONTH TO DATE    1.15                      0.78   0.37     0.01
  SINCE JUN 1      5.40                      9.08  -3.68    12.05
  SINCE JAN 1     25.98                     31.01  -5.03    36.58

SNOWFALL (IN)
  TODAY            0.0           0.0    MM   0.0    0.0      0.0
  MONTH TO DATE    0.0                       0.0    0.0      0.0
  SINCE JUN 1      0.0                       0.0    0.0      0.0
  SINCE JUL 1      0.0                       0.0    0.0      0.0
  SNOW DEPTH       0

DEGREE DAYS
 HEATING
  TODAY            0                         0      0        0
  MONTH TO DATE    0                         0      0        0
  SINCE JUN 1      0                         5     -5        0
  SINCE JUL 1      0                         0      0        0

 COOLING
  TODAY           13                        13      0       14
  MONTH TO DATE   99                       105     -6       88
  SINCE JUN 1    765                       833    -68      778
  SINCE JAN 1    962                       986    -24      991
..................................................................


WIND (MPH)
  HIGHEST WIND SPEED    15   HIGHEST WIND DIRECTION     W (270)
  HIGHEST GUST SPEED    17   HIGHEST GUST DIRECTION     W (270)
  AVERAGE WIND SPEED     2.4


SKY COVER
  POSSIBLE SUNSHINE  MM
  AVERAGE SKY COVER 0.8


WEATHER CONDITIONS
 THE FOLLOWING WEATHER WAS RECORDED TODAY.
  THUNDERSTORM
  HEAVY RAIN
  LIGHT RAIN
  FOG


RELATIVE HUMIDITY (PERCENT)
 HIGHEST    93           400 AM
 LOWEST     69          1000 AM
 AVERAGE    81

..........................................................


THE BOWLING GREEN CLIMATE NORMALS FOR TOMORROW
                         NORMAL    RECORD    YEAR
 MAXIMUM TEMPERATURE (F)   90       110      1930
 MINIMUM TEMPERATURE (F)   67        52      1989


SUNRISE AND SUNSET
AUGUST  8 2014........SUNRISE   557 AM CDT   SUNSET   745 PM CDT
AUGUST  9 2014........SUNRISE   558 AM CDT   SUNSET   744 PM CDT


-  INDICATES NEGATIVE NUMBERS.
R  INDICATES RECORD WAS SET OR TIED.
MM INDICATES DATA IS MISSING.
T  INDICATES TRACE AMOUNT.




$$
