000
CDUS43 KLMK 100628
CLIBWG


CLIMATE REPORT
NATIONAL WEATHER SERVICE LOUISVILLE KY
227 AM EDT WED SEP 10 2014


...................................

...THE BOWLING GREEN KY CLIMATE SUMMARY FOR SEPTEMBER 9 2014...

CLIMATE NORMAL PERIOD 1981 TO 2010
CLIMATE RECORD PERIOD 1870 TO 2014


WEATHER ITEM   OBSERVED TIME   RECORD YEAR NORMAL DEPARTURE LAST
                VALUE   (LST)  VALUE       VALUE  FROM      YEAR
                                                  NORMAL
..................................................................
TEMPERATURE (F)
 YESTERDAY
  MAXIMUM         84    327 PM 103    1939  85     -1       91
  MINIMUM         59    318 AM  44    1958  61     -2       70
  AVERAGE         72                        73     -1       81

PRECIPITATION (IN)
  YESTERDAY        0.00          1.42 1936   0.14  -0.14     0.00
  MONTH TO DATE    0.13                      1.14  -1.01     0.84
  SINCE SEP 1      0.13                      1.14  -1.01     0.84
  SINCE JAN 1     36.29                     34.70   1.59    43.54

SNOWFALL (IN)
  YESTERDAY        0.0           0.0    MM   0.0    0.0      0.0
  MONTH TO DATE    0.0                       0.0    0.0      0.0
  SINCE SEP 1      0.0                       0.0    0.0      0.0
  SINCE JUL 1      0.0                       0.0    0.0      0.0
  SNOW DEPTH       0

DEGREE DAYS
 HEATING
  YESTERDAY        0                         0      0        0
  MONTH TO DATE    0                         0      0        0
  SINCE SEP 1      0                         0      0        0
  SINCE JUL 1      0                         1     -1        0

 COOLING
  YESTERDAY        7                         8     -1       16
  MONTH TO DATE  103                        82     21       95
  SINCE SEP 1    103                        82     21       95
  SINCE JAN 1   1380                      1351     29     1355
..................................................................


WIND (MPH)
  HIGHEST WIND SPEED     9   HIGHEST WIND DIRECTION     E (110)
  HIGHEST GUST SPEED    11   HIGHEST GUST DIRECTION     E (80)
  AVERAGE WIND SPEED     2.3


SKY COVER
  POSSIBLE SUNSHINE  MM
  AVERAGE SKY COVER 0.3


WEATHER CONDITIONS
 THE FOLLOWING WEATHER WAS RECORDED YESTERDAY.
  FOG
  FOG W/VISIBILITY <= 1/4 MILE


RELATIVE HUMIDITY (PERCENT)
 HIGHEST   100          1200 AM
 LOWEST     44           100 PM
 AVERAGE    72

..........................................................


THE BOWLING GREEN KY CLIMATE NORMALS FOR TODAY
                         NORMAL    RECORD    YEAR
 MAXIMUM TEMPERATURE (F)   84       100      1919
                                             1912
 MINIMUM TEMPERATURE (F)   60        42      1924


SUNRISE AND SUNSET
SEPTEMBER 10 2014.....SUNRISE   624 AM CDT   SUNSET   701 PM CDT
SEPTEMBER 11 2014.....SUNRISE   625 AM CDT   SUNSET   659 PM CDT


-  INDICATES NEGATIVE NUMBERS.
R  INDICATES RECORD WAS SET OR TIED.
MM INDICATES DATA IS MISSING.
T  INDICATES TRACE AMOUNT.




$$
