000
CDUS43 KLMK 010632
CLIBWG


CLIMATE REPORT
NATIONAL WEATHER SERVICE LOUISVILLE KY
132 AM EST WED FEB 1 2017


...................................

...THE BOWLING GREEN KY CLIMATE SUMMARY FOR JANUARY 31 2017...

CLIMATE NORMAL PERIOD 1981 TO 2010
CLIMATE RECORD PERIOD 1870 TO 2017


WEATHER ITEM   OBSERVED TIME   RECORD YEAR NORMAL DEPARTURE LAST
                VALUE   (LST)  VALUE       VALUE  FROM      YEAR
                                                  NORMAL
..................................................................
TEMPERATURE (F)
 YESTERDAY
  MAXIMUM         61    315 PM  72    2016  46     15       72
                                      2002
  MINIMUM         41   1156 PM  -8    1965  27     14       54
  AVERAGE         51                        37     14       63

PRECIPITATION (IN)
  YESTERDAY        0.00          1.81 1951   0.14  -0.14     0.02
  MONTH TO DATE    4.16                      3.61   0.55     1.81
  SINCE DEC 1      9.80                      8.41   1.39     7.04
  SINCE JAN 1      4.16                      3.61   0.55     1.81

SNOWFALL (IN)
  YESTERDAY        0.0           8.0  1899   0.1   -0.1      0.0
  MONTH TO DATE    0.7                       3.3   -2.6     14.8
  SINCE DEC 1      0.7                       4.5   -3.8     14.8
  SINCE JUL 1      0.7                       4.5   -3.8     14.8
  SNOW DEPTH       0

DEGREE DAYS
 HEATING
  YESTERDAY       14                        28    -14        2
  MONTH TO DATE  640                       910   -270      944
  SINCE DEC 1   1435                      1729   -294     1385
  SINCE JUL 1   1921                      2492   -571     1923

 COOLING
  YESTERDAY        0                         0      0        0
  MONTH TO DATE    0                         0      0        0
  SINCE DEC 1      0                         1     -1        2
  SINCE JAN 1      0                         0      0        0
..................................................................


WIND (MPH)
  HIGHEST WIND SPEED    16   HIGHEST WIND DIRECTION     W (280)
  HIGHEST GUST SPEED    22   HIGHEST GUST DIRECTION    SW (240)
  AVERAGE WIND SPEED     6.1


SKY COVER
  POSSIBLE SUNSHINE  MM
  AVERAGE SKY COVER 0.0


WEATHER CONDITIONS
 THE FOLLOWING WEATHER WAS RECORDED YESTERDAY.
  NO SIGNIFICANT WEATHER WAS OBSERVED.


RELATIVE HUMIDITY (PERCENT)
 HIGHEST    70           700 AM
 LOWEST     22           300 PM
 AVERAGE    46

..........................................................


THE BOWLING GREEN KY CLIMATE NORMALS FOR TODAY
                         NORMAL    RECORD    YEAR
 MAXIMUM TEMPERATURE (F)   47        74      1911
 MINIMUM TEMPERATURE (F)   27        -9      1951


SUNRISE AND SUNSET
FEBRUARY  1 2017......SUNRISE   648 AM CST   SUNSET   511 PM CST
FEBRUARY  2 2017......SUNRISE   647 AM CST   SUNSET   512 PM CST


-  INDICATES NEGATIVE NUMBERS.
R  INDICATES RECORD WAS SET OR TIED.
MM INDICATES DATA IS MISSING.
T  INDICATES TRACE AMOUNT.




$$
