000
CDUS43 KLMK 092028
CLIBWG

CLIMATE REPORT
NATIONAL WEATHER SERVICE LOUISVILLE KY
427 PM EDT SUN APR 9 2017


...................................

...THE BOWLING GREEN CLIMATE SUMMARY FOR APRIL 9 2017...
VALID TODAY AS OF 0400 PM LOCAL TIME.

CLIMATE NORMAL PERIOD 1981 TO 2010
CLIMATE RECORD PERIOD 1870 TO 2017


WEATHER ITEM   OBSERVED TIME   RECORD YEAR NORMAL DEPARTURE LAST
                VALUE   (LST)  VALUE       VALUE  FROM      YEAR
                                                  NORMAL
..................................................................
TEMPERATURE (F)
 TODAY
  MAXIMUM         78    200 PM  89    2011  68     10       51
                                      1978
  MINIMUM         41    612 AM  22    1914  44     -3       33
  AVERAGE         60                        56      4       42

PRECIPITATION (IN)
  TODAY            0.00          2.30 1942   0.14  -0.14     0.00
  MONTH TO DATE    0.89                      1.20  -0.31     0.09
  SINCE MAR 1      4.68                      5.61  -0.93     3.91
  SINCE JAN 1     11.26                     13.18  -1.92    10.49

SNOWFALL (IN)
  TODAY            0.0           0.0    MM   0.0    0.0      0.0
  MONTH TO DATE    0.0                       0.1   -0.1      0.0
  SINCE MAR 1      T                         1.2   -1.2       T
  SINCE JUL 1      0.7                       9.0   -8.3     24.0
  SNOW DEPTH       0

DEGREE DAYS
 HEATING
  TODAY            5                        10     -5       23
  MONTH TO DATE   72                       100    -28      128
  SINCE MAR 1    511                       620   -109      477
  SINCE JUL 1   2892                      3818   -926     3077

 COOLING
  TODAY            0                         1     -1        0
  MONTH TO DATE    6                         8     -2        0
  SINCE MAR 1     12                        13     -1        1
  SINCE JAN 1     16                        13      3        1
..................................................................


WIND (MPH)
  HIGHEST WIND SPEED    16   HIGHEST WIND DIRECTION     S (200)
  HIGHEST GUST SPEED    23   HIGHEST GUST DIRECTION     S (200)
  AVERAGE WIND SPEED     6.8


SKY COVER
  POSSIBLE SUNSHINE  MM
  AVERAGE SKY COVER 0.0


WEATHER CONDITIONS
 THE FOLLOWING WEATHER WAS RECORDED TODAY.
  NO SIGNIFICANT WEATHER WAS OBSERVED.


RELATIVE HUMIDITY (PERCENT)
 HIGHEST    82           400 AM
 LOWEST     27           200 PM
 AVERAGE    55

..........................................................


THE BOWLING GREEN CLIMATE NORMALS FOR TOMORROW
                         NORMAL    RECORD    YEAR
 MAXIMUM TEMPERATURE (F)   68        90      1995
 MINIMUM TEMPERATURE (F)   44        24      1966
                                             1892


SUNRISE AND SUNSET
APRIL  9 2017.........SUNRISE   620 AM CDT   SUNSET   715 PM CDT
APRIL 10 2017.........SUNRISE   618 AM CDT   SUNSET   716 PM CDT


-  INDICATES NEGATIVE NUMBERS.
R  INDICATES RECORD WAS SET OR TIED.
MM INDICATES DATA IS MISSING.
T  INDICATES TRACE AMOUNT.




$$
