000
CDUS43 KLMK 280627
CLIBWG


CLIMATE REPORT
NATIONAL WEATHER SERVICE LOUISVILLE KY
226 AM EDT THU SEP 28 2017


...................................

...THE BOWLING GREEN KY CLIMATE SUMMARY FOR SEPTEMBER 27 2017...

CLIMATE NORMAL PERIOD 1981 TO 2010
CLIMATE RECORD PERIOD 1870 TO 2017


WEATHER ITEM   OBSERVED TIME   RECORD YEAR NORMAL DEPARTURE LAST
                VALUE   (LST)  VALUE       VALUE  FROM      YEAR
                                                  NORMAL
..................................................................
TEMPERATURE (F)
 YESTERDAY
  MAXIMUM         90    227 PM  95    1911  78     12       77
  MINIMUM         61    544 AM  35    1899  53      8       48
  AVERAGE         76                        66     10       63

PRECIPITATION (IN)
  YESTERDAY        0.00          2.20 1996   0.13  -0.13     0.00
  MONTH TO DATE    6.47                      3.53   2.94     1.33
  SINCE SEP 1      6.47                      3.53   2.94     1.33
  SINCE JAN 1     43.55                     37.09   6.46    39.25

SNOWFALL (IN)
  YESTERDAY        0.0           0.0    MM   0.0    0.0      0.0
  MONTH TO DATE    0.0                       0.0    0.0      0.0
  SINCE SEP 1      0.0                       0.0    0.0      0.0
  SINCE JUL 1      0.0                       0.0    0.0      0.0
  SNOW DEPTH       0

DEGREE DAYS
 HEATING
  YESTERDAY        0                         3     -3        2
  MONTH TO DATE   18                        23     -5        4
  SINCE SEP 1     18                        23     -5        4
  SINCE JUL 1     18                        24     -6        4

 COOLING
  YESTERDAY       11                         3      8        0
  MONTH TO DATE  164                       177    -13      303
  SINCE SEP 1    164                       177    -13      303
  SINCE JAN 1   1516                      1446     70     1862
..................................................................


WIND (MPH)
  HIGHEST WIND SPEED    10   HIGHEST WIND DIRECTION     W (290)
  HIGHEST GUST SPEED    16   HIGHEST GUST DIRECTION     N (340)
  AVERAGE WIND SPEED     3.0


SKY COVER
  POSSIBLE SUNSHINE  MM
  AVERAGE SKY COVER 0.0


WEATHER CONDITIONS
 THE FOLLOWING WEATHER WAS RECORDED YESTERDAY.
  FOG


RELATIVE HUMIDITY (PERCENT)
 HIGHEST   100           100 AM
 LOWEST     46          1100 AM
 AVERAGE    73

..........................................................


THE BOWLING GREEN KY CLIMATE NORMALS FOR TODAY
                         NORMAL    RECORD    YEAR
 MAXIMUM TEMPERATURE (F)   78        95      1939
                                             1911
 MINIMUM TEMPERATURE (F)   53        32      1889


SUNRISE AND SUNSET
SEPTEMBER 28 2017.....SUNRISE   639 AM CDT   SUNSET   633 PM CDT
SEPTEMBER 29 2017.....SUNRISE   640 AM CDT   SUNSET   632 PM CDT


-  INDICATES NEGATIVE NUMBERS.
R  INDICATES RECORD WAS SET OR TIED.
MM INDICATES DATA IS MISSING.
T  INDICATES TRACE AMOUNT.




$$
