000
CDUS43 KLMK 312221
CLIBWG


CLIMATE REPORT
NATIONAL WEATHER SERVICE LOUISVILLE KY
620 PM EDT MON MAR 31 2014


...................................

...THE BOWLING GREEN CLIMATE SUMMARY FOR MARCH 31 2014...
VALID TODAY AS OF 0500 PM LOCAL TIME.

CLIMATE NORMAL PERIOD 1981 TO 2010
CLIMATE RECORD PERIOD 1870 TO 2014


WEATHER ITEM   OBSERVED TIME   RECORD YEAR NORMAL DEPARTURE LAST
                VALUE   (LST)  VALUE       VALUE  FROM      YEAR
                                                  NORMAL
..................................................................
TEMPERATURE (F)
 TODAY
  MAXIMUM         72    339 PM  83    1929  65      7       61
                                      1963
                                      1978
  MINIMUM         28    546 AM  19    1923  41    -13       48
  AVERAGE         50                        53     -3       55

PRECIPITATION (IN)
  TODAY            0.00          1.90 1953   0.15  -0.15     0.01
  MONTH TO DATE    3.73                      4.41  -0.68     5.21
  SINCE MAR 1      3.73                      4.41  -0.68     5.21
  SINCE JAN 1     10.90                     11.98  -1.08    12.90

SNOWFALL (IN)
  TODAY            0.0           0.5  1987   0.0    0.0      0.0
  MONTH TO DATE    5.1                       1.1    4.0      2.5
  SINCE MAR 1      5.1                       1.1    4.0      2.5
  SINCE JUL 1     10.4                       8.9    1.5      3.8
  SNOW DEPTH       0

DEGREE DAYS
 HEATING
  TODAY           15                        12      3       10
  MONTH TO DATE  653                       520    133      677
  SINCE MAR 1    653                       520    133      677
  SINCE JUL 1   4262                      3718    544     3572

 COOLING
  TODAY            0                         0      0        0
  MONTH TO DATE    0                         5     -5        0
  SINCE MAR 1      0                         5     -5        0
  SINCE JAN 1      0                         5     -5        0
..................................................................


WIND (MPH)
  HIGHEST WIND SPEED    13   HIGHEST WIND DIRECTION     S (200)
  HIGHEST GUST SPEED    16   HIGHEST GUST DIRECTION     S (190)
  AVERAGE WIND SPEED     3.5


SKY COVER
  POSSIBLE SUNSHINE  MM
  AVERAGE SKY COVER 0.0


WEATHER CONDITIONS
 THE FOLLOWING WEATHER WAS RECORDED TODAY.
  NO SIGNIFICANT WEATHER WAS OBSERVED.


RELATIVE HUMIDITY (PERCENT)
 HIGHEST    92           300 AM
 LOWEST     15           100 PM
 AVERAGE    54

..........................................................


THE BOWLING GREEN CLIMATE NORMALS FOR TOMORROW
                         NORMAL    RECORD    YEAR
 MAXIMUM TEMPERATURE (F)   65        87      1905
                                             1940
 MINIMUM TEMPERATURE (F)   41        19      1923


SUNRISE AND SUNSET
MARCH 31 2014.........SUNRISE   633 AM CDT   SUNSET   707 PM CDT
APRIL  1 2014.........SUNRISE   632 AM CDT   SUNSET   708 PM CDT


-  INDICATES NEGATIVE NUMBERS.
R  INDICATES RECORD WAS SET OR TIED.
MM INDICATES DATA IS MISSING.
T  INDICATES TRACE AMOUNT.




$$
