000
CDUS43 KLMK 060637
CLIBWG


CLIMATE REPORT
NATIONAL WEATHER SERVICE LOUISVILLE KY
136 AM EST SAT DEC 6 2014


...................................

...THE BOWLING GREEN KY CLIMATE SUMMARY FOR DECEMBER 5 2014...

CLIMATE NORMAL PERIOD 1981 TO 2010
CLIMATE RECORD PERIOD 1870 TO 2014


WEATHER ITEM   OBSERVED TIME   RECORD YEAR NORMAL DEPARTURE LAST
                VALUE   (LST)  VALUE       VALUE  FROM      YEAR
                                                  NORMAL
..................................................................
TEMPERATURE (F)
 YESTERDAY
  MAXIMUM         64    358 PM  72    2001  51     13       68
  MINIMUM         46    403 AM   6    1871  32     14       35
  AVERAGE         55                        41     14       52

PRECIPITATION (IN)
  YESTERDAY        0.63          2.50 2011   0.16   0.47     1.48
  MONTH TO DATE    0.86                      0.80   0.06     1.48
  SINCE DEC 1      0.86                      0.80   0.06     1.48
  SINCE JAN 1     45.29                     45.89  -0.60    56.13

SNOWFALL (IN)
  YESTERDAY        0.0           1.8  1898   0.0    0.0      0.0
  MONTH TO DATE    0.0                       0.1   -0.1      0.0
  SINCE DEC 1      0.0                       0.1   -0.1      0.0
  SINCE JUL 1      0.3                       0.1    0.2      1.1
  SNOW DEPTH       0

DEGREE DAYS
 HEATING
  YESTERDAY       10                        24    -14       13
  MONTH TO DATE   98                       115    -17       60
  SINCE DEC 1     98                       115    -17       60
  SINCE JUL 1    995                       878    117      940

 COOLING
  YESTERDAY        0                         0      0        0
  MONTH TO DATE    0                         0      0        0
  SINCE DEC 1      0                         0      0        0
  SINCE JAN 1   1488                      1491     -3     1499
..................................................................


WIND (MPH)
  HIGHEST WIND SPEED    28   HIGHEST WIND DIRECTION     S (180)
  HIGHEST GUST SPEED    33   HIGHEST GUST DIRECTION     S (180)
  AVERAGE WIND SPEED     6.0


SKY COVER
  POSSIBLE SUNSHINE  MM
  AVERAGE SKY COVER 1.0


WEATHER CONDITIONS
 THE FOLLOWING WEATHER WAS RECORDED YESTERDAY.
  HEAVY RAIN
  RAIN
  LIGHT RAIN
  FOG


RELATIVE HUMIDITY (PERCENT)
 HIGHEST    93           400 AM
 LOWEST     84           500 PM
 AVERAGE    89

..........................................................


THE BOWLING GREEN KY CLIMATE NORMALS FOR TODAY
                         NORMAL    RECORD    YEAR
 MAXIMUM TEMPERATURE (F)   51        75      1998
 MINIMUM TEMPERATURE (F)   31         6      1886


SUNRISE AND SUNSET
DECEMBER  6 2014......SUNRISE   645 AM CST   SUNSET   429 PM CST
DECEMBER  7 2014......SUNRISE   646 AM CST   SUNSET   429 PM CST


-  INDICATES NEGATIVE NUMBERS.
R  INDICATES RECORD WAS SET OR TIED.
MM INDICATES DATA IS MISSING.
T  INDICATES TRACE AMOUNT.




$$
