000
CDUS43 KLMK 102036
CLIBWG


CLIMATE REPORT
NATIONAL WEATHER SERVICE LOUISVILLE KY
436 PM EDT FRI OCT 10 2014


...................................

...THE BOWLING GREEN CLIMATE SUMMARY FOR OCTOBER 10 2014...
VALID TODAY AS OF 0400 PM LOCAL TIME.

CLIMATE NORMAL PERIOD 1981 TO 2010
CLIMATE RECORD PERIOD 1870 TO 2014


WEATHER ITEM   OBSERVED TIME   RECORD YEAR NORMAL DEPARTURE LAST
                VALUE   (LST)  VALUE       VALUE  FROM      YEAR
                                                  NORMAL
..................................................................
TEMPERATURE (F)
 TODAY
  MAXIMUM         74   1248 PM  91    1928  73      1       79
  MINIMUM         66    656 AM  28    1915  48     18       51
  AVERAGE         70                        61      9       65

PRECIPITATION (IN)
  TODAY            0.21          3.45 1914   0.11   0.10     0.00
  MONTH TO DATE    1.88                      1.11   0.77     2.07
  SINCE SEP 1      2.25                      5.04  -2.79     7.16
  SINCE JAN 1     38.41                     38.60  -0.19    49.86

SNOWFALL (IN)
  TODAY            0.0           0.0    MM   0.0    0.0      0.0
  MONTH TO DATE    0.0                       0.0    0.0      0.0
  SINCE SEP 1      0.0                       0.0    0.0      0.0
  SINCE JUL 1      0.0                       0.0    0.0      0.0
  SNOW DEPTH       0

DEGREE DAYS
 HEATING
  TODAY            0                         6     -6        0
  MONTH TO DATE   29                        48    -19       21
  SINCE SEP 1     53                        83    -30       33
  SINCE JUL 1     53                        84    -31       33

 COOLING
  TODAY            5                         1      4        0
  MONTH TO DATE   23                        19      4       40
  SINCE SEP 1    202                       205     -3      232
  SINCE JAN 1   1479                      1474      5     1492
..................................................................


WIND (MPH)
  HIGHEST WIND SPEED     9   HIGHEST WIND DIRECTION     S (180)
  HIGHEST GUST SPEED    12   HIGHEST GUST DIRECTION     W (290)
  AVERAGE WIND SPEED     0.9


SKY COVER
  POSSIBLE SUNSHINE  MM
  AVERAGE SKY COVER 0.8


WEATHER CONDITIONS
 THE FOLLOWING WEATHER WAS RECORDED TODAY.
  RAIN
  LIGHT RAIN
  FOG


RELATIVE HUMIDITY (PERCENT)
 HIGHEST    93          1200 AM
 LOWEST     73           100 PM
 AVERAGE    83

..........................................................


THE BOWLING GREEN CLIMATE NORMALS FOR TOMORROW
                         NORMAL    RECORD    YEAR
 MAXIMUM TEMPERATURE (F)   73        90      1963
 MINIMUM TEMPERATURE (F)   48        28      1906


SUNRISE AND SUNSET
OCTOBER 10 2014.......SUNRISE   649 AM CDT   SUNSET   616 PM CDT
OCTOBER 11 2014.......SUNRISE   650 AM CDT   SUNSET   615 PM CDT


-  INDICATES NEGATIVE NUMBERS.
R  INDICATES RECORD WAS SET OR TIED.
MM INDICATES DATA IS MISSING.
T  INDICATES TRACE AMOUNT.




$$
