000
CDUS43 KLMK 010627
CLIBWG


CLIMATE REPORT
NATIONAL WEATHER SERVICE LOUISVILLE KY
227 AM EDT TUE APR 1 2014


...................................

...THE BOWLING GREEN KY CLIMATE SUMMARY FOR MARCH 31 2014...

CLIMATE NORMAL PERIOD 1981 TO 2010
CLIMATE RECORD PERIOD 1870 TO 2014


WEATHER ITEM   OBSERVED TIME   RECORD YEAR NORMAL DEPARTURE LAST
                VALUE   (LST)  VALUE       VALUE  FROM      YEAR
                                                  NORMAL
..................................................................
TEMPERATURE (F)
 YESTERDAY
  MAXIMUM         72    339 PM  83    1929  65      7       61
                                      1963
                                      1978
  MINIMUM         28    546 AM  19    1923  41    -13       48
  AVERAGE         50                        53     -3       55

PRECIPITATION (IN)
  YESTERDAY        T             1.90 1953   0.15  -0.15     0.01
  MONTH TO DATE    3.73                      4.41  -0.68     5.21
  SINCE MAR 1      3.73                      4.41  -0.68     5.21
  SINCE JAN 1     10.90                     11.98  -1.08    12.90

SNOWFALL (IN)
  YESTERDAY        0.0           0.5  1987   0.0    0.0      0.0
  MONTH TO DATE    5.1                       1.1    4.0      2.5
  SINCE MAR 1      5.1                       1.1    4.0      2.5
  SINCE JUL 1     10.4                       8.9    1.5      3.8
  SNOW DEPTH       0

DEGREE DAYS
 HEATING
  YESTERDAY       15                        12      3       10
  MONTH TO DATE  653                       520    133      677
  SINCE MAR 1    653                       520    133      677
  SINCE JUL 1   4262                      3718    544     3572

 COOLING
  YESTERDAY        0                         0      0        0
  MONTH TO DATE    0                         5     -5        0
  SINCE MAR 1      0                         5     -5        0
  SINCE JAN 1      0                         5     -5        0
..................................................................


WIND (MPH)
  HIGHEST WIND SPEED    17   HIGHEST WIND DIRECTION     S (160)
  HIGHEST GUST SPEED    23   HIGHEST GUST DIRECTION     S (180)
  AVERAGE WIND SPEED     5.1


SKY COVER
  POSSIBLE SUNSHINE  MM
  AVERAGE SKY COVER 0.0


WEATHER CONDITIONS
 THE FOLLOWING WEATHER WAS RECORDED YESTERDAY.
  LIGHT RAIN
  FOG


RELATIVE HUMIDITY (PERCENT)
 HIGHEST    92           300 AM
 LOWEST     15           100 PM
 AVERAGE    54

..........................................................


THE BOWLING GREEN KY CLIMATE NORMALS FOR TODAY
                         NORMAL    RECORD    YEAR
 MAXIMUM TEMPERATURE (F)   65        87      1905
                                             1940
 MINIMUM TEMPERATURE (F)   41        19      1923


SUNRISE AND SUNSET
APRIL  1 2014.........SUNRISE   632 AM CDT   SUNSET   708 PM CDT
APRIL  2 2014.........SUNRISE   630 AM CDT   SUNSET   709 PM CDT


-  INDICATES NEGATIVE NUMBERS.
R  INDICATES RECORD WAS SET OR TIED.
MM INDICATES DATA IS MISSING.
T  INDICATES TRACE AMOUNT.




$$
