000
CDUS43 KLMK 172032
CLIBWG

CLIMATE REPORT
NATIONAL WEATHER SERVICE LOUISVILLE KY
426 PM EDT TUE MAR 17 2015


...................................

...THE BOWLING GREEN CLIMATE SUMMARY FOR MARCH 17 2015...
VALID TODAY AS OF 0400 PM LOCAL TIME.

CLIMATE NORMAL PERIOD 1981 TO 2010
CLIMATE RECORD PERIOD 1870 TO 2015


WEATHER ITEM   OBSERVED TIME   RECORD YEAR NORMAL DEPARTURE LAST
                VALUE   (LST)  VALUE       VALUE  FROM      YEAR
                                                  NORMAL
..................................................................
TEMPERATURE (F)
 TODAY
  MAXIMUM         71    136 PM  86    1894  60     11       45
  MINIMUM         54    910 AM  16    1900  37     17       29
  AVERAGE         63                        49     14       37

PRECIPITATION (IN)
  TODAY            0.00          2.00 1919   0.15  -0.15     0.00
  MONTH TO DATE    5.76                      2.34   3.42     2.93
  SINCE MAR 1      5.76                      2.34   3.42     2.93
  SINCE JAN 1     11.64                      9.91   1.73    10.10

SNOWFALL (IN)
  TODAY            0.0           1.0  1958   0.0    0.0      0.0
  MONTH TO DATE    7.2                       0.6    6.6      4.8
  SINCE MAR 1      7.2                       0.6    6.6      4.8
  SINCE JUL 1     23.5                       8.4   15.1     10.1
  SNOW DEPTH       0

DEGREE DAYS
 HEATING
  TODAY            2                        16    -14       28
  MONTH TO DATE  322                       321      1      400
  SINCE MAR 1    322                       321      1      400
  SINCE JUL 1   3857                      3519    338     4009

 COOLING
  TODAY            0                         0      0        0
  MONTH TO DATE    0                         0      0        0
  SINCE MAR 1      0                         0      0        0
  SINCE JAN 1      0                         0      0        0
..................................................................


WIND (MPH)
  HIGHEST WIND SPEED    12   HIGHEST WIND DIRECTION     N (350)
  HIGHEST GUST SPEED    22   HIGHEST GUST DIRECTION     N (350)
  AVERAGE WIND SPEED     7.6


SKY COVER
  POSSIBLE SUNSHINE  MM
  AVERAGE SKY COVER 0.2


WEATHER CONDITIONS
 THE FOLLOWING WEATHER WAS RECORDED TODAY.
  NO SIGNIFICANT WEATHER WAS OBSERVED.


RELATIVE HUMIDITY (PERCENT)
 HIGHEST    86           700 AM
 LOWEST     37           100 PM
 AVERAGE    62

..........................................................


THE BOWLING GREEN CLIMATE NORMALS FOR TOMORROW
                         NORMAL    RECORD    YEAR
 MAXIMUM TEMPERATURE (F)   61        87      1908
 MINIMUM TEMPERATURE (F)   38        14      1902


SUNRISE AND SUNSET
MARCH 17 2015.........SUNRISE   654 AM CDT   SUNSET   655 PM CDT
MARCH 18 2015.........SUNRISE   653 AM CDT   SUNSET   656 PM CDT


-  INDICATES NEGATIVE NUMBERS.
R  INDICATES RECORD WAS SET OR TIED.
MM INDICATES DATA IS MISSING.
T  INDICATES TRACE AMOUNT.




$$
