000
CDUS43 KLMK 162130
CLIBWG


CLIMATE REPORT
NATIONAL WEATHER SERVICE LOUISVILLE KY
429 PM EST WED NOV 16 2016


...................................

...THE BOWLING GREEN CLIMATE SUMMARY FOR NOVEMBER 16 2016...
VALID TODAY AS OF 0400 PM LOCAL TIME.

CLIMATE NORMAL PERIOD 1981 TO 2010
CLIMATE RECORD PERIOD 1870 TO 2016


WEATHER ITEM   OBSERVED TIME   RECORD YEAR NORMAL DEPARTURE LAST
                VALUE   (LST)  VALUE       VALUE  FROM      YEAR
                                                  NORMAL
..................................................................
TEMPERATURE (F)
 TODAY
  MAXIMUM         73    300 PM  79    1931  59     14       56
  MINIMUM         37    600 AM  10    1883  37      0       38
  AVERAGE         55                        48      7       47

PRECIPITATION (IN)
  TODAY            0.00          2.31 2011   0.14  -0.14     0.12
  MONTH TO DATE    0.02                      2.09  -2.07     1.15
  SINCE SEP 1      2.15                      9.40  -7.25     9.90
  SINCE JAN 1     40.07                     42.96  -2.89    44.94

SNOWFALL (IN)
  TODAY            0.0           T    1989   0.0    0.0      0.0
  MONTH TO DATE    0.0                       0.0    0.0      0.0
  SINCE SEP 1      0.0                       T      0.0      0.0
  SINCE JUL 1      0.0                       T      0.0      0.0
  SNOW DEPTH       0

DEGREE DAYS
 HEATING
  TODAY           10                        17     -7       18
  MONTH TO DATE  164                       226    -62      155
  SINCE SEP 1    250                       488   -238      341
  SINCE JUL 1    250                       489   -239      341

 COOLING
  TODAY            0                         0      0        0
  MONTH TO DATE   15                         0     15        9
  SINCE SEP 1    420                       219    201      290
  SINCE JAN 1   1979                      1488    491     1671
..................................................................


WIND (MPH)
  HIGHEST WIND SPEED     9   HIGHEST WIND DIRECTION     W (270)
  HIGHEST GUST SPEED     8   HIGHEST GUST DIRECTION    SW (220)
  AVERAGE WIND SPEED     2.3


SKY COVER
  POSSIBLE SUNSHINE  MM
  AVERAGE SKY COVER 0.0


WEATHER CONDITIONS
 THE FOLLOWING WEATHER WAS RECORDED TODAY.
  FOG


RELATIVE HUMIDITY (PERCENT)
 HIGHEST   100          1200 AM
 LOWEST     29           200 PM
 AVERAGE    65

..........................................................


THE BOWLING GREEN CLIMATE NORMALS FOR TOMORROW
                         NORMAL    RECORD    YEAR
 MAXIMUM TEMPERATURE (F)   59        80      1958
 MINIMUM TEMPERATURE (F)   37        11      1901


SUNRISE AND SUNSET
NOVEMBER 16 2016......SUNRISE   626 AM CST   SUNSET   435 PM CST
NOVEMBER 17 2016......SUNRISE   627 AM CST   SUNSET   434 PM CST


-  INDICATES NEGATIVE NUMBERS.
R  INDICATES RECORD WAS SET OR TIED.
MM INDICATES DATA IS MISSING.
T  INDICATES TRACE AMOUNT.




$$
