000
CDUS43 KLMK 110627
CLIBWG


CLIMATE REPORT
NATIONAL WEATHER SERVICE LOUISVILLE KY
226 AM EDT MON APR 11 2016


...................................

...THE BOWLING GREEN KY CLIMATE SUMMARY FOR APRIL 10 2016...

CLIMATE NORMAL PERIOD 1981 TO 2010
CLIMATE RECORD PERIOD 1870 TO 2016


WEATHER ITEM   OBSERVED TIME   RECORD YEAR NORMAL DEPARTURE LAST
                VALUE   (LST)  VALUE       VALUE  FROM      YEAR
                                                  NORMAL
..................................................................
TEMPERATURE (F)
 YESTERDAY
  MAXIMUM         68    506 PM  90    1995  68      0       75
  MINIMUM         34    438 AM  24    1966  44    -10       49
                                      1892
  AVERAGE         51                        56     -5       62

PRECIPITATION (IN)
  YESTERDAY        T             1.45 1925   0.14  -0.14     0.66
  MONTH TO DATE    0.09                      1.34  -1.25     3.51
  SINCE MAR 1      3.91                      5.75  -1.84     9.78
  SINCE JAN 1     10.49                     13.32  -2.83    15.66

SNOWFALL (IN)
  YESTERDAY        0.0           0.0    MM   0.0    0.0      0.0
  MONTH TO DATE    0.0                       0.1   -0.1      0.0
  SINCE MAR 1      T                         1.2   -1.2      7.2
  SINCE JUL 1     24.0                       9.0   15.0     23.5
  SNOW DEPTH       0

DEGREE DAYS
 HEATING
  YESTERDAY       14                        10      4        3
  MONTH TO DATE  142                       110     32       55
  SINCE MAR 1    491                       630   -139      595
  SINCE JUL 1   3091                      3828   -737     4130

 COOLING
  YESTERDAY        0                         1     -1        0
  MONTH TO DATE    0                         9     -9       26
  SINCE MAR 1      1                        14    -13       26
  SINCE JAN 1      1                        14    -13       26
..................................................................


WIND (MPH)
  HIGHEST WIND SPEED    23   HIGHEST WIND DIRECTION     S (180)
  HIGHEST GUST SPEED    33   HIGHEST GUST DIRECTION     S (180)
  AVERAGE WIND SPEED    11.2


SKY COVER
  POSSIBLE SUNSHINE  MM
  AVERAGE SKY COVER 0.5


WEATHER CONDITIONS
 THE FOLLOWING WEATHER WAS RECORDED YESTERDAY.
  LIGHT RAIN


RELATIVE HUMIDITY (PERCENT)
 HIGHEST    75          1200 AM
 LOWEST     37           500 PM
 AVERAGE    56

..........................................................


THE BOWLING GREEN KY CLIMATE NORMALS FOR TODAY
                         NORMAL    RECORD    YEAR
 MAXIMUM TEMPERATURE (F)   69        92      1930
 MINIMUM TEMPERATURE (F)   44        24      1989
                                             1973


SUNRISE AND SUNSET
APRIL 11 2016.........SUNRISE   616 AM CDT   SUNSET   717 PM CDT
APRIL 12 2016.........SUNRISE   615 AM CDT   SUNSET   718 PM CDT


-  INDICATES NEGATIVE NUMBERS.
R  INDICATES RECORD WAS SET OR TIED.
MM INDICATES DATA IS MISSING.
T  INDICATES TRACE AMOUNT.




$$
