000
CDUS43 KLMK 140626
CLIBWG


CLIMATE REPORT
NATIONAL WEATHER SERVICE LOUISVILLE KY
226 AM EDT SUN MAY 14 2017


...................................

...THE BOWLING GREEN KY CLIMATE SUMMARY FOR MAY 13 2017...

CLIMATE NORMAL PERIOD 1981 TO 2010
CLIMATE RECORD PERIOD 1870 TO 2017


WEATHER ITEM   OBSERVED TIME   RECORD YEAR NORMAL DEPARTURE LAST
                VALUE   (LST)  VALUE       VALUE  FROM      YEAR
                                                  NORMAL
..................................................................
TEMPERATURE (F)
 YESTERDAY
  MAXIMUM         76    326 PM  96    1916  77     -1       74
  MINIMUM         53    533 AM  35    1895  54     -1       56
  AVERAGE         65                        66     -1       65

PRECIPITATION (IN)
  YESTERDAY        0.00          2.40 1922   0.19  -0.19     0.00
  MONTH TO DATE    1.75                      2.42  -0.67     2.30
  SINCE MAR 1     10.12                     11.17  -1.05     7.65
  SINCE JAN 1     16.70                     18.74  -2.04    14.23

SNOWFALL (IN)
  YESTERDAY        0.0           0.0    MM   0.0    0.0      0.0
  MONTH TO DATE    0.0                       0.0    0.0      0.0
  SINCE MAR 1      T                         1.3   -1.3       T
  SINCE JUL 1      0.7                       9.1   -8.4     24.0
  SNOW DEPTH       0

DEGREE DAYS
 HEATING
  YESTERDAY        0                         3     -3        0
  MONTH TO DATE   56                        46     10       32
  SINCE MAR 1    604                       817   -213      569
  SINCE JUL 1   2985                      4015  -1030     3169

 COOLING
  YESTERDAY        0                         3     -3        0
  MONTH TO DATE   26                        31     -5       48
  SINCE MAR 1    116                        67     49       92
  SINCE JAN 1    120                        67     53       92
..................................................................


WIND (MPH)
  HIGHEST WIND SPEED    18   HIGHEST WIND DIRECTION    NE (40)
  HIGHEST GUST SPEED    24   HIGHEST GUST DIRECTION    NE (30)
  AVERAGE WIND SPEED     4.8


SKY COVER
  POSSIBLE SUNSHINE  MM
  AVERAGE SKY COVER 0.1


WEATHER CONDITIONS
 THE FOLLOWING WEATHER WAS RECORDED YESTERDAY.
  FOG
  FOG W/VISIBILITY <= 1/4 MILE


RELATIVE HUMIDITY (PERCENT)
 HIGHEST   100           200 AM
 LOWEST     41           100 PM
 AVERAGE    71

..........................................................


THE BOWLING GREEN KY CLIMATE NORMALS FOR TODAY
                         NORMAL    RECORD    YEAR
 MAXIMUM TEMPERATURE (F)   77        96      1916
 MINIMUM TEMPERATURE (F)   54        37      1910


SUNRISE AND SUNSET
MAY 14 2017...........SUNRISE   538 AM CDT   SUNSET   746 PM CDT
MAY 15 2017...........SUNRISE   538 AM CDT   SUNSET   747 PM CDT


-  INDICATES NEGATIVE NUMBERS.
R  INDICATES RECORD WAS SET OR TIED.
MM INDICATES DATA IS MISSING.
T  INDICATES TRACE AMOUNT.




$$
