000
CDUS43 KLMK 162131
CLIBWG


CLIMATE REPORT
NATIONAL WEATHER SERVICE LOUISVILLE KY
429 PM EST FRI JAN 16 2015


...................................

...THE BOWLING GREEN CLIMATE SUMMARY FOR JANUARY 16 2015...
VALID TODAY AS OF 0400 PM LOCAL TIME.

CLIMATE NORMAL PERIOD 1981 TO 2010
CLIMATE RECORD PERIOD 1870 TO 2015


WEATHER ITEM   OBSERVED TIME   RECORD YEAR NORMAL DEPARTURE LAST
                VALUE   (LST)  VALUE       VALUE  FROM      YEAR
                                                  NORMAL
..................................................................
TEMPERATURE (F)
 TODAY
  MAXIMUM         49    315 PM  73    1928  45      4       44
  MINIMUM         22    648 AM  -9    1982  26     -4       18
  AVERAGE         36                        35      1       31

PRECIPITATION (IN)
  TODAY            0.00          1.67 1895   0.11  -0.11     0.03
  MONTH TO DATE    1.20                      1.83  -0.63     1.66
  SINCE DEC 1      2.89                      6.63  -3.74     6.67
  SINCE JAN 1      1.20                      1.83  -0.63     1.66

SNOWFALL (IN)
  TODAY            0.0           6.0  1948   0.1   -0.1      0.0
  MONTH TO DATE    0.6                       1.5   -0.9      0.9
  SINCE DEC 1      0.6                       2.7   -2.1      1.0
  SINCE JUL 1      0.9                       2.7   -1.8      2.1
  SNOW DEPTH       0

DEGREE DAYS
 HEATING
  TODAY           29                        30     -1       34
  MONTH TO DATE  543                       475     68      520
  SINCE DEC 1   1259                      1296    -37     1327
  SINCE JUL 1   2156                      2059     97     2207

 COOLING
  TODAY            0                         0      0        0
  MONTH TO DATE    0                         0      0        0
  SINCE DEC 1      0                         1     -1        2
  SINCE JAN 1      0                         0      0        0
..................................................................


WIND (MPH)
  HIGHEST WIND SPEED     8   HIGHEST WIND DIRECTION    SW (230)
  HIGHEST GUST SPEED    11   HIGHEST GUST DIRECTION     W (270)
  AVERAGE WIND SPEED     2.4


SKY COVER
  POSSIBLE SUNSHINE  MM
  AVERAGE SKY COVER 0.0


WEATHER CONDITIONS
 THE FOLLOWING WEATHER WAS RECORDED TODAY.
  FOG
  HAZE


RELATIVE HUMIDITY (PERCENT)
 HIGHEST    92           100 AM
 LOWEST     46           300 PM
 AVERAGE    69

..........................................................


THE BOWLING GREEN CLIMATE NORMALS FOR TOMORROW
                         NORMAL    RECORD    YEAR
 MAXIMUM TEMPERATURE (F)   45        72      1894
 MINIMUM TEMPERATURE (F)   26       -15      1982


SUNRISE AND SUNSET
JANUARY 16 2015.......SUNRISE   658 AM CST   SUNSET   454 PM CST
JANUARY 17 2015.......SUNRISE   657 AM CST   SUNSET   455 PM CST


-  INDICATES NEGATIVE NUMBERS.
R  INDICATES RECORD WAS SET OR TIED.
MM INDICATES DATA IS MISSING.
T  INDICATES TRACE AMOUNT.




$$
