000
CDUS43 KLMK 250627
CLIBWG


CLIMATE REPORT
NATIONAL WEATHER SERVICE LOUISVILLE KY
127 AM EST SUN DEC 25 2016


...................................

...THE BOWLING GREEN KY CLIMATE SUMMARY FOR DECEMBER 24 2016...

CLIMATE NORMAL PERIOD 1981 TO 2010
CLIMATE RECORD PERIOD 1870 TO 2016


WEATHER ITEM   OBSERVED TIME   RECORD YEAR NORMAL DEPARTURE LAST
                VALUE   (LST)  VALUE       VALUE  FROM      YEAR
                                                  NORMAL
..................................................................
TEMPERATURE (F)
 YESTERDAY
  MAXIMUM         54    826 AM  73    1964  46      8       71
  MINIMUM         50   1159 PM  -6    1989  28     22       46
  AVERAGE         52                        37     15       59

PRECIPITATION (IN)
  YESTERDAY        0.31          2.02 1988   0.15   0.16     0.00
  MONTH TO DATE    3.29                      3.84  -0.55     2.81
  SINCE DEC 1      3.29                      3.84  -0.55     2.81
  SINCE JAN 1     45.25                     48.93  -3.68    52.06

SNOWFALL (IN)
  YESTERDAY        0.0           7.0  1912   0.0    0.0      0.0
  MONTH TO DATE    T                         0.7   -0.7       T
  SINCE DEC 1      T                         0.7   -0.7       T
  SINCE JUL 1      T                         0.7   -0.7       T
  SNOW DEPTH       0

DEGREE DAYS
 HEATING
  YESTERDAY       13                        28    -15        6
  MONTH TO DATE  674                       617     57      357
  SINCE DEC 1    674                       617     57      357
  SINCE JUL 1   1160                      1380   -220      895

 COOLING
  YESTERDAY        0                         0      0        0
  MONTH TO DATE    0                         0      0        2
  SINCE DEC 1      0                         0      0        2
  SINCE JAN 1   1979                      1491    488     1673
..................................................................


WIND (MPH)
  HIGHEST WIND SPEED    16   HIGHEST WIND DIRECTION     S (190)
  HIGHEST GUST SPEED    22   HIGHEST GUST DIRECTION     S (190)
  AVERAGE WIND SPEED     5.8


SKY COVER
  POSSIBLE SUNSHINE  MM
  AVERAGE SKY COVER 1.0


WEATHER CONDITIONS
 THE FOLLOWING WEATHER WAS RECORDED YESTERDAY.
  HEAVY RAIN
  RAIN
  LIGHT RAIN
  FOG


RELATIVE HUMIDITY (PERCENT)
 HIGHEST    93           400 AM
 LOWEST     83          1200 AM
 AVERAGE    88

..........................................................


THE BOWLING GREEN KY CLIMATE NORMALS FOR TODAY
                         NORMAL    RECORD    YEAR
 MAXIMUM TEMPERATURE (F)   46        70      1982
 MINIMUM TEMPERATURE (F)   28        -7      1983


SUNRISE AND SUNSET
DECEMBER 25 2016......SUNRISE   657 AM CST   SUNSET   435 PM CST
DECEMBER 26 2016......SUNRISE   657 AM CST   SUNSET   436 PM CST


-  INDICATES NEGATIVE NUMBERS.
R  INDICATES RECORD WAS SET OR TIED.
MM INDICATES DATA IS MISSING.
T  INDICATES TRACE AMOUNT.




$$
