000
CDUS43 KLMK 172031
CLIBWG


CLIMATE REPORT
NATIONAL WEATHER SERVICE LOUISVILLE KY
430 PM EDT WED JUN 17 2015


...................................

...THE BOWLING GREEN CLIMATE SUMMARY FOR JUNE 17 2015...
VALID TODAY AS OF 0400 PM LOCAL TIME.

CLIMATE NORMAL PERIOD 1981 TO 2010
CLIMATE RECORD PERIOD 1870 TO 2015


WEATHER ITEM   OBSERVED TIME   RECORD YEAR NORMAL DEPARTURE LAST
                VALUE   (LST)  VALUE       VALUE  FROM      YEAR
                                                  NORMAL
..................................................................
TEMPERATURE (F)
 TODAY
  MAXIMUM         93    200 PM 101    1936  87      6       92
                                      1918
  MINIMUM         73        MM  45    1917  65      8       67
  AVERAGE         83                        76      7       80

PRECIPITATION (IN)
  TODAY            0.00          1.43 1912   0.14  -0.14     0.00
  MONTH TO DATE    0.75                      2.46  -1.71     1.31
  SINCE JUN 1      0.75                      2.46  -1.71     1.31
  SINCE JAN 1     24.94                     24.39   0.55    21.89

SNOWFALL (IN)
  TODAY            0.0           0.0    MM   0.0    0.0      0.0
  MONTH TO DATE    0.0                       0.0    0.0      0.0
  SINCE JUN 1      0.0                       0.0    0.0      0.0
  SINCE JUL 1     23.5                       9.1   14.4     10.4
  SNOW DEPTH       0

DEGREE DAYS
 HEATING
  TODAY            0                         0      0        0
  MONTH TO DATE    3                         3      0        0
  SINCE JUN 1      3                         3      0        0
  SINCE JUL 1   4288                      4046    242     4533

 COOLING
  TODAY           18                        11      7       15
  MONTH TO DATE  193                       148     45      150
  SINCE JUN 1    193                       148     45      150
  SINCE JAN 1    396                       301     95      347
..................................................................


WIND (MPH)
  HIGHEST WIND SPEED    10   HIGHEST WIND DIRECTION     W (280)
  HIGHEST GUST SPEED    17   HIGHEST GUST DIRECTION     W (280)
  AVERAGE WIND SPEED     5.5


SKY COVER
  POSSIBLE SUNSHINE  MM
  AVERAGE SKY COVER 0.2


WEATHER CONDITIONS
 THE FOLLOWING WEATHER WAS RECORDED TODAY.
  NO SIGNIFICANT WEATHER WAS OBSERVED.


RELATIVE HUMIDITY (PERCENT)
 HIGHEST    93           500 AM
 LOWEST     46           200 PM
 AVERAGE    70

..........................................................


THE BOWLING GREEN CLIMATE NORMALS FOR TOMORROW
                         NORMAL    RECORD    YEAR
 MAXIMUM TEMPERATURE (F)   87       100      1931
 MINIMUM TEMPERATURE (F)   65        47      1903


SUNRISE AND SUNSET
JUNE 17 2015..........SUNRISE   526 AM CDT   SUNSET   807 PM CDT
JUNE 18 2015..........SUNRISE   526 AM CDT   SUNSET   808 PM CDT


-  INDICATES NEGATIVE NUMBERS.
R  INDICATES RECORD WAS SET OR TIED.
MM INDICATES DATA IS MISSING.
T  INDICATES TRACE AMOUNT.




$$
