000
CDUS43 KLMK 112034
CLIBWG


CLIMATE REPORT
NATIONAL WEATHER SERVICE LOUISVILLE KY
432 PM EDT MON JUL 11 2016


...................................

...THE BOWLING GREEN CLIMATE SUMMARY FOR JULY 11 2016...
VALID TODAY AS OF 0400 PM LOCAL TIME.

CLIMATE NORMAL PERIOD 1981 TO 2010
CLIMATE RECORD PERIOD 1870 TO 2016


WEATHER ITEM   OBSERVED TIME   RECORD YEAR NORMAL DEPARTURE LAST
                VALUE   (LST)  VALUE       VALUE  FROM      YEAR
                                                  NORMAL
..................................................................
TEMPERATURE (F)
 TODAY
  MAXIMUM         87    222 PM 108    1901  89     -2       92
  MINIMUM         68    506 AM  49    1963  68      0       72
  AVERAGE         78                        79     -1       82

PRECIPITATION (IN)
  TODAY            T             1.75 1941   0.14  -0.14     0.25
  MONTH TO DATE    5.44                      1.58   3.86     4.92
  SINCE JUN 1      7.91                      5.78   2.13     8.03
  SINCE JAN 1     27.08                     27.71  -0.63    32.22

SNOWFALL (IN)
  TODAY            0.0           0.0    MM   0.0    0.0      0.0
  MONTH TO DATE    0.0                       0.0    0.0      0.0
  SINCE JUN 1      0.0                       0.0    0.0      0.0
  SINCE JUL 1      0.0                       0.0    0.0      0.0
  SNOW DEPTH       0

DEGREE DAYS
 HEATING
  TODAY            0                         0      0        0
  MONTH TO DATE    0                         0      0        0
  SINCE JUN 1      0                         5     -5        3
  SINCE JUL 1      0                         0      0        0

 COOLING
  TODAY           13                        14     -1       17
  MONTH TO DATE  162                       149     13      158
  SINCE JUN 1    555                       454    101      537
  SINCE JAN 1    721                       607    114      740
..................................................................


WIND (MPH)
  HIGHEST WIND SPEED    12   HIGHEST WIND DIRECTION    SW (210)
  HIGHEST GUST SPEED    15   HIGHEST GUST DIRECTION    SW (210)
  AVERAGE WIND SPEED     2.4


SKY COVER
  POSSIBLE SUNSHINE  MM
  AVERAGE SKY COVER  MM


WEATHER CONDITIONS
 THE FOLLOWING WEATHER WAS RECORDED TODAY.
  NO SIGNIFICANT WEATHER WAS OBSERVED.


RELATIVE HUMIDITY (PERCENT)
 HIGHEST     0          1200 AM
 LOWEST      0          1200 AM
 AVERAGE     0

..........................................................


THE BOWLING GREEN CLIMATE NORMALS FOR TOMORROW
                         NORMAL    RECORD    YEAR
 MAXIMUM TEMPERATURE (F)   89       105      1930
 MINIMUM TEMPERATURE (F)   68        52      1945


SUNRISE AND SUNSET
JULY 11 2016..........SUNRISE   536 AM CDT   SUNSET   807 PM CDT
JULY 12 2016..........SUNRISE   536 AM CDT   SUNSET   806 PM CDT


-  INDICATES NEGATIVE NUMBERS.
R  INDICATES RECORD WAS SET OR TIED.
MM INDICATES DATA IS MISSING.
T  INDICATES TRACE AMOUNT.




$$
