000
CDUS43 KLMK 160629
CLIBWG


CLIMATE REPORT
NATIONAL WEATHER SERVICE LOUISVILLE KY
228 AM EDT WED JUL 16 2014


...................................

...THE BOWLING GREEN KY CLIMATE SUMMARY FOR JULY 15 2014...

CLIMATE NORMAL PERIOD 1981 TO 2010
CLIMATE RECORD PERIOD 1870 TO 2014


WEATHER ITEM   OBSERVED TIME   RECORD YEAR NORMAL DEPARTURE LAST
                VALUE   (LST)  VALUE       VALUE  FROM      YEAR
                                                  NORMAL
..................................................................
TEMPERATURE (F)
 YESTERDAY
  MAXIMUM         79    145 PM 105    1980  90    -11       89
  MINIMUM         59   1159 PM  50    1926  68     -9       73
  AVERAGE         69                        79    -10       81

PRECIPITATION (IN)
  YESTERDAY        0.00          2.50 1917   0.14  -0.14     0.00
  MONTH TO DATE    2.28                      2.15   0.13     7.36
  SINCE JUN 1      4.00                      6.35  -2.35     9.73
  SINCE JAN 1     24.58                     28.28  -3.70    34.26

SNOWFALL (IN)
  YESTERDAY        0.0           0.0    MM   0.0    0.0      0.0
  MONTH TO DATE    0.0                       0.0    0.0      0.0
  SINCE JUN 1      0.0                       0.0    0.0      0.0
  SINCE JUL 1      0.0                       0.0    0.0      0.0
  SNOW DEPTH       0

DEGREE DAYS
 HEATING
  YESTERDAY        0                         0      0        0
  MONTH TO DATE    0                         0      0        0
  SINCE JUN 1      0                         5     -5        0
  SINCE JUL 1      0                         0      0        0

 COOLING
  YESTERDAY        4                        14    -10       16
  MONTH TO DATE  174                       205    -31      168
  SINCE JUN 1    523                       510     13      502
  SINCE JAN 1    720                       663     57      715
..................................................................


WIND (MPH)
  HIGHEST WIND SPEED    16   HIGHEST WIND DIRECTION     W (280)
  HIGHEST GUST SPEED    24   HIGHEST GUST DIRECTION     W (280)
  AVERAGE WIND SPEED     5.9


SKY COVER
  POSSIBLE SUNSHINE  MM
  AVERAGE SKY COVER 0.3


WEATHER CONDITIONS
 THE FOLLOWING WEATHER WAS RECORDED YESTERDAY.
  NO SIGNIFICANT WEATHER WAS OBSERVED.


RELATIVE HUMIDITY (PERCENT)
 HIGHEST    93          1200 AM
 LOWEST     35           200 PM
 AVERAGE    64

..........................................................


THE BOWLING GREEN KY CLIMATE NORMALS FOR TODAY
                         NORMAL    RECORD    YEAR
 MAXIMUM TEMPERATURE (F)   90       107      1980
 MINIMUM TEMPERATURE (F)   68        51      1886


SUNRISE AND SUNSET
JULY 16 2014..........SUNRISE   539 AM CDT   SUNSET   805 PM CDT
JULY 17 2014..........SUNRISE   539 AM CDT   SUNSET   804 PM CDT


-  INDICATES NEGATIVE NUMBERS.
R  INDICATES RECORD WAS SET OR TIED.
MM INDICATES DATA IS MISSING.
T  INDICATES TRACE AMOUNT.

$$

SCHOETTMER
