000
CDUS43 KLMK 200629
CLIBWG


CLIMATE REPORT
NATIONAL WEATHER SERVICE LOUISVILLE KY
128 AM EST MON FEB 20 2017


...................................

...THE BOWLING GREEN KY CLIMATE SUMMARY FOR FEBRUARY 19 2017...

CLIMATE NORMAL PERIOD 1981 TO 2010
CLIMATE RECORD PERIOD 1870 TO 2017


WEATHER ITEM   OBSERVED TIME   RECORD YEAR NORMAL DEPARTURE LAST
                VALUE   (LST)  VALUE       VALUE  FROM      YEAR
                                                  NORMAL
..................................................................
TEMPERATURE (F)
 YESTERDAY
  MAXIMUM         66    435 PM  73    1994  51     15       71
                                      1939
                                      1913
  MINIMUM         42   1059 PM  -7    2015  31     11       51
  AVERAGE         54                        41     13       61

PRECIPITATION (IN)
  YESTERDAY        0.00          1.85 1996   0.14  -0.14     0.00
  MONTH TO DATE    2.10                      2.71  -0.61     3.32
  SINCE DEC 1     11.90                     11.12   0.78    10.36
  SINCE JAN 1      6.26                      6.32  -0.06     5.13

SNOWFALL (IN)
  YESTERDAY        0.0           2.0  1963   0.1   -0.1      0.0
                                      1921
                                      1905
  MONTH TO DATE    0.0                       2.6   -2.6      9.2
  SINCE DEC 1      0.7                       7.1   -6.4     24.0
  SINCE JUL 1      0.7                       7.1   -6.4     24.0
  SNOW DEPTH       0

DEGREE DAYS
 HEATING
  YESTERDAY       11                        24    -13        4
  MONTH TO DATE  380                       500   -120      523
  SINCE DEC 1   1815                      2229   -414     1908
  SINCE JUL 1   2301                      2992   -691     2446

 COOLING
  YESTERDAY        0                         0      0        0
  MONTH TO DATE    0                         0      0        0
  SINCE DEC 1      0                         1     -1        2
  SINCE JAN 1      0                         0      0        0
..................................................................


WIND (MPH)
  HIGHEST WIND SPEED     8   HIGHEST WIND DIRECTION     S (200)
  HIGHEST GUST SPEED    13   HIGHEST GUST DIRECTION    SW (225)
  AVERAGE WIND SPEED     1.8


SKY COVER
  POSSIBLE SUNSHINE  MM
  AVERAGE SKY COVER 0.6


WEATHER CONDITIONS
 THE FOLLOWING WEATHER WAS RECORDED YESTERDAY.
  FOG
  FOG W/VISIBILITY <= 1/4 MILE
  HAZE


RELATIVE HUMIDITY (PERCENT)
 HIGHEST   100           400 AM
 LOWEST     58           400 PM
 AVERAGE    79

..........................................................


THE BOWLING GREEN KY CLIMATE NORMALS FOR TODAY
                         NORMAL    RECORD    YEAR
 MAXIMUM TEMPERATURE (F)   51        75      2014
                                             1997
 MINIMUM TEMPERATURE (F)   31        -4      2015


SUNRISE AND SUNSET
FEBRUARY 20 2017......SUNRISE   628 AM CST   SUNSET   531 PM CST
FEBRUARY 21 2017......SUNRISE   627 AM CST   SUNSET   532 PM CST


-  INDICATES NEGATIVE NUMBERS.
R  INDICATES RECORD WAS SET OR TIED.
MM INDICATES DATA IS MISSING.
T  INDICATES TRACE AMOUNT.




$$
