000
CDUS43 KLMK 290645
CLIBWG


CLIMATE REPORT
NATIONAL WEATHER SERVICE LOUISVILLE KY
245 AM EDT SAT APR 29 2017


...................................

...THE BOWLING GREEN KY CLIMATE SUMMARY FOR APRIL 28 2017...

CLIMATE NORMAL PERIOD 1981 TO 2010
CLIMATE RECORD PERIOD 1870 TO 2017


WEATHER ITEM   OBSERVED TIME   RECORD YEAR NORMAL DEPARTURE LAST
                VALUE   (LST)  VALUE       VALUE  FROM      YEAR
                                                  NORMAL
..................................................................
TEMPERATURE (F)
 YESTERDAY
  MAXIMUM         81    130 PM  91    1906  73      8       81
  MINIMUM         49    358 AM  33    1934  50     -1       57
  AVERAGE         65                        61      4       69

PRECIPITATION (IN)
  YESTERDAY        T             2.50 2014   0.15  -0.15     0.02
  MONTH TO DATE    4.41                      4.02   0.39     1.24
  SINCE MAR 1      8.20                      8.43  -0.23     5.06
  SINCE JAN 1     14.78                     16.00  -1.22    11.64

SNOWFALL (IN)
  YESTERDAY       MM             0.0    MM   0.0   MM        0.0
  MONTH TO DATE    0.0                       0.2   -0.2      0.0
  SINCE MAR 1      T                         1.3   -1.3       T
  SINCE JUL 1      0.7                       9.1   -8.4     24.0
  SNOW DEPTH       0

DEGREE DAYS
 HEATING
  YESTERDAY        0                         5     -5        0
  MONTH TO DATE  109                       241   -132      187
  SINCE MAR 1    548                       761   -213      536
  SINCE JUL 1   2929                      3959  -1030     3136

 COOLING
  YESTERDAY        0                         1     -1        4
  MONTH TO DATE   57                        27     30       41
  SINCE MAR 1     63                        32     31       42
  SINCE JAN 1     67                        32     35       42
..................................................................


WIND (MPH)
  HIGHEST WIND SPEED    23   HIGHEST WIND DIRECTION     S (190)
  HIGHEST GUST SPEED    29   HIGHEST GUST DIRECTION     S (180)
  AVERAGE WIND SPEED     8.6


SKY COVER
  POSSIBLE SUNSHINE  MM
  AVERAGE SKY COVER 0.4


WEATHER CONDITIONS
 THE FOLLOWING WEATHER WAS RECORDED YESTERDAY.
  FOG


RELATIVE HUMIDITY (PERCENT)
 HIGHEST   100          1200 AM
 LOWEST     62          1200 PM
 AVERAGE    81

..........................................................


THE BOWLING GREEN KY CLIMATE NORMALS FOR TODAY
                         NORMAL    RECORD    YEAR
 MAXIMUM TEMPERATURE (F)   73        91      1894
 MINIMUM TEMPERATURE (F)   50        31      1907


SUNRISE AND SUNSET
APRIL 29 2017.........SUNRISE   553 AM CDT   SUNSET   733 PM CDT
APRIL 30 2017.........SUNRISE   552 AM CDT   SUNSET   734 PM CDT


-  INDICATES NEGATIVE NUMBERS.
R  INDICATES RECORD WAS SET OR TIED.
MM INDICATES DATA IS MISSING.
T  INDICATES TRACE AMOUNT.




$$
