524
CDUS43 KLMK 232135
CLIBWG


CLIMATE REPORT
NATIONAL WEATHER SERVICE LOUISVILLE KY
435 PM EST WED NOV 23 2016


...................................

...THE BOWLING GREEN CLIMATE SUMMARY FOR NOVEMBER 23 2016...
VALID TODAY AS OF 0400 PM LOCAL TIME.

CLIMATE NORMAL PERIOD 1981 TO 2010
CLIMATE RECORD PERIOD 1870 TO 2016


WEATHER ITEM   OBSERVED TIME   RECORD YEAR NORMAL DEPARTURE LAST
                VALUE   (LST)  VALUE       VALUE  FROM      YEAR
                                                  NORMAL
..................................................................
TEMPERATURE (F)
 TODAY
  MAXIMUM         68   1157 AM  78    1931  56     12       53
  MINIMUM         45    541 AM  10    1880  35     10       22
  AVERAGE         57                        46     11       38

PRECIPITATION (IN)
  TODAY            0.05          1.78 1979   0.15  -0.10     0.00
  MONTH TO DATE    0.28                      3.13  -2.85     3.03
  SINCE SEP 1      2.41                     10.44  -8.03    11.78
  SINCE JAN 1     40.33                     44.00  -3.67    46.82

SNOWFALL (IN)
  TODAY            0.0           2.1  1950   0.0    0.0      0.0
  MONTH TO DATE    0.0                       0.0    0.0      0.0
  SINCE SEP 1      0.0                       T      0.0      0.0
  SINCE JUL 1      0.0                       T      0.0      0.0
  SNOW DEPTH       0

DEGREE DAYS
 HEATING
  TODAY            8                        19    -11       27
  MONTH TO DATE  277                       353    -76      275
  SINCE SEP 1    363                       615   -252      461
  SINCE JUL 1    363                       616   -253      461

 COOLING
  TODAY            0                         0      0        0
  MONTH TO DATE   15                         0     15        9
  SINCE SEP 1    420                       219    201      290
  SINCE JAN 1   1979                      1488    491     1671
..................................................................


WIND (MPH)
  HIGHEST WIND SPEED    26   HIGHEST WIND DIRECTION     S (190)
  HIGHEST GUST SPEED    35   HIGHEST GUST DIRECTION     S (190)
  AVERAGE WIND SPEED     7.8


SKY COVER
  POSSIBLE SUNSHINE  MM
  AVERAGE SKY COVER  MM


WEATHER CONDITIONS
 THE FOLLOWING WEATHER WAS RECORDED TODAY.
  NO SIGNIFICANT WEATHER WAS OBSERVED.


RELATIVE HUMIDITY (PERCENT)
 HIGHEST    MM
 LOWEST     MM
 AVERAGE    MM

..........................................................


THE BOWLING GREEN CLIMATE NORMALS FOR TOMORROW
                         NORMAL    RECORD    YEAR
 MAXIMUM TEMPERATURE (F)   56        75      1931
 MINIMUM TEMPERATURE (F)   35         2      1950


SUNRISE AND SUNSET
NOVEMBER 23 2016......SUNRISE   633 AM CST   SUNSET   431 PM CST
NOVEMBER 24 2016......SUNRISE   634 AM CST   SUNSET   431 PM CST


-  INDICATES NEGATIVE NUMBERS.
R  INDICATES RECORD WAS SET OR TIED.
MM INDICATES DATA IS MISSING.
T  INDICATES TRACE AMOUNT.




$$
