000
CDUS43 KLMK 150627
CLIBWG


CLIMATE REPORT
NATIONAL WEATHER SERVICE LOUISVILLE KY
126 AM EST SUN FEB 15 2015


...................................

...THE BOWLING GREEN KY CLIMATE SUMMARY FOR FEBRUARY 14 2015...

CLIMATE NORMAL PERIOD 1981 TO 2010
CLIMATE RECORD PERIOD 1870 TO 2015


WEATHER ITEM   OBSERVED TIME   RECORD YEAR NORMAL DEPARTURE LAST
                VALUE   (LST)  VALUE       VALUE  FROM      YEAR
                                                  NORMAL
..................................................................
TEMPERATURE (F)
 YESTERDAY
  MAXIMUM         41   1209 PM  76    1921  50     -9       48
  MINIMUM         14   1159 PM  -6    1899  29    -15       25
  AVERAGE         28                        40    -12       37

PRECIPITATION (IN)
  YESTERDAY        T             2.93 1989   0.14  -0.14     0.36
  MONTH TO DATE    1.00                      2.02  -1.02     4.54
  SINCE DEC 1      4.57                     10.43  -5.86    11.30
  SINCE JAN 1      2.88                      5.63  -2.75     6.29

SNOWFALL (IN)
  YESTERDAY        T             6.4  1986   0.1   -0.1      0.0
  MONTH TO DATE    T                         2.0   -2.0      2.0
  SINCE DEC 1      3.4                       6.5   -3.1      4.2
  SINCE JUL 1      3.7                       6.5   -2.8      5.3
  SNOW DEPTH       0

DEGREE DAYS
 HEATING
  YESTERDAY       37                        26     11       28
  MONTH TO DATE  398                       377     21      468
  SINCE DEC 1   2046                      2106    -60     2371
  SINCE JUL 1   2943                      2869     74     3251

 COOLING
  YESTERDAY        0                         0      0        0
  MONTH TO DATE    0                         0      0        0
  SINCE DEC 1      0                         1     -1        2
  SINCE JAN 1      0                         0      0        0
..................................................................


WIND (MPH)
  HIGHEST WIND SPEED    23   HIGHEST WIND DIRECTION     W (290)
  HIGHEST GUST SPEED    32   HIGHEST GUST DIRECTION     W (280)
  AVERAGE WIND SPEED    10.4


SKY COVER
  POSSIBLE SUNSHINE  MM
  AVERAGE SKY COVER 0.6


WEATHER CONDITIONS
 THE FOLLOWING WEATHER WAS RECORDED YESTERDAY.
  NO SIGNIFICANT WEATHER WAS OBSERVED.


RELATIVE HUMIDITY (PERCENT)
 HIGHEST    70           300 PM
 LOWEST     34           600 PM
 AVERAGE    52

..........................................................


THE BOWLING GREEN KY CLIMATE NORMALS FOR TODAY
                         NORMAL    RECORD    YEAR
 MAXIMUM TEMPERATURE (F)   50        77      1945
 MINIMUM TEMPERATURE (F)   30         2      1905


SUNRISE AND SUNSET
FEBRUARY 15 2015......SUNRISE   635 AM CST   SUNSET   526 PM CST
FEBRUARY 16 2015......SUNRISE   633 AM CST   SUNSET   527 PM CST


-  INDICATES NEGATIVE NUMBERS.
R  INDICATES RECORD WAS SET OR TIED.
MM INDICATES DATA IS MISSING.
T  INDICATES TRACE AMOUNT.




$$
