000
CDUS43 KLMK 212134
CLIBWG


CLIMATE REPORT
NATIONAL WEATHER SERVICE LOUISVILLE KY
433 PM EST WED JAN 21 2015


...................................

...THE BOWLING GREEN CLIMATE SUMMARY FOR JANUARY 21 2015...
VALID TODAY AS OF 0400 PM LOCAL TIME.

CLIMATE NORMAL PERIOD 1981 TO 2010
CLIMATE RECORD PERIOD 1870 TO 2015


WEATHER ITEM   OBSERVED TIME   RECORD YEAR NORMAL DEPARTURE LAST
                VALUE   (LST)  VALUE       VALUE  FROM      YEAR
                                                  NORMAL
..................................................................
TEMPERATURE (F)
 TODAY
  MAXIMUM         57    245 PM  71    1999  45     12       41
                                      1916
  MINIMUM         30    637 AM -12    1985  26      4       12
  AVERAGE         44                        36      8       27

PRECIPITATION (IN)
  TODAY            0.00          2.96 1959   0.11  -0.11     0.07
  MONTH TO DATE    1.27                      2.40  -1.13     1.73
  SINCE DEC 1      2.96                      7.20  -4.24     6.74
  SINCE JAN 1      1.27                      2.40  -1.13     1.73

SNOWFALL (IN)
  TODAY            0.0           2.0  1979   0.1   -0.1      0.5
                                      1961
  MONTH TO DATE    0.6                       2.0   -1.4      1.5
  SINCE DEC 1      0.6                       3.2   -2.6      1.6
  SINCE JUL 1      0.9                       3.2   -2.3      2.7
  SNOW DEPTH       0

DEGREE DAYS
 HEATING
  TODAY           21                        29     -8       38
  MONTH TO DATE  652                       622     30      677
  SINCE DEC 1   1368                      1443    -75     1484
  SINCE JUL 1   2265                      2206     59     2364

 COOLING
  TODAY            0                         0      0        0
  MONTH TO DATE    0                         0      0        0
  SINCE DEC 1      0                         1     -1        2
  SINCE JAN 1      0                         0      0        0
..................................................................


WIND (MPH)
  HIGHEST WIND SPEED    18   HIGHEST WIND DIRECTION     W (250)
  HIGHEST GUST SPEED    23   HIGHEST GUST DIRECTION     W (250)
  AVERAGE WIND SPEED     5.8


SKY COVER
  POSSIBLE SUNSHINE  MM
  AVERAGE SKY COVER 0.1


WEATHER CONDITIONS
 THE FOLLOWING WEATHER WAS RECORDED TODAY.
  FOG


RELATIVE HUMIDITY (PERCENT)
 HIGHEST    96           800 AM
 LOWEST     30           300 PM
 AVERAGE    63

..........................................................


THE BOWLING GREEN CLIMATE NORMALS FOR TOMORROW
                         NORMAL    RECORD    YEAR
 MAXIMUM TEMPERATURE (F)   45        71      1999
 MINIMUM TEMPERATURE (F)   26        -7      1984


SUNRISE AND SUNSET
JANUARY 21 2015.......SUNRISE   656 AM CST   SUNSET   459 PM CST
JANUARY 22 2015.......SUNRISE   655 AM CST   SUNSET   500 PM CST


-  INDICATES NEGATIVE NUMBERS.
R  INDICATES RECORD WAS SET OR TIED.
MM INDICATES DATA IS MISSING.
T  INDICATES TRACE AMOUNT.




$$
