672
CDUS43 KLMK 122134
CLIBWG


CLIMATE REPORT
NATIONAL WEATHER SERVICE LOUISVILLE KY
434 PM EST MON FEB 12 2018


...................................

...THE BOWLING GREEN CLIMATE SUMMARY FOR FEBRUARY 12 2018...
VALID TODAY AS OF 0400 PM LOCAL TIME.

CLIMATE NORMAL PERIOD 1981 TO 2010
CLIMATE RECORD PERIOD 1870 TO 2018


WEATHER ITEM   OBSERVED TIME   RECORD YEAR NORMAL DEPARTURE LAST
                VALUE   (LST)  VALUE       VALUE  FROM      YEAR
                                                  NORMAL
..................................................................
TEMPERATURE (F)
 TODAY
  MAXIMUM         42    259 PM  76    1938  49     -7       67
  MINIMUM         29    751 AM  -9    1899  29      0       42
  AVERAGE         36                        39     -3       55

PRECIPITATION (IN)
  TODAY            0.01          1.20 1910   0.14  -0.13      T
  MONTH TO DATE    3.12                      1.74   1.38     1.68
  SINCE DEC 1      8.89                     10.15  -1.26    11.48
  SINCE JAN 1      5.40                      5.35   0.05     5.84

SNOWFALL (IN)
  TODAY            0.0          13.0  1910   0.2   -0.2      0.0
  MONTH TO DATE    0.2                       1.8   -1.6      0.0
  SINCE DEC 1      8.4                       6.3    2.1      0.7
  SINCE JUL 1      8.4                       6.3    2.1      0.7
  SNOW DEPTH       0

DEGREE DAYS
 HEATING
  TODAY           29                        26      3       10
  MONTH TO DATE  342                       325     17      244
  SINCE DEC 1   2166                      2054    112     1679
  SINCE JUL 1   2867                      2817     50     2165

 COOLING
  TODAY            0                         0      0        0
  MONTH TO DATE    0                         0      0        0
  SINCE DEC 1      0                         1     -1        0
  SINCE JAN 1      0                         0      0        0
..................................................................


WIND (MPH)
  HIGHEST WIND SPEED    16   HIGHEST WIND DIRECTION     E (70)
  HIGHEST GUST SPEED    24   HIGHEST GUST DIRECTION    NE (40)
  AVERAGE WIND SPEED     9.6


SKY COVER
  POSSIBLE SUNSHINE  MM
  AVERAGE SKY COVER 0.8


WEATHER CONDITIONS
 THE FOLLOWING WEATHER WAS RECORDED TODAY.
  LT FREEZING RAIN
  FOG


RELATIVE HUMIDITY (PERCENT)
 HIGHEST    92           100 AM
 LOWEST     57           300 PM
 AVERAGE    75

..........................................................


THE BOWLING GREEN CLIMATE NORMALS FOR TOMORROW
                         NORMAL    RECORD    YEAR
 MAXIMUM TEMPERATURE (F)   49        82      1962
 MINIMUM TEMPERATURE (F)   29       -17      1899


SUNRISE AND SUNSET
FEBRUARY 12 2018......SUNRISE   638 AM CST   SUNSET   523 PM CST
FEBRUARY 13 2018......SUNRISE   636 AM CST   SUNSET   524 PM CST


-  INDICATES NEGATIVE NUMBERS.
R  INDICATES RECORD WAS SET OR TIED.
MM INDICATES DATA IS MISSING.
T  INDICATES TRACE AMOUNT.




$$
