000
CDUS43 KLMK 112034
CLIBWG


CLIMATE REPORT
NATIONAL WEATHER SERVICE LOUISVILLE KY
433 PM EDT THU SEP 11 2014


...................................

...THE BOWLING GREEN CLIMATE SUMMARY FOR SEPTEMBER 11 2014...
VALID TODAY AS OF 0400 PM LOCAL TIME.

CLIMATE NORMAL PERIOD 1981 TO 2010
CLIMATE RECORD PERIOD 1870 TO 2014


WEATHER ITEM   OBSERVED TIME   RECORD YEAR NORMAL DEPARTURE LAST
                VALUE   (LST)  VALUE       VALUE  FROM      YEAR
                                                  NORMAL
..................................................................
TEMPERATURE (F)
 TODAY
  MAXIMUM         81    114 PM  98    1915  84     -3       88
                                      1912
                                      1904
  MINIMUM         75    159 PM  42    1969  60     15       68
                                      1917
  AVERAGE         78                        72      6       78

PRECIPITATION (IN)
  TODAY            0.01          2.90 1938   0.15  -0.14     1.86
  MONTH TO DATE    0.14                      1.43  -1.29     2.70
  SINCE SEP 1      0.14                      1.43  -1.29     2.70
  SINCE JAN 1     36.30                     34.99   1.31    45.40

SNOWFALL (IN)
  TODAY            0.0           0.0    MM   0.0    0.0      0.0
  MONTH TO DATE    0.0                       0.0    0.0      0.0
  SINCE SEP 1      0.0                       0.0    0.0      0.0
  SINCE JUL 1      0.0                       0.0    0.0      0.0
  SNOW DEPTH       0

DEGREE DAYS
 HEATING
  TODAY            0                         0      0        0
  MONTH TO DATE    0                         0      0        0
  SINCE SEP 1      0                         0      0        0
  SINCE JUL 1      0                         1     -1        0

 COOLING
  TODAY           13                         7      6       13
  MONTH TO DATE  131                        97     34      124
  SINCE SEP 1    131                        97     34      124
  SINCE JAN 1   1408                      1366     42     1384
..................................................................


WIND (MPH)
  HIGHEST WIND SPEED    13   HIGHEST WIND DIRECTION    NW (300)
  HIGHEST GUST SPEED    18   HIGHEST GUST DIRECTION    SW (220)
  AVERAGE WIND SPEED     7.5


SKY COVER
  POSSIBLE SUNSHINE  MM
  AVERAGE SKY COVER 0.7


WEATHER CONDITIONS
 THE FOLLOWING WEATHER WAS RECORDED TODAY.
  LIGHT RAIN


RELATIVE HUMIDITY (PERCENT)
 HIGHEST    87           800 AM
 LOWEST     74          1200 AM
 AVERAGE    81

..........................................................


THE BOWLING GREEN CLIMATE NORMALS FOR TOMORROW
                         NORMAL    RECORD    YEAR
 MAXIMUM TEMPERATURE (F)   84        98      1939
 MINIMUM TEMPERATURE (F)   60        42      1940


SUNRISE AND SUNSET
SEPTEMBER 11 2014.....SUNRISE   625 AM CDT   SUNSET   659 PM CDT
SEPTEMBER 12 2014.....SUNRISE   625 AM CDT   SUNSET   658 PM CDT


-  INDICATES NEGATIVE NUMBERS.
R  INDICATES RECORD WAS SET OR TIED.
MM INDICATES DATA IS MISSING.
T  INDICATES TRACE AMOUNT.




$$
