312
CDUS43 KLMK 260631
CLIBWG


CLIMATE REPORT
NATIONAL WEATHER SERVICE LOUISVILLE KY
130 AM EST TUE JAN 26 2016


...................................

...THE BOWLING GREEN KY CLIMATE SUMMARY FOR JANUARY 25 2016...

CLIMATE NORMAL PERIOD 1981 TO 2010
CLIMATE RECORD PERIOD 1870 TO 2016


WEATHER ITEM   OBSERVED TIME   RECORD YEAR NORMAL DEPARTURE LAST
                VALUE   (LST)  VALUE       VALUE  FROM      YEAR
                                                  NORMAL
..................................................................
TEMPERATURE (F)
 YESTERDAY
  MAXIMUM         50    552 PM  76    1950  46      4       49
  MINIMUM         15    352 AM -14    1963  26    -11       34
  AVERAGE         33                        36     -3       42

PRECIPITATION (IN)
  YESTERDAY        T             2.40 1902   0.11  -0.11     0.17
  MONTH TO DATE    1.61                      2.86  -1.25     1.77
  SINCE DEC 1      6.84                      7.66  -0.82     3.46
  SINCE JAN 1      1.61                      2.86  -1.25     1.77

SNOWFALL (IN)
  YESTERDAY        0.0           4.0  1978   0.1   -0.1      0.0
  MONTH TO DATE   14.8                       2.5   12.3      2.3
  SINCE DEC 1     14.8                       3.7   11.1      2.3
  SINCE JUL 1     14.8                       3.7   11.1      2.6
  SNOW DEPTH      10

DEGREE DAYS
 HEATING
  YESTERDAY       32                        29      3       23
  MONTH TO DATE  812                       738     74      764
  SINCE DEC 1   1253                      1559   -306     1480
  SINCE JUL 1   1791                      2322   -531     2377

 COOLING
  YESTERDAY        0                         0      0        0
  MONTH TO DATE    0                         0      0        0
  SINCE DEC 1      2                         1      1        0
  SINCE JAN 1      0                         0      0        0
..................................................................


WIND (MPH)
  HIGHEST WIND SPEED    16   HIGHEST WIND DIRECTION     S (180)
  HIGHEST GUST SPEED    20   HIGHEST GUST DIRECTION     S (190)
  AVERAGE WIND SPEED     7.0


SKY COVER
  POSSIBLE SUNSHINE  MM
  AVERAGE SKY COVER 0.5


WEATHER CONDITIONS
 THE FOLLOWING WEATHER WAS RECORDED YESTERDAY.
  LIGHT RAIN
  FOG
  FOG W/VISIBILITY <= 1/4 MILE
  HAZE


RELATIVE HUMIDITY (PERCENT)
 HIGHEST    92          1200 AM
 LOWEST     60           100 PM
 AVERAGE    76

..........................................................


THE BOWLING GREEN KY CLIMATE NORMALS FOR TODAY
                         NORMAL    RECORD    YEAR
 MAXIMUM TEMPERATURE (F)   46        71      1962
 MINIMUM TEMPERATURE (F)   27       -10      1948


SUNRISE AND SUNSET
JANUARY 26 2016.......SUNRISE   653 AM CST   SUNSET   504 PM CST
JANUARY 27 2016.......SUNRISE   652 AM CST   SUNSET   505 PM CST


-  INDICATES NEGATIVE NUMBERS.
R  INDICATES RECORD WAS SET OR TIED.
MM INDICATES DATA IS MISSING.
T  INDICATES TRACE AMOUNT.




$$
