000
CDUS43 KLMK 052133
CLIBWG


CLIMATE REPORT
NATIONAL WEATHER SERVICE LOUISVILLE KY
433 PM EST SUN FEB 5 2017


...................................

...THE BOWLING GREEN CLIMATE SUMMARY FOR FEBRUARY 5 2017...
VALID TODAY AS OF 0400 PM LOCAL TIME.

CLIMATE NORMAL PERIOD 1981 TO 2010
CLIMATE RECORD PERIOD 1870 TO 2017


WEATHER ITEM   OBSERVED TIME   RECORD YEAR NORMAL DEPARTURE LAST
                VALUE   (LST)  VALUE       VALUE  FROM      YEAR
                                                  NORMAL
..................................................................
TEMPERATURE (F)
 TODAY
  MAXIMUM         58    300 PM  75    1927  47     11       47
  MINIMUM         44    712 AM  -3    1917  28     16       21
  AVERAGE         51                        38     13       34

PRECIPITATION (IN)
  TODAY            0.00          2.24 1955   0.14  -0.14     0.00
  MONTH TO DATE    0.00                      0.73  -0.73     1.77
  SINCE DEC 1      9.80                      9.14   0.66     8.81
  SINCE JAN 1      4.16                      4.34  -0.18     3.58

SNOWFALL (IN)
  TODAY            0.0           4.0  1984   0.2   -0.2      0.0
  MONTH TO DATE    0.0                       0.8   -0.8      0.0
  SINCE DEC 1      0.7                       5.3   -4.6     14.8
  SINCE JUL 1      0.7                       5.3   -4.6     14.8
  SNOW DEPTH       0

DEGREE DAYS
 HEATING
  TODAY           14                        27    -13       31
  MONTH TO DATE  130                       139     -9       99
  SINCE DEC 1   1565                      1868   -303     1484
  SINCE JUL 1   2051                      2631   -580     2022

 COOLING
  TODAY            0                         0      0        0
  MONTH TO DATE    0                         0      0        0
  SINCE DEC 1      0                         1     -1        2
  SINCE JAN 1      0                         0      0        0
..................................................................


WIND (MPH)
  HIGHEST WIND SPEED    17   HIGHEST WIND DIRECTION    SW (220)
  HIGHEST GUST SPEED    25   HIGHEST GUST DIRECTION    SW (220)
  AVERAGE WIND SPEED    11.0


SKY COVER
  POSSIBLE SUNSHINE  MM
  AVERAGE SKY COVER 0.6


WEATHER CONDITIONS
 THE FOLLOWING WEATHER WAS RECORDED TODAY.
  NO SIGNIFICANT WEATHER WAS OBSERVED.


RELATIVE HUMIDITY (PERCENT)
 HIGHEST    70           800 AM
 LOWEST     37          1200 AM
 AVERAGE    54

..........................................................


THE BOWLING GREEN CLIMATE NORMALS FOR TOMORROW
                         NORMAL    RECORD    YEAR
 MAXIMUM TEMPERATURE (F)   48        69      2008
                                             1925
 MINIMUM TEMPERATURE (F)   28        -2      1886


SUNRISE AND SUNSET
FEBRUARY  5 2017......SUNRISE   644 AM CST   SUNSET   516 PM CST
FEBRUARY  6 2017......SUNRISE   643 AM CST   SUNSET   517 PM CST


-  INDICATES NEGATIVE NUMBERS.
R  INDICATES RECORD WAS SET OR TIED.
MM INDICATES DATA IS MISSING.
T  INDICATES TRACE AMOUNT.




$$
