045
CDUS43 KLMK 032036
CLIBWG


CLIMATE REPORT
NATIONAL WEATHER SERVICE LOUISVILLE KY
436 PM EDT TUE MAY 3 2016


...................................

...THE BOWLING GREEN CLIMATE SUMMARY FOR MAY 3 2016...
VALID TODAY AS OF 0400 PM LOCAL TIME.

CLIMATE NORMAL PERIOD 1981 TO 2010
CLIMATE RECORD PERIOD 1870 TO 2016


WEATHER ITEM   OBSERVED TIME   RECORD YEAR NORMAL DEPARTURE LAST
                VALUE   (LST)  VALUE       VALUE  FROM      YEAR
                                                  NORMAL
..................................................................
TEMPERATURE (F)
 TODAY
  MAXIMUM         64   1204 PM  95    1915  74    -10       79
  MINIMUM         53    452 AM  34    2005  51      2       46
  AVERAGE         59                        63     -4       63

PRECIPITATION (IN)
  TODAY            0.00          1.88 1979   0.18  -0.18     0.00
  MONTH TO DATE    0.41                      0.53  -0.12     0.00
  SINCE MAR 1      5.76                      9.28  -3.52    15.35
  SINCE JAN 1     12.34                     16.85  -4.51    21.23

SNOWFALL (IN)
  TODAY            0.0           0.0    MM   0.0    0.0      0.0
  MONTH TO DATE    0.0                       0.0    0.0      0.0
  SINCE MAR 1      T                         1.3   -1.3      7.2
  SINCE JUL 1     24.0                       9.1   14.9     23.5
  SNOW DEPTH       0

DEGREE DAYS
 HEATING
  TODAY            6                         4      2        2
  MONTH TO DATE    7                        13     -6       16
  SINCE MAR 1    544                       784   -240      728
  SINCE JUL 1   3144                      3982   -838     4263

 COOLING
  TODAY            0                         2     -2        0
  MONTH TO DATE    8                         6      2        0
  SINCE MAR 1     52                        42     10       35
  SINCE JAN 1     52                        42     10       35
..................................................................


WIND (MPH)
  HIGHEST WIND SPEED    13   HIGHEST WIND DIRECTION    NW (300)
  HIGHEST GUST SPEED    18   HIGHEST GUST DIRECTION     W (290)
  AVERAGE WIND SPEED     5.9


SKY COVER
  POSSIBLE SUNSHINE  MM
  AVERAGE SKY COVER 0.9


WEATHER CONDITIONS
 THE FOLLOWING WEATHER WAS RECORDED TODAY.
  NO SIGNIFICANT WEATHER WAS OBSERVED.


RELATIVE HUMIDITY (PERCENT)
 HIGHEST    89           500 AM
 LOWEST     52           200 PM
 AVERAGE    71

..........................................................


THE BOWLING GREEN CLIMATE NORMALS FOR TOMORROW
                         NORMAL    RECORD    YEAR
 MAXIMUM TEMPERATURE (F)   75        95      1901
 MINIMUM TEMPERATURE (F)   51        32      1976
                                             1954


SUNRISE AND SUNSET
MAY  3 2016...........SUNRISE   549 AM CDT   SUNSET   737 PM CDT
MAY  4 2016...........SUNRISE   548 AM CDT   SUNSET   738 PM CDT


-  INDICATES NEGATIVE NUMBERS.
R  INDICATES RECORD WAS SET OR TIED.
MM INDICATES DATA IS MISSING.
T  INDICATES TRACE AMOUNT.




$$
