000
CDUS43 KLMK 200645
CLIBWG


CLIMATE REPORT
NATIONAL WEATHER SERVICE LOUISVILLE KY
145 AM EST MON NOV 20 2017


...................................

...THE BOWLING GREEN KY CLIMATE SUMMARY FOR NOVEMBER 19 2017...

CLIMATE NORMAL PERIOD 1981 TO 2010
CLIMATE RECORD PERIOD 1870 TO 2017


WEATHER ITEM   OBSERVED TIME   RECORD YEAR NORMAL DEPARTURE LAST
                VALUE   (LST)  VALUE       VALUE  FROM      YEAR
                                                  NORMAL
..................................................................
TEMPERATURE (F)
 YESTERDAY
  MAXIMUM         45    311 PM  83    1930  58    -13       50
  MINIMUM         28   1159 PM  17    1951  37     -9       36
  AVERAGE         37                        47    -10       43

PRECIPITATION (IN)
  YESTERDAY        0.00          2.47 1988   0.15  -0.15     0.06
  MONTH TO DATE    1.91                      2.53  -0.62     0.23
  SINCE SEP 1     11.85                      9.84   2.01     2.36
  SINCE JAN 1     48.93                     43.40   5.53    40.28

SNOWFALL (IN)
  YESTERDAY        0.0           0.2  1968   0.0    0.0      0.0
  MONTH TO DATE    0.0                       0.0    0.0      0.0
  SINCE SEP 1      T                         T      0.0      0.0
  SINCE JUL 1      T                         T      0.0      0.0
  SNOW DEPTH       0

DEGREE DAYS
 HEATING
  YESTERDAY       28                        18     10       22
  MONTH TO DATE  261                       278    -17      191
  SINCE SEP 1    481                       540    -59      277
  SINCE JUL 1    481                       541    -60      277

 COOLING
  YESTERDAY        0                         0      0        0
  MONTH TO DATE   12                         0     12       15
  SINCE SEP 1    248                       219     29      420
  SINCE JAN 1   1600                      1488    112     1979
..................................................................


WIND (MPH)
  HIGHEST WIND SPEED    17   HIGHEST WIND DIRECTION     W (280)
  HIGHEST GUST SPEED    25   HIGHEST GUST DIRECTION     W (290)
  AVERAGE WIND SPEED     5.6


SKY COVER
  POSSIBLE SUNSHINE  MM
  AVERAGE SKY COVER 0.5


WEATHER CONDITIONS
 THE FOLLOWING WEATHER WAS RECORDED YESTERDAY.
  NO SIGNIFICANT WEATHER WAS OBSERVED.


RELATIVE HUMIDITY (PERCENT)
 HIGHEST    83          1200 AM
 LOWEST     39           400 PM
 AVERAGE    61

..........................................................


THE BOWLING GREEN KY CLIMATE NORMALS FOR TODAY
                         NORMAL    RECORD    YEAR
 MAXIMUM TEMPERATURE (F)   57        79      1906
 MINIMUM TEMPERATURE (F)   36         5      1914


SUNRISE AND SUNSET
NOVEMBER 20 2017......SUNRISE   630 AM CST   SUNSET   433 PM CST
NOVEMBER 21 2017......SUNRISE   631 AM CST   SUNSET   432 PM CST


-  INDICATES NEGATIVE NUMBERS.
R  INDICATES RECORD WAS SET OR TIED.
MM INDICATES DATA IS MISSING.
T  INDICATES TRACE AMOUNT.




$$
